--
-- Host: localhost    Database: awl
-- ------------------------------------------------------


--
-- Table structure for table `addresses`
--

CREATE TABLE `addresses` (
  `id` int NOT NULL,
  `ownerId` int DEFAULT NULL,
  `countryCode` varchar(255) NOT NULL,
  `administrativeArea` varchar(255) DEFAULT NULL,
  `locality` varchar(255) DEFAULT NULL,
  `dependentLocality` varchar(255) DEFAULT NULL,
  `postalCode` varchar(255) DEFAULT NULL,
  `sortingCode` varchar(255) DEFAULT NULL,
  `addressLine1` varchar(255) DEFAULT NULL,
  `addressLine2` varchar(255) DEFAULT NULL,
  `organization` varchar(255) DEFAULT NULL,
  `organizationTaxId` varchar(255) DEFAULT NULL,
  `fullName` varchar(255) DEFAULT NULL,
  `firstName` varchar(255) DEFAULT NULL,
  `lastName` varchar(255) DEFAULT NULL,
  `latitude` varchar(255) DEFAULT NULL,
  `longitude` varchar(255) DEFAULT NULL,
  `dateCreated` datetime NOT NULL,
  `dateUpdated` datetime NOT NULL,
  PRIMARY KEY (`id`),
  KEY `fk_eshldpyvpjnhasgajbwlvoklmtxlzrcsxgfg` (`ownerId`),
  CONSTRAINT `fk_eshldpyvpjnhasgajbwlvoklmtxlzrcsxgfg` FOREIGN KEY (`ownerId`) REFERENCES `elements` (`id`) ON DELETE CASCADE,
  CONSTRAINT `fk_fvzelohkowwndxxnppsratvgwmfbgicwpwsi` FOREIGN KEY (`id`) REFERENCES `elements` (`id`) ON DELETE CASCADE
) ENGINE=InnoDB DEFAULT CHARSET=utf8mb3;

--
-- Table structure for table `announcements`
--

CREATE TABLE `announcements` (
  `id` int NOT NULL AUTO_INCREMENT,
  `userId` int NOT NULL,
  `pluginId` int DEFAULT NULL,
  `heading` varchar(255) NOT NULL,
  `body` text NOT NULL,
  `unread` tinyint(1) NOT NULL DEFAULT '1',
  `dateRead` datetime DEFAULT NULL,
  `dateCreated` datetime NOT NULL,
  PRIMARY KEY (`id`),
  KEY `idx_soonnffcbjdatczjpolaqijkyfqxbuyxfvcj` (`userId`,`unread`,`dateRead`,`dateCreated`),
  KEY `idx_mltmbebihciyxpzdpciartytvvukyeicwdrh` (`dateRead`),
  KEY `fk_ziyovburpoqhkyndudwjcxoetfhqaagdnxtr` (`pluginId`),
  CONSTRAINT `fk_hzejvyvufeccnmqlqabwxfayjzvwehhngojx` FOREIGN KEY (`userId`) REFERENCES `users` (`id`) ON DELETE CASCADE,
  CONSTRAINT `fk_ziyovburpoqhkyndudwjcxoetfhqaagdnxtr` FOREIGN KEY (`pluginId`) REFERENCES `plugins` (`id`) ON DELETE CASCADE
) ENGINE=InnoDB DEFAULT CHARSET=utf8mb3;

--
-- Table structure for table `assetindexingsessions`
--

CREATE TABLE `assetindexingsessions` (
  `id` int NOT NULL AUTO_INCREMENT,
  `indexedVolumes` text,
  `totalEntries` int DEFAULT NULL,
  `processedEntries` int NOT NULL DEFAULT '0',
  `cacheRemoteImages` tinyint(1) DEFAULT NULL,
  `listEmptyFolders` tinyint(1) DEFAULT '0',
  `isCli` tinyint(1) DEFAULT '0',
  `actionRequired` tinyint(1) DEFAULT '0',
  `processIfRootEmpty` tinyint(1) DEFAULT '0',
  `dateCreated` datetime NOT NULL,
  `dateUpdated` datetime NOT NULL,
  `uid` char(36) NOT NULL DEFAULT '0',
  PRIMARY KEY (`id`)
) ENGINE=InnoDB AUTO_INCREMENT=8 DEFAULT CHARSET=utf8mb3;

--
-- Table structure for table `assets`
--

CREATE TABLE `assets` (
  `id` int NOT NULL,
  `volumeId` int DEFAULT NULL,
  `folderId` int NOT NULL,
  `uploaderId` int DEFAULT NULL,
  `filename` varchar(255) NOT NULL,
  `kind` varchar(50) NOT NULL DEFAULT 'unknown',
  `alt` text,
  `width` int unsigned DEFAULT NULL,
  `height` int unsigned DEFAULT NULL,
  `size` bigint unsigned DEFAULT NULL,
  `focalPoint` varchar(13) DEFAULT NULL,
  `deletedWithVolume` tinyint(1) DEFAULT NULL,
  `keptFile` tinyint(1) DEFAULT NULL,
  `dateModified` datetime DEFAULT NULL,
  `dateCreated` datetime NOT NULL,
  `dateUpdated` datetime NOT NULL,
  PRIMARY KEY (`id`),
  KEY `idx_bztdwbklbiftrtzbachnqpyrwwvcwannfvkw` (`filename`,`folderId`),
  KEY `idx_jemkavlztpsjlzmwygpmxlfpzmhhaswfrjyj` (`folderId`),
  KEY `idx_jtxujxqiyfmujzvszydqutdeivnnwhlmvubn` (`volumeId`),
  KEY `fk_pzansnanscoemreozpyrtglyujpfzgdasiav` (`uploaderId`),
  CONSTRAINT `fk_gulqtartbevivovrujzijddzaxmdqukynyha` FOREIGN KEY (`id`) REFERENCES `elements` (`id`) ON DELETE CASCADE,
  CONSTRAINT `fk_jpdoibnrxcudvhvsihazklwvskljhcvjmana` FOREIGN KEY (`folderId`) REFERENCES `volumefolders` (`id`) ON DELETE CASCADE,
  CONSTRAINT `fk_pzansnanscoemreozpyrtglyujpfzgdasiav` FOREIGN KEY (`uploaderId`) REFERENCES `users` (`id`) ON DELETE SET NULL,
  CONSTRAINT `fk_xkeouwrifrxejppwibmgponzzbexzhlflczy` FOREIGN KEY (`volumeId`) REFERENCES `volumes` (`id`) ON DELETE CASCADE
) ENGINE=InnoDB DEFAULT CHARSET=utf8mb3;

--
-- Table structure for table `categories`
--

CREATE TABLE `categories` (
  `id` int NOT NULL,
  `groupId` int NOT NULL,
  `parentId` int DEFAULT NULL,
  `deletedWithGroup` tinyint(1) DEFAULT NULL,
  `dateCreated` datetime NOT NULL,
  `dateUpdated` datetime NOT NULL,
  PRIMARY KEY (`id`),
  KEY `idx_kchjjobzbjtfwljcdbqunmrbbcerjcqiqejy` (`groupId`),
  KEY `fk_hkiwtflzqpbxohwqxgrljfgsdwexxaduqopz` (`parentId`),
  CONSTRAINT `fk_hkiwtflzqpbxohwqxgrljfgsdwexxaduqopz` FOREIGN KEY (`parentId`) REFERENCES `categories` (`id`) ON DELETE SET NULL,
  CONSTRAINT `fk_iuyetxvddxretrahkvgymboumtnpkgefsagp` FOREIGN KEY (`groupId`) REFERENCES `categorygroups` (`id`) ON DELETE CASCADE,
  CONSTRAINT `fk_lyuavvsjvvxgzcurohorundzuxcybuvsatjm` FOREIGN KEY (`id`) REFERENCES `elements` (`id`) ON DELETE CASCADE
) ENGINE=InnoDB DEFAULT CHARSET=utf8mb3;

--
-- Table structure for table `categorygroups`
--

CREATE TABLE `categorygroups` (
  `id` int NOT NULL AUTO_INCREMENT,
  `structureId` int NOT NULL,
  `fieldLayoutId` int DEFAULT NULL,
  `name` varchar(255) NOT NULL,
  `handle` varchar(255) NOT NULL,
  `defaultPlacement` enum('beginning','end') NOT NULL DEFAULT 'end',
  `dateCreated` datetime NOT NULL,
  `dateUpdated` datetime NOT NULL,
  `dateDeleted` datetime DEFAULT NULL,
  `uid` char(36) NOT NULL DEFAULT '0',
  PRIMARY KEY (`id`),
  KEY `idx_lfczntvtlgyxbyrlflwhasdozeflyetorajb` (`name`),
  KEY `idx_zwvyhvznllaorgaezascuwflhbmotsnvtufh` (`handle`),
  KEY `idx_gsxxezzvuqlxcvfpmgnfoethzbmopsuohpuj` (`structureId`),
  KEY `idx_seivuhvjrulktjgryokfcowjmcyksctyohfx` (`fieldLayoutId`),
  KEY `idx_gwshnsoolyvlywiwpyienlfimuxtmimvqdvs` (`dateDeleted`),
  CONSTRAINT `fk_lynivkklkrdmxqacagkbdeqlrpqmktxzijez` FOREIGN KEY (`structureId`) REFERENCES `structures` (`id`) ON DELETE CASCADE,
  CONSTRAINT `fk_xcfmqyxnprczvdlxrqmaohnwladcocjpvchs` FOREIGN KEY (`fieldLayoutId`) REFERENCES `fieldlayouts` (`id`) ON DELETE SET NULL
) ENGINE=InnoDB DEFAULT CHARSET=utf8mb3;

--
-- Table structure for table `categorygroups_sites`
--

CREATE TABLE `categorygroups_sites` (
  `id` int NOT NULL AUTO_INCREMENT,
  `groupId` int NOT NULL,
  `siteId` int NOT NULL,
  `hasUrls` tinyint(1) NOT NULL DEFAULT '1',
  `uriFormat` text,
  `template` varchar(500) DEFAULT NULL,
  `dateCreated` datetime NOT NULL,
  `dateUpdated` datetime NOT NULL,
  `uid` char(36) NOT NULL DEFAULT '0',
  PRIMARY KEY (`id`),
  UNIQUE KEY `idx_rcttrcsomnuzqibfhdqctaojqlbasjxqeysa` (`groupId`,`siteId`),
  KEY `idx_urggqzizpicmrcochkggeycdlbsgwgtzdjcc` (`siteId`),
  CONSTRAINT `fk_kbcdgbwarpkiyhkccoyhuhzgyorwookedafm` FOREIGN KEY (`groupId`) REFERENCES `categorygroups` (`id`) ON DELETE CASCADE,
  CONSTRAINT `fk_uucogsynjrovddwqjdhwncdvyohrybdrwrbv` FOREIGN KEY (`siteId`) REFERENCES `sites` (`id`) ON DELETE CASCADE ON UPDATE CASCADE
) ENGINE=InnoDB DEFAULT CHARSET=utf8mb3;

--
-- Table structure for table `changedattributes`
--

CREATE TABLE `changedattributes` (
  `elementId` int NOT NULL,
  `siteId` int NOT NULL,
  `attribute` varchar(255) NOT NULL,
  `dateUpdated` datetime NOT NULL,
  `propagated` tinyint(1) NOT NULL,
  `userId` int DEFAULT NULL,
  PRIMARY KEY (`elementId`,`siteId`,`attribute`),
  KEY `idx_bqrhpmrjttwykntvuzvndvrgvkcobjartpco` (`elementId`,`siteId`,`dateUpdated`),
  KEY `fk_lkasjfgkxeulrhwhhhtprxsvqxmxrjdmjhki` (`siteId`),
  KEY `fk_kfeqhmviodqmwqikmcznagzqodjriavswxmf` (`userId`),
  CONSTRAINT `fk_efmehetsoskypwfdewxqbkmiayapzdzitwhv` FOREIGN KEY (`elementId`) REFERENCES `elements` (`id`) ON DELETE CASCADE ON UPDATE CASCADE,
  CONSTRAINT `fk_kfeqhmviodqmwqikmcznagzqodjriavswxmf` FOREIGN KEY (`userId`) REFERENCES `users` (`id`) ON DELETE SET NULL ON UPDATE CASCADE,
  CONSTRAINT `fk_lkasjfgkxeulrhwhhhtprxsvqxmxrjdmjhki` FOREIGN KEY (`siteId`) REFERENCES `sites` (`id`) ON DELETE CASCADE ON UPDATE CASCADE
) ENGINE=InnoDB DEFAULT CHARSET=utf8mb3;

--
-- Table structure for table `changedfields`
--

CREATE TABLE `changedfields` (
  `elementId` int NOT NULL,
  `siteId` int NOT NULL,
  `fieldId` int NOT NULL,
  `dateUpdated` datetime NOT NULL,
  `propagated` tinyint(1) NOT NULL,
  `userId` int DEFAULT NULL,
  PRIMARY KEY (`elementId`,`siteId`,`fieldId`),
  KEY `idx_fwzpcgafkqbbptijsdohaxosogqmzxrzduer` (`elementId`,`siteId`,`dateUpdated`),
  KEY `fk_bmqpdopyenwodhikqntuipkcjupucltpzpxk` (`siteId`),
  KEY `fk_ymwubluvucskewgrdsescvnetdtucssydtto` (`fieldId`),
  KEY `fk_vkejgylodpbqnxqicrxotnabqgklhjnwiqzx` (`userId`),
  CONSTRAINT `fk_bmqpdopyenwodhikqntuipkcjupucltpzpxk` FOREIGN KEY (`siteId`) REFERENCES `sites` (`id`) ON DELETE CASCADE ON UPDATE CASCADE,
  CONSTRAINT `fk_vkejgylodpbqnxqicrxotnabqgklhjnwiqzx` FOREIGN KEY (`userId`) REFERENCES `users` (`id`) ON DELETE SET NULL ON UPDATE CASCADE,
  CONSTRAINT `fk_xfuoiplazozclfzerxmceouqrwgheimjcrhs` FOREIGN KEY (`elementId`) REFERENCES `elements` (`id`) ON DELETE CASCADE ON UPDATE CASCADE,
  CONSTRAINT `fk_ymwubluvucskewgrdsescvnetdtucssydtto` FOREIGN KEY (`fieldId`) REFERENCES `fields` (`id`) ON DELETE CASCADE ON UPDATE CASCADE
) ENGINE=InnoDB DEFAULT CHARSET=utf8mb3;

--
-- Table structure for table `content`
--

CREATE TABLE `content` (
  `id` int NOT NULL AUTO_INCREMENT,
  `elementId` int NOT NULL,
  `siteId` int NOT NULL,
  `title` varchar(255) DEFAULT NULL,
  `dateCreated` datetime NOT NULL,
  `dateUpdated` datetime NOT NULL,
  `uid` char(36) NOT NULL DEFAULT '0',
  `field_linkUrl_bwimrqjr` varchar(255) DEFAULT NULL,
  `field_tagline_lxzerrzs` varchar(2000) DEFAULT NULL,
  `field_bio_iupxljzr` text,
  `field_caption_cndwyvsj` varchar(2000) DEFAULT NULL,
  `field_description_ilbyjrei` varchar(1200) DEFAULT NULL,
  PRIMARY KEY (`id`),
  UNIQUE KEY `idx_ixyimzirqgwwpdcsxkiryqyifuzrjjhdphao` (`elementId`,`siteId`),
  KEY `idx_aifyjwzbozvvrrflshabsfzsjqvqsxvcvvxb` (`siteId`),
  KEY `idx_tbitdehecabduptaijqjrfqnjewvumzpljnc` (`title`),
  CONSTRAINT `fk_gbpdpbqunwmrtazfhcyvkxfzmxitnozbldmk` FOREIGN KEY (`siteId`) REFERENCES `sites` (`id`) ON DELETE CASCADE ON UPDATE CASCADE,
  CONSTRAINT `fk_nljokmybrgztrtubizpwikicxznhfyaifbhp` FOREIGN KEY (`elementId`) REFERENCES `elements` (`id`) ON DELETE CASCADE
) ENGINE=InnoDB AUTO_INCREMENT=242 DEFAULT CHARSET=utf8mb3;

--
-- Table structure for table `drafts`
--

CREATE TABLE `drafts` (
  `id` int NOT NULL AUTO_INCREMENT,
  `canonicalId` int DEFAULT NULL,
  `creatorId` int DEFAULT NULL,
  `provisional` tinyint(1) NOT NULL DEFAULT '0',
  `name` varchar(255) NOT NULL,
  `notes` text,
  `trackChanges` tinyint(1) NOT NULL DEFAULT '0',
  `dateLastMerged` datetime DEFAULT NULL,
  `saved` tinyint(1) NOT NULL DEFAULT '1',
  PRIMARY KEY (`id`),
  KEY `idx_dbxepmlpixodpfmkforvztofjxlkmxigglrf` (`creatorId`,`provisional`),
  KEY `idx_axlycjqnzujhsjsjsougdfmyvbghmippubaz` (`saved`),
  KEY `fk_uvdqnusmmaqtxitxfzlvzjfjydpqqiuqmevq` (`canonicalId`),
  CONSTRAINT `fk_dssvadmrvgzbsapetrlqqrlerbipfonjeyzv` FOREIGN KEY (`creatorId`) REFERENCES `users` (`id`) ON DELETE SET NULL,
  CONSTRAINT `fk_uvdqnusmmaqtxitxfzlvzjfjydpqqiuqmevq` FOREIGN KEY (`canonicalId`) REFERENCES `elements` (`id`) ON DELETE CASCADE
) ENGINE=InnoDB AUTO_INCREMENT=248 DEFAULT CHARSET=utf8mb3;

--
-- Table structure for table `elements`
--

CREATE TABLE `elements` (
  `id` int NOT NULL AUTO_INCREMENT,
  `canonicalId` int DEFAULT NULL,
  `draftId` int DEFAULT NULL,
  `revisionId` int DEFAULT NULL,
  `fieldLayoutId` int DEFAULT NULL,
  `type` varchar(255) NOT NULL,
  `enabled` tinyint(1) NOT NULL DEFAULT '1',
  `archived` tinyint(1) NOT NULL DEFAULT '0',
  `dateCreated` datetime NOT NULL,
  `dateUpdated` datetime NOT NULL,
  `dateLastMerged` datetime DEFAULT NULL,
  `dateDeleted` datetime DEFAULT NULL,
  `uid` char(36) NOT NULL DEFAULT '0',
  PRIMARY KEY (`id`),
  KEY `idx_kqkxwydffkyljhgpiayrnlbelamltfxtvrtu` (`dateDeleted`),
  KEY `idx_uoinoilohxomxnpcplvqiyjdqunhhgvmseku` (`fieldLayoutId`),
  KEY `idx_xcqjjbuhvgcgtzrnrcrfpgkybjcofplhtkxl` (`type`),
  KEY `idx_kvirkpsoutqzhgqaumdisvcxarysnebryxby` (`enabled`),
  KEY `idx_xpotovpxgjxbjjakkzdwfkvgllawcresbovg` (`archived`,`dateCreated`),
  KEY `idx_ejubsqgwytjumplkzgvucpmvlzestqyezulv` (`archived`,`dateDeleted`,`draftId`,`revisionId`,`canonicalId`),
  KEY `idx_otuhasvohvfafiuuukxufhzaykenzngkzoak` (`archived`,`dateDeleted`,`draftId`,`revisionId`,`canonicalId`,`enabled`),
  KEY `fk_slykygwpwkyrkrbxjvxgepxjzskyuiokwipc` (`canonicalId`),
  KEY `fk_jzeiaolymwvualvtyvwludfneuzdaqatkubp` (`draftId`),
  KEY `fk_dbnagvjzxxjyhcoabtylfxtatcqyfmogfyud` (`revisionId`),
  CONSTRAINT `fk_dbnagvjzxxjyhcoabtylfxtatcqyfmogfyud` FOREIGN KEY (`revisionId`) REFERENCES `revisions` (`id`) ON DELETE CASCADE,
  CONSTRAINT `fk_hgikbhlyciipvjmymdzqgnpoxjfsbmeqdwmk` FOREIGN KEY (`fieldLayoutId`) REFERENCES `fieldlayouts` (`id`) ON DELETE SET NULL,
  CONSTRAINT `fk_jzeiaolymwvualvtyvwludfneuzdaqatkubp` FOREIGN KEY (`draftId`) REFERENCES `drafts` (`id`) ON DELETE CASCADE,
  CONSTRAINT `fk_slykygwpwkyrkrbxjvxgepxjzskyuiokwipc` FOREIGN KEY (`canonicalId`) REFERENCES `elements` (`id`) ON DELETE SET NULL
) ENGINE=InnoDB AUTO_INCREMENT=15583 DEFAULT CHARSET=utf8mb3;

--
-- Table structure for table `elements_sites`
--

CREATE TABLE `elements_sites` (
  `id` int NOT NULL AUTO_INCREMENT,
  `elementId` int NOT NULL,
  `siteId` int NOT NULL,
  `slug` varchar(255) DEFAULT NULL,
  `uri` varchar(255) DEFAULT NULL,
  `enabled` tinyint(1) NOT NULL DEFAULT '1',
  `dateCreated` datetime NOT NULL,
  `dateUpdated` datetime NOT NULL,
  `uid` char(36) NOT NULL DEFAULT '0',
  PRIMARY KEY (`id`),
  UNIQUE KEY `idx_tozkqktnapnybxcdfyjxskndvocqgelucdkj` (`elementId`,`siteId`),
  KEY `idx_zftmragwzbqzeoiklcymyrmhanzysvlaspxy` (`siteId`),
  KEY `idx_vbcibdyemnzyuwewmsstuftcmsutxclmlhyd` (`slug`,`siteId`),
  KEY `idx_znaqedkvmyijqmyprjdgdvkphoeiuatihigx` (`enabled`),
  KEY `idx_heumgvvqsanwchghuihohhafrkfghyslpdwv` (`uri`,`siteId`),
  CONSTRAINT `fk_dayephxgrkvdnxztggbyuxnzhokopquidwya` FOREIGN KEY (`elementId`) REFERENCES `elements` (`id`) ON DELETE CASCADE,
  CONSTRAINT `fk_ihfkuzetvlsqpwfvfwltuwiisrordnxieqky` FOREIGN KEY (`siteId`) REFERENCES `sites` (`id`) ON DELETE CASCADE ON UPDATE CASCADE
) ENGINE=InnoDB AUTO_INCREMENT=15583 DEFAULT CHARSET=utf8mb3;

--
-- Table structure for table `entries`
--

CREATE TABLE `entries` (
  `id` int NOT NULL,
  `sectionId` int NOT NULL,
  `parentId` int DEFAULT NULL,
  `typeId` int NOT NULL,
  `authorId` int DEFAULT NULL,
  `postDate` datetime DEFAULT NULL,
  `expiryDate` datetime DEFAULT NULL,
  `deletedWithEntryType` tinyint(1) DEFAULT NULL,
  `dateCreated` datetime NOT NULL,
  `dateUpdated` datetime NOT NULL,
  PRIMARY KEY (`id`),
  KEY `idx_pdpvqxmyhrgtvkdpizmqrohbhkwijloiniqw` (`postDate`),
  KEY `idx_mxzsqbkumxwaivnzxmtclwtpnxntioefxbop` (`expiryDate`),
  KEY `idx_tpguqriyvyhqclpkzramanftqkcynldfvnqy` (`authorId`),
  KEY `idx_futmswvldkpvkdybvukhutefntrswjfnzfct` (`sectionId`),
  KEY `idx_zekddkyuufsppellycuseadbaaqyxixbphaj` (`typeId`),
  KEY `fk_kdikkhzalqhbdgukkoakdbvzrdnbvzjbsnfs` (`parentId`),
  CONSTRAINT `fk_dvazrfewathiwaectaaffqgjesprnlhehqdy` FOREIGN KEY (`authorId`) REFERENCES `users` (`id`) ON DELETE SET NULL,
  CONSTRAINT `fk_gqbbocxwozrtmhbizucglilklxjsvahlkxcw` FOREIGN KEY (`typeId`) REFERENCES `entrytypes` (`id`) ON DELETE CASCADE,
  CONSTRAINT `fk_kdikkhzalqhbdgukkoakdbvzrdnbvzjbsnfs` FOREIGN KEY (`parentId`) REFERENCES `entries` (`id`) ON DELETE SET NULL,
  CONSTRAINT `fk_skmkogzfyxnziyoazsgqxmvfraxcvlwpjesz` FOREIGN KEY (`sectionId`) REFERENCES `sections` (`id`) ON DELETE CASCADE,
  CONSTRAINT `fk_yynlfgdpzukhuxjpwzqddbhhwnfkrgexnusr` FOREIGN KEY (`id`) REFERENCES `elements` (`id`) ON DELETE CASCADE
) ENGINE=InnoDB DEFAULT CHARSET=utf8mb3;

--
-- Table structure for table `entrytypes`
--

CREATE TABLE `entrytypes` (
  `id` int NOT NULL AUTO_INCREMENT,
  `sectionId` int NOT NULL,
  `fieldLayoutId` int DEFAULT NULL,
  `name` varchar(255) NOT NULL,
  `handle` varchar(255) NOT NULL,
  `hasTitleField` tinyint(1) NOT NULL DEFAULT '1',
  `titleTranslationMethod` varchar(255) NOT NULL DEFAULT 'site',
  `titleTranslationKeyFormat` text,
  `titleFormat` varchar(255) DEFAULT NULL,
  `sortOrder` smallint unsigned DEFAULT NULL,
  `dateCreated` datetime NOT NULL,
  `dateUpdated` datetime NOT NULL,
  `dateDeleted` datetime DEFAULT NULL,
  `uid` char(36) NOT NULL DEFAULT '0',
  PRIMARY KEY (`id`),
  KEY `idx_djycbzpqpigfhcueyvjgisseojadjtzvittd` (`name`,`sectionId`),
  KEY `idx_ofztacbmsuzjiuoogumqxzjbskjbjnggtvgk` (`handle`,`sectionId`),
  KEY `idx_kpcsmbncovcjizumuweaybxmzuztrjpvpcti` (`sectionId`),
  KEY `idx_umcwpkmrevevemamtykzoekfprumhjrwlkxm` (`fieldLayoutId`),
  KEY `idx_mtkmtlbkcwsqmdzwhuxnbnttirrmuxrmmzqh` (`dateDeleted`),
  CONSTRAINT `fk_dcfiqvgvxpsxytyykbzuboohurbwxgpnxhyo` FOREIGN KEY (`fieldLayoutId`) REFERENCES `fieldlayouts` (`id`) ON DELETE SET NULL,
  CONSTRAINT `fk_qsuwubmdvtcbgmbhhcircvhachckuekguebu` FOREIGN KEY (`sectionId`) REFERENCES `sections` (`id`) ON DELETE CASCADE
) ENGINE=InnoDB AUTO_INCREMENT=7 DEFAULT CHARSET=utf8mb3;

--
-- Table structure for table `fieldgroups`
--

CREATE TABLE `fieldgroups` (
  `id` int NOT NULL AUTO_INCREMENT,
  `name` varchar(255) NOT NULL,
  `dateCreated` datetime NOT NULL,
  `dateUpdated` datetime NOT NULL,
  `dateDeleted` datetime DEFAULT NULL,
  `uid` char(36) NOT NULL DEFAULT '0',
  PRIMARY KEY (`id`),
  KEY `idx_mpnlgtvtujiqvrsvjxblkitwjidpqjfdcmul` (`name`),
  KEY `idx_gjuxlefwulbwsvvhtghqhysvljmdvfbhyyxs` (`dateDeleted`,`name`)
) ENGINE=InnoDB AUTO_INCREMENT=2 DEFAULT CHARSET=utf8mb3;

--
-- Table structure for table `fieldlayoutfields`
--

CREATE TABLE `fieldlayoutfields` (
  `id` int NOT NULL AUTO_INCREMENT,
  `layoutId` int NOT NULL,
  `tabId` int NOT NULL,
  `fieldId` int NOT NULL,
  `required` tinyint(1) NOT NULL DEFAULT '0',
  `sortOrder` smallint unsigned DEFAULT NULL,
  `dateCreated` datetime NOT NULL,
  `dateUpdated` datetime NOT NULL,
  `uid` char(36) NOT NULL DEFAULT '0',
  PRIMARY KEY (`id`),
  UNIQUE KEY `idx_gacodzqsmenqtrzzitshmziwwsblrbnzdwkv` (`layoutId`,`fieldId`),
  KEY `idx_jocvimcxlheqneqdfrtpjmwthaulntrmhpgs` (`sortOrder`),
  KEY `idx_vreoitiaunpppmzvqanwxtwfglvlfzjwcdtw` (`tabId`),
  KEY `idx_usooyaoqnurnmyrxqzokazcubfpnewsukotc` (`fieldId`),
  CONSTRAINT `fk_neanyhgrmrgwmzbztoeiuhytjouegzbnhpol` FOREIGN KEY (`tabId`) REFERENCES `fieldlayouttabs` (`id`) ON DELETE CASCADE,
  CONSTRAINT `fk_nfgtzqrfpgwyloixzfvrnkjauggfgeobdwin` FOREIGN KEY (`fieldId`) REFERENCES `fields` (`id`) ON DELETE CASCADE,
  CONSTRAINT `fk_zuucvxvyorlnlveevtlaueaxjvurnhfsleed` FOREIGN KEY (`layoutId`) REFERENCES `fieldlayouts` (`id`) ON DELETE CASCADE
) ENGINE=InnoDB AUTO_INCREMENT=99 DEFAULT CHARSET=utf8mb3;

--
-- Table structure for table `fieldlayouts`
--

CREATE TABLE `fieldlayouts` (
  `id` int NOT NULL AUTO_INCREMENT,
  `type` varchar(255) NOT NULL,
  `dateCreated` datetime NOT NULL,
  `dateUpdated` datetime NOT NULL,
  `dateDeleted` datetime DEFAULT NULL,
  `uid` char(36) NOT NULL DEFAULT '0',
  PRIMARY KEY (`id`),
  KEY `idx_wjjwythejppidtiiauoomcljwqyevcnjcehd` (`dateDeleted`),
  KEY `idx_vrrybtovncyyytnumoufzuianqfhqkdwwjtn` (`type`)
) ENGINE=InnoDB AUTO_INCREMENT=17 DEFAULT CHARSET=utf8mb3;

--
-- Table structure for table `fieldlayouttabs`
--

CREATE TABLE `fieldlayouttabs` (
  `id` int NOT NULL AUTO_INCREMENT,
  `layoutId` int NOT NULL,
  `name` varchar(255) NOT NULL,
  `settings` text,
  `elements` text,
  `sortOrder` smallint unsigned DEFAULT NULL,
  `dateCreated` datetime NOT NULL,
  `dateUpdated` datetime NOT NULL,
  `uid` char(36) NOT NULL DEFAULT '0',
  PRIMARY KEY (`id`),
  KEY `idx_mqmmhmwzaermrfwwcsosyqqweyladvegmtxq` (`sortOrder`),
  KEY `idx_afvgfduqkohwxijtrbjmrndsnzaxcpmrunai` (`layoutId`),
  CONSTRAINT `fk_uubajkhznavrdfmxkgjkwmqrtbmpfjwugvfk` FOREIGN KEY (`layoutId`) REFERENCES `fieldlayouts` (`id`) ON DELETE CASCADE
) ENGINE=InnoDB AUTO_INCREMENT=90 DEFAULT CHARSET=utf8mb3;

--
-- Table structure for table `fields`
--

CREATE TABLE `fields` (
  `id` int NOT NULL AUTO_INCREMENT,
  `groupId` int DEFAULT NULL,
  `name` varchar(255) NOT NULL,
  `handle` varchar(64) NOT NULL,
  `context` varchar(255) NOT NULL DEFAULT 'global',
  `columnSuffix` char(8) DEFAULT NULL,
  `instructions` text,
  `searchable` tinyint(1) NOT NULL DEFAULT '1',
  `translationMethod` varchar(255) NOT NULL DEFAULT 'none',
  `translationKeyFormat` text,
  `type` varchar(255) NOT NULL,
  `settings` text,
  `dateCreated` datetime NOT NULL,
  `dateUpdated` datetime NOT NULL,
  `uid` char(36) NOT NULL DEFAULT '0',
  PRIMARY KEY (`id`),
  KEY `idx_ivctfkpkvjfauqdvevnuxktosguihluuybdd` (`handle`,`context`),
  KEY `idx_vkekdbheqcjutpluuazdpcbkfgeddymqypor` (`groupId`),
  KEY `idx_mkwlscszfxiwliagotaldcoyxilztjjxaitf` (`context`),
  CONSTRAINT `fk_xrgnrqvmmqozexvrrwesdthjjixchvpihfhw` FOREIGN KEY (`groupId`) REFERENCES `fieldgroups` (`id`) ON DELETE CASCADE
) ENGINE=InnoDB AUTO_INCREMENT=25 DEFAULT CHARSET=utf8mb3;

--
-- Table structure for table `globalsets`
--

CREATE TABLE `globalsets` (
  `id` int NOT NULL AUTO_INCREMENT,
  `name` varchar(255) NOT NULL,
  `handle` varchar(255) NOT NULL,
  `fieldLayoutId` int DEFAULT NULL,
  `sortOrder` smallint unsigned DEFAULT NULL,
  `dateCreated` datetime NOT NULL,
  `dateUpdated` datetime NOT NULL,
  `uid` char(36) NOT NULL DEFAULT '0',
  PRIMARY KEY (`id`),
  KEY `idx_jsigmasvmcwunvbdlxlccmyeukuvcrrzodxf` (`name`),
  KEY `idx_bcfjwlndrywhdzbtdmvbsiapjdzbmspdsena` (`handle`),
  KEY `idx_mmssmqothhlidnzyimfhptzjazrfqcufxxwc` (`fieldLayoutId`),
  KEY `idx_ebxhvikritcbdyknguecqvyanllgjcprdhwj` (`sortOrder`),
  CONSTRAINT `fk_dldydpdpsbqbsmqgpqfgaekxlzkhvyxsxlca` FOREIGN KEY (`id`) REFERENCES `elements` (`id`) ON DELETE CASCADE,
  CONSTRAINT `fk_eksocybltvmohgcwdsewcceefkndgmwgoxbm` FOREIGN KEY (`fieldLayoutId`) REFERENCES `fieldlayouts` (`id`) ON DELETE SET NULL
) ENGINE=InnoDB AUTO_INCREMENT=75 DEFAULT CHARSET=utf8mb3;

--
-- Table structure for table `gqlschemas`
--

CREATE TABLE `gqlschemas` (
  `id` int NOT NULL AUTO_INCREMENT,
  `name` varchar(255) NOT NULL,
  `scope` text,
  `isPublic` tinyint(1) NOT NULL DEFAULT '0',
  `dateCreated` datetime NOT NULL,
  `dateUpdated` datetime NOT NULL,
  `uid` char(36) NOT NULL DEFAULT '0',
  PRIMARY KEY (`id`)
) ENGINE=InnoDB DEFAULT CHARSET=utf8mb3;

--
-- Table structure for table `imagetransformindex`
--

CREATE TABLE `imagetransformindex` (
  `id` int NOT NULL AUTO_INCREMENT,
  `assetId` int NOT NULL,
  `transformer` varchar(255) DEFAULT NULL,
  `filename` varchar(255) DEFAULT NULL,
  `format` varchar(255) DEFAULT NULL,
  `transformString` varchar(255) NOT NULL,
  `fileExists` tinyint(1) NOT NULL DEFAULT '0',
  `inProgress` tinyint(1) NOT NULL DEFAULT '0',
  `error` tinyint(1) NOT NULL DEFAULT '0',
  `dateIndexed` datetime DEFAULT NULL,
  `dateCreated` datetime NOT NULL,
  `dateUpdated` datetime NOT NULL,
  `uid` char(36) NOT NULL DEFAULT '0',
  PRIMARY KEY (`id`),
  KEY `idx_fqahupahaglparztdxfsvznxulwuelbqgjdy` (`assetId`,`transformString`)
) ENGINE=InnoDB AUTO_INCREMENT=282 DEFAULT CHARSET=utf8mb3;

--
-- Table structure for table `imagetransforms`
--

CREATE TABLE `imagetransforms` (
  `id` int NOT NULL AUTO_INCREMENT,
  `name` varchar(255) NOT NULL,
  `handle` varchar(255) NOT NULL,
  `mode` enum('stretch','fit','crop','letterbox') NOT NULL DEFAULT 'crop',
  `position` enum('top-left','top-center','top-right','center-left','center-center','center-right','bottom-left','bottom-center','bottom-right') NOT NULL DEFAULT 'center-center',
  `width` int unsigned DEFAULT NULL,
  `height` int unsigned DEFAULT NULL,
  `format` varchar(255) DEFAULT NULL,
  `quality` int DEFAULT NULL,
  `interlace` enum('none','line','plane','partition') NOT NULL DEFAULT 'none',
  `fill` varchar(11) DEFAULT NULL,
  `upscale` tinyint(1) NOT NULL DEFAULT '1',
  `parameterChangeTime` datetime DEFAULT NULL,
  `dateCreated` datetime NOT NULL,
  `dateUpdated` datetime NOT NULL,
  `uid` char(36) NOT NULL DEFAULT '0',
  PRIMARY KEY (`id`),
  KEY `idx_yxnpiychyiqohfuutintkrrpoipeyxiojyfq` (`name`),
  KEY `idx_xahglocxwfcepbvmkgridnmwedaqpoxfdelr` (`handle`)
) ENGINE=InnoDB AUTO_INCREMENT=4 DEFAULT CHARSET=utf8mb3;

--
-- Table structure for table `info`
--

CREATE TABLE `info` (
  `id` int NOT NULL AUTO_INCREMENT,
  `version` varchar(50) NOT NULL,
  `schemaVersion` varchar(15) NOT NULL,
  `maintenance` tinyint(1) NOT NULL DEFAULT '0',
  `configVersion` char(12) NOT NULL DEFAULT '000000000000',
  `fieldVersion` char(12) NOT NULL DEFAULT '000000000000',
  `dateCreated` datetime NOT NULL,
  `dateUpdated` datetime NOT NULL,
  `uid` char(36) NOT NULL DEFAULT '0',
  PRIMARY KEY (`id`)
) ENGINE=InnoDB AUTO_INCREMENT=2 DEFAULT CHARSET=utf8mb3;

--
-- Table structure for table `matrixblocks`
--

CREATE TABLE `matrixblocks` (
  `id` int NOT NULL,
  `primaryOwnerId` int NOT NULL,
  `fieldId` int NOT NULL,
  `typeId` int NOT NULL,
  `deletedWithOwner` tinyint(1) DEFAULT NULL,
  `dateCreated` datetime NOT NULL,
  `dateUpdated` datetime NOT NULL,
  PRIMARY KEY (`id`),
  KEY `idx_zbwxufvjahgfppkxjgpkvwxcithzizgazggt` (`primaryOwnerId`),
  KEY `idx_cxkbllbbbpxripnkemzzygeypdnbhhvevlpp` (`fieldId`),
  KEY `idx_mbmbaztoykpnaifycawwbbimlsogsrmcgynz` (`typeId`),
  CONSTRAINT `fk_bjudnzcodzygimmgvhjwfvakwaizutxcuagd` FOREIGN KEY (`fieldId`) REFERENCES `fields` (`id`) ON DELETE CASCADE,
  CONSTRAINT `fk_cjinwgncmglpukiizhglmfdqkxrwvgkeaaqm` FOREIGN KEY (`id`) REFERENCES `elements` (`id`) ON DELETE CASCADE,
  CONSTRAINT `fk_pregqevkhupwuhczkhujiliznkwhlqxxkcbw` FOREIGN KEY (`primaryOwnerId`) REFERENCES `elements` (`id`) ON DELETE CASCADE,
  CONSTRAINT `fk_xvlllrnqbzikqarodkxqvopuqykhblxyuyec` FOREIGN KEY (`typeId`) REFERENCES `matrixblocktypes` (`id`) ON DELETE CASCADE
) ENGINE=InnoDB DEFAULT CHARSET=utf8mb3;

--
-- Table structure for table `matrixblocks_owners`
--

CREATE TABLE `matrixblocks_owners` (
  `blockId` int NOT NULL,
  `ownerId` int NOT NULL,
  `sortOrder` smallint unsigned NOT NULL,
  PRIMARY KEY (`blockId`,`ownerId`),
  KEY `fk_oiftwkegyrzyeqnnvltxhvumqasypdkxldtg` (`ownerId`),
  CONSTRAINT `fk_oiftwkegyrzyeqnnvltxhvumqasypdkxldtg` FOREIGN KEY (`ownerId`) REFERENCES `elements` (`id`) ON DELETE CASCADE,
  CONSTRAINT `fk_snvtmmdjqcitmtfzarpzvwmawmqropynbgns` FOREIGN KEY (`blockId`) REFERENCES `matrixblocks` (`id`) ON DELETE CASCADE
) ENGINE=InnoDB DEFAULT CHARSET=utf8mb3;

--
-- Table structure for table `matrixblocktypes`
--

CREATE TABLE `matrixblocktypes` (
  `id` int NOT NULL AUTO_INCREMENT,
  `fieldId` int NOT NULL,
  `fieldLayoutId` int DEFAULT NULL,
  `name` varchar(255) NOT NULL,
  `handle` varchar(255) NOT NULL,
  `sortOrder` smallint unsigned DEFAULT NULL,
  `dateCreated` datetime NOT NULL,
  `dateUpdated` datetime NOT NULL,
  `uid` char(36) NOT NULL DEFAULT '0',
  PRIMARY KEY (`id`),
  KEY `idx_achkqeitivxrorkwrvrjvhihcaahclzlfusd` (`name`,`fieldId`),
  KEY `idx_dtbeyhnymoagholgmmdvhkgahpnveaicvvrw` (`handle`,`fieldId`),
  KEY `idx_ttmxsgqjlwsbwfkaquhfcvybtdleizyaxqru` (`fieldId`),
  KEY `idx_kveaxlpoqyuamefkgxrrudfpifhvdnjxefpk` (`fieldLayoutId`),
  CONSTRAINT `fk_vchyunybvffzzmldenhxvivwcvlgzkirpeum` FOREIGN KEY (`fieldId`) REFERENCES `fields` (`id`) ON DELETE CASCADE,
  CONSTRAINT `fk_zwpvlqxgecleoakrhhytamjswghmxdjveure` FOREIGN KEY (`fieldLayoutId`) REFERENCES `fieldlayouts` (`id`) ON DELETE SET NULL
) ENGINE=InnoDB AUTO_INCREMENT=10 DEFAULT CHARSET=utf8mb3;

--
-- Table structure for table `matrixcontent_story`
--

CREATE TABLE `matrixcontent_story` (
  `id` int NOT NULL AUTO_INCREMENT,
  `elementId` int NOT NULL,
  `siteId` int NOT NULL,
  `dateCreated` datetime NOT NULL,
  `dateUpdated` datetime NOT NULL,
  `uid` char(36) NOT NULL DEFAULT '0',
  `field_text_text_nttidlzh` text,
  `field_quote_quote_qkbxjdbq` text,
  `field_atitle_atitle_quicklpb` varchar(4000) DEFAULT NULL,
  `field_space_size_wlmasuqo` varchar(255) DEFAULT NULL,
  `field_button_buttonurl_vosbzgll` varchar(255) DEFAULT NULL,
  `field_button_label_eravyixc` text,
  `field_embed_html_pidpvhgc` varchar(4000) DEFAULT NULL,
  PRIMARY KEY (`id`),
  UNIQUE KEY `idx_ivjbwtlwnohvbtlcczsicnwumrvhorhcihtz` (`elementId`,`siteId`),
  KEY `fk_rpheqntuexqzuifwhexuoldhpluhwxpsqytx` (`siteId`),
  CONSTRAINT `fk_rpheqntuexqzuifwhexuoldhpluhwxpsqytx` FOREIGN KEY (`siteId`) REFERENCES `sites` (`id`) ON DELETE CASCADE ON UPDATE CASCADE,
  CONSTRAINT `fk_wmjlsgwicfivputdwktuayywraqdobmsvpcm` FOREIGN KEY (`elementId`) REFERENCES `elements` (`id`) ON DELETE CASCADE
) ENGINE=InnoDB AUTO_INCREMENT=15342 DEFAULT CHARSET=utf8mb3;

--
-- Table structure for table `migrations`
--

CREATE TABLE `migrations` (
  `id` int NOT NULL AUTO_INCREMENT,
  `track` varchar(255) NOT NULL,
  `name` varchar(255) NOT NULL,
  `applyTime` datetime NOT NULL,
  `dateCreated` datetime NOT NULL,
  `dateUpdated` datetime NOT NULL,
  `uid` char(36) NOT NULL DEFAULT '0',
  PRIMARY KEY (`id`),
  UNIQUE KEY `idx_jmkzzduizzcdjwviarssbyfpyttkrvfbnluy` (`track`,`name`)
) ENGINE=InnoDB AUTO_INCREMENT=34 DEFAULT CHARSET=utf8mb3;

--
-- Table structure for table `plugins`
--

CREATE TABLE `plugins` (
  `id` int NOT NULL AUTO_INCREMENT,
  `handle` varchar(255) NOT NULL,
  `version` varchar(255) NOT NULL,
  `schemaVersion` varchar(255) NOT NULL,
  `installDate` datetime NOT NULL,
  `dateCreated` datetime NOT NULL,
  `dateUpdated` datetime NOT NULL,
  `uid` char(36) NOT NULL DEFAULT '0',
  PRIMARY KEY (`id`),
  UNIQUE KEY `idx_wnvgguagnulmzxylgixvtyxghglrfxvjbumz` (`handle`)
) ENGINE=InnoDB AUTO_INCREMENT=2 DEFAULT CHARSET=utf8mb3;

--
-- Table structure for table `projectconfig`
--

CREATE TABLE `projectconfig` (
  `path` varchar(255) NOT NULL,
  `value` text NOT NULL,
  PRIMARY KEY (`path`)
) ENGINE=InnoDB DEFAULT CHARSET=utf8mb3;

--
-- Table structure for table `queue`
--

CREATE TABLE `queue` (
  `id` int NOT NULL AUTO_INCREMENT,
  `channel` varchar(255) NOT NULL DEFAULT 'queue',
  `job` longblob NOT NULL,
  `description` text,
  `timePushed` int NOT NULL,
  `ttr` int NOT NULL,
  `delay` int NOT NULL DEFAULT '0',
  `priority` int unsigned NOT NULL DEFAULT '1024',
  `dateReserved` datetime DEFAULT NULL,
  `timeUpdated` int DEFAULT NULL,
  `progress` smallint NOT NULL DEFAULT '0',
  `progressLabel` varchar(255) DEFAULT NULL,
  `attempt` int DEFAULT NULL,
  `fail` tinyint(1) DEFAULT '0',
  `dateFailed` datetime DEFAULT NULL,
  `error` text,
  PRIMARY KEY (`id`),
  KEY `idx_igykxvkkzivnpbvtpllhnuhrwannqcumvzmk` (`channel`,`fail`,`timeUpdated`,`timePushed`),
  KEY `idx_rjupujqjyimdjniqdxqdvwqrelwzufwenqya` (`channel`,`fail`,`timeUpdated`,`delay`)
) ENGINE=InnoDB AUTO_INCREMENT=22222 DEFAULT CHARSET=utf8mb3;

--
-- Table structure for table `relations`
--

CREATE TABLE `relations` (
  `id` int NOT NULL AUTO_INCREMENT,
  `fieldId` int NOT NULL,
  `sourceId` int NOT NULL,
  `sourceSiteId` int DEFAULT NULL,
  `targetId` int NOT NULL,
  `sortOrder` smallint unsigned DEFAULT NULL,
  `dateCreated` datetime NOT NULL,
  `dateUpdated` datetime NOT NULL,
  `uid` char(36) NOT NULL DEFAULT '0',
  PRIMARY KEY (`id`),
  UNIQUE KEY `idx_rxfzomqujyhqtmcowjokbozilptbdmvslgyb` (`fieldId`,`sourceId`,`sourceSiteId`,`targetId`),
  KEY `idx_rgrojnuqvapdpvohnyxutgskilczcjewiejo` (`sourceId`),
  KEY `idx_qphrfsjxwtmdyusijnxlpxwlicaqeyofsoum` (`targetId`),
  KEY `idx_gxbdosmkzetdsrylhehbvbxelmmwtvxijayg` (`sourceSiteId`),
  CONSTRAINT `fk_bcdmlghkynbduqwpfrnxnkdnspiemkbknfmd` FOREIGN KEY (`sourceId`) REFERENCES `elements` (`id`) ON DELETE CASCADE,
  CONSTRAINT `fk_onhorzlrxaxihhskbsuheragnyslukvysuzq` FOREIGN KEY (`fieldId`) REFERENCES `fields` (`id`) ON DELETE CASCADE,
  CONSTRAINT `fk_rmwplhhmysiiqscadxaevmdtrtqvpcigdjgk` FOREIGN KEY (`sourceSiteId`) REFERENCES `sites` (`id`) ON DELETE CASCADE ON UPDATE CASCADE
) ENGINE=InnoDB AUTO_INCREMENT=5130 DEFAULT CHARSET=utf8mb3;

--
-- Table structure for table `revisions`
--

CREATE TABLE `revisions` (
  `id` int NOT NULL AUTO_INCREMENT,
  `canonicalId` int NOT NULL,
  `creatorId` int DEFAULT NULL,
  `num` int NOT NULL,
  `notes` text,
  PRIMARY KEY (`id`),
  UNIQUE KEY `idx_rkaptawduspwekixmjkyzvkzseiashpmtmnz` (`canonicalId`,`num`),
  KEY `fk_qbzesrynucylcmqurnmuwnjiprolhsdoizgf` (`creatorId`),
  CONSTRAINT `fk_dfhkxbfoeutlcursgjlouhrlaasrfsceecof` FOREIGN KEY (`canonicalId`) REFERENCES `elements` (`id`) ON DELETE CASCADE,
  CONSTRAINT `fk_qbzesrynucylcmqurnmuwnjiprolhsdoizgf` FOREIGN KEY (`creatorId`) REFERENCES `users` (`id`) ON DELETE SET NULL
) ENGINE=InnoDB DEFAULT CHARSET=utf8mb3;

--
-- Table structure for table `searchindex`
--

CREATE TABLE `searchindex` (
  `elementId` int NOT NULL,
  `attribute` varchar(25) NOT NULL,
  `fieldId` int NOT NULL,
  `siteId` int NOT NULL,
  `keywords` text NOT NULL,
  PRIMARY KEY (`elementId`,`attribute`,`fieldId`,`siteId`),
  FULLTEXT KEY `idx_mzsxikxwvzyiddhitrxmfrzwjtfdgxwsvmlb` (`keywords`)
) ENGINE=InnoDB DEFAULT CHARSET=utf8mb3;

--
-- Table structure for table `sections`
--

CREATE TABLE `sections` (
  `id` int NOT NULL AUTO_INCREMENT,
  `structureId` int DEFAULT NULL,
  `name` varchar(255) NOT NULL,
  `handle` varchar(255) NOT NULL,
  `type` enum('single','channel','structure') NOT NULL DEFAULT 'channel',
  `enableVersioning` tinyint(1) NOT NULL DEFAULT '0',
  `propagationMethod` varchar(255) NOT NULL DEFAULT 'all',
  `defaultPlacement` enum('beginning','end') NOT NULL DEFAULT 'end',
  `previewTargets` text,
  `dateCreated` datetime NOT NULL,
  `dateUpdated` datetime NOT NULL,
  `dateDeleted` datetime DEFAULT NULL,
  `uid` char(36) NOT NULL DEFAULT '0',
  PRIMARY KEY (`id`),
  KEY `idx_nyocjzarxvwvvviftrlvrsvkfgcnhmfxuwvi` (`handle`),
  KEY `idx_saqrzdqelcsptcthsalwbtlvphcjhkmqsaco` (`name`),
  KEY `idx_skaaehjouhsvaslggloxslosplrucotvzyvf` (`structureId`),
  KEY `idx_pixafdbstsacwplbhjugvnsyszefrhiymjvg` (`dateDeleted`),
  CONSTRAINT `fk_pdectbvwaljphqgsihzzcybncetbipugdnte` FOREIGN KEY (`structureId`) REFERENCES `structures` (`id`) ON DELETE SET NULL
) ENGINE=InnoDB AUTO_INCREMENT=7 DEFAULT CHARSET=utf8mb3;

--
-- Table structure for table `sections_sites`
--

CREATE TABLE `sections_sites` (
  `id` int NOT NULL AUTO_INCREMENT,
  `sectionId` int NOT NULL,
  `siteId` int NOT NULL,
  `hasUrls` tinyint(1) NOT NULL DEFAULT '1',
  `uriFormat` text,
  `template` varchar(500) DEFAULT NULL,
  `enabledByDefault` tinyint(1) NOT NULL DEFAULT '1',
  `dateCreated` datetime NOT NULL,
  `dateUpdated` datetime NOT NULL,
  `uid` char(36) NOT NULL DEFAULT '0',
  PRIMARY KEY (`id`),
  UNIQUE KEY `idx_tjcwjrsrgirscegndozhxmshhtrwxkxpaynp` (`sectionId`,`siteId`),
  KEY `idx_yojcmaywujsbjjizkmhsxckzxytafgeetldx` (`siteId`),
  CONSTRAINT `fk_dwzkkqikigxwhbspoaqnxdgdwggsarkowcbb` FOREIGN KEY (`sectionId`) REFERENCES `sections` (`id`) ON DELETE CASCADE,
  CONSTRAINT `fk_zxkwneezqnelzccrahpksyfgiffnvtqeyvne` FOREIGN KEY (`siteId`) REFERENCES `sites` (`id`) ON DELETE CASCADE ON UPDATE CASCADE
) ENGINE=InnoDB AUTO_INCREMENT=7 DEFAULT CHARSET=utf8mb3;

--
-- Table structure for table `sequences`
--

CREATE TABLE `sequences` (
  `name` varchar(255) NOT NULL,
  `next` int unsigned NOT NULL DEFAULT '1',
  PRIMARY KEY (`name`)
) ENGINE=InnoDB DEFAULT CHARSET=utf8mb3;

--
-- Table structure for table `shunnedmessages`
--

CREATE TABLE `shunnedmessages` (
  `id` int NOT NULL AUTO_INCREMENT,
  `userId` int NOT NULL,
  `message` varchar(255) NOT NULL,
  `expiryDate` datetime DEFAULT NULL,
  `dateCreated` datetime NOT NULL,
  `dateUpdated` datetime NOT NULL,
  `uid` char(36) NOT NULL DEFAULT '0',
  PRIMARY KEY (`id`),
  UNIQUE KEY `idx_xuwepnkxlwxdnzmxehdmbvmiewzgleivkjtx` (`userId`,`message`),
  CONSTRAINT `fk_boixufiuhbnyblyqgekvttsqsrjjjaduuusx` FOREIGN KEY (`userId`) REFERENCES `users` (`id`) ON DELETE CASCADE
) ENGINE=InnoDB DEFAULT CHARSET=utf8mb3;

--
-- Table structure for table `sitegroups`
--

CREATE TABLE `sitegroups` (
  `id` int NOT NULL AUTO_INCREMENT,
  `name` varchar(255) NOT NULL,
  `dateCreated` datetime NOT NULL,
  `dateUpdated` datetime NOT NULL,
  `dateDeleted` datetime DEFAULT NULL,
  `uid` char(36) NOT NULL DEFAULT '0',
  PRIMARY KEY (`id`),
  KEY `idx_oslknwbmmvposoergckgalcvioihucikqjwn` (`name`)
) ENGINE=InnoDB AUTO_INCREMENT=2 DEFAULT CHARSET=utf8mb3;

--
-- Table structure for table `sites`
--

CREATE TABLE `sites` (
  `id` int NOT NULL AUTO_INCREMENT,
  `groupId` int NOT NULL,
  `primary` tinyint(1) NOT NULL,
  `enabled` varchar(255) NOT NULL DEFAULT 'true',
  `name` varchar(255) NOT NULL,
  `handle` varchar(255) NOT NULL,
  `language` varchar(12) NOT NULL,
  `hasUrls` tinyint(1) NOT NULL DEFAULT '0',
  `baseUrl` varchar(255) DEFAULT NULL,
  `sortOrder` smallint unsigned DEFAULT NULL,
  `dateCreated` datetime NOT NULL,
  `dateUpdated` datetime NOT NULL,
  `dateDeleted` datetime DEFAULT NULL,
  `uid` char(36) NOT NULL DEFAULT '0',
  PRIMARY KEY (`id`),
  KEY `idx_mnknnnxazwkxnxrsqmnkaozajojmlyggjwwc` (`dateDeleted`),
  KEY `idx_lezwqcurkradysozsfyiuysdzmkxmgjmiojm` (`handle`),
  KEY `idx_fcjfamwybrfourpaycvdcvoauujojeslzhdt` (`sortOrder`),
  KEY `fk_nvafctkhwahxkjuesdvemfcyfqcisuvaunuq` (`groupId`),
  CONSTRAINT `fk_nvafctkhwahxkjuesdvemfcyfqcisuvaunuq` FOREIGN KEY (`groupId`) REFERENCES `sitegroups` (`id`) ON DELETE CASCADE
) ENGINE=InnoDB AUTO_INCREMENT=2 DEFAULT CHARSET=utf8mb3;

--
-- Table structure for table `structureelements`
--

CREATE TABLE `structureelements` (
  `id` int NOT NULL AUTO_INCREMENT,
  `structureId` int NOT NULL,
  `elementId` int DEFAULT NULL,
  `root` int unsigned DEFAULT NULL,
  `lft` int unsigned NOT NULL,
  `rgt` int unsigned NOT NULL,
  `level` smallint unsigned NOT NULL,
  `dateCreated` datetime NOT NULL,
  `dateUpdated` datetime NOT NULL,
  `uid` char(36) NOT NULL DEFAULT '0',
  PRIMARY KEY (`id`),
  UNIQUE KEY `idx_rumrrbzpgxoksvkyodoikfjoiwbuacevboge` (`structureId`,`elementId`),
  KEY `idx_soxqjhfzkpxebdpkfrsznkqfmjnbebgranye` (`root`),
  KEY `idx_jqmfziyqvejixdwthmfvrtzjxpcfijanxvhp` (`lft`),
  KEY `idx_ymqjslitgheyqfqghzfggprqerhgalyysfyn` (`rgt`),
  KEY `idx_vsvwhqtbzjrpaftjbrfeslkvjdrcrmhxmrbf` (`level`),
  KEY `idx_ybukvwvqtktepbggqqyimqogzzadtbwavqac` (`elementId`),
  CONSTRAINT `fk_dpdmazzbvjxpxkzcvpmndfrmmjbqyzoovjgh` FOREIGN KEY (`structureId`) REFERENCES `structures` (`id`) ON DELETE CASCADE
) ENGINE=InnoDB DEFAULT CHARSET=utf8mb3;

--
-- Table structure for table `structures`
--

CREATE TABLE `structures` (
  `id` int NOT NULL AUTO_INCREMENT,
  `maxLevels` smallint unsigned DEFAULT NULL,
  `dateCreated` datetime NOT NULL,
  `dateUpdated` datetime NOT NULL,
  `dateDeleted` datetime DEFAULT NULL,
  `uid` char(36) NOT NULL DEFAULT '0',
  PRIMARY KEY (`id`),
  KEY `idx_deiubibftbikiosdgjfwmprskzhrnlgzwwcx` (`dateDeleted`)
) ENGINE=InnoDB DEFAULT CHARSET=utf8mb3;

--
-- Table structure for table `taggroups`
--

CREATE TABLE `taggroups` (
  `id` int NOT NULL AUTO_INCREMENT,
  `name` varchar(255) NOT NULL,
  `handle` varchar(255) NOT NULL,
  `fieldLayoutId` int DEFAULT NULL,
  `dateCreated` datetime NOT NULL,
  `dateUpdated` datetime NOT NULL,
  `dateDeleted` datetime DEFAULT NULL,
  `uid` char(36) NOT NULL DEFAULT '0',
  PRIMARY KEY (`id`),
  KEY `idx_itupxvhzqowmfiemztblcxeuvuwazaqgdbxo` (`name`),
  KEY `idx_ifpfgiqmwfxdsrhwjczpgnyksxbmwdcaqnma` (`handle`),
  KEY `idx_irzalcxwivgkquvxvirmfqghvidnfkjsgsxd` (`dateDeleted`),
  KEY `fk_qrcsjnstiobuaqvwyokzsdratizqurqffvlm` (`fieldLayoutId`),
  CONSTRAINT `fk_qrcsjnstiobuaqvwyokzsdratizqurqffvlm` FOREIGN KEY (`fieldLayoutId`) REFERENCES `fieldlayouts` (`id`) ON DELETE SET NULL
) ENGINE=InnoDB DEFAULT CHARSET=utf8mb3;

--
-- Table structure for table `tags`
--

CREATE TABLE `tags` (
  `id` int NOT NULL,
  `groupId` int NOT NULL,
  `deletedWithGroup` tinyint(1) DEFAULT NULL,
  `dateCreated` datetime NOT NULL,
  `dateUpdated` datetime NOT NULL,
  PRIMARY KEY (`id`),
  KEY `idx_xssnwazkweejuhulpeyewdjbrevntbxexhhr` (`groupId`),
  CONSTRAINT `fk_ioouqwyubprxmoqfioaxthvgvudpzcjlcsun` FOREIGN KEY (`id`) REFERENCES `elements` (`id`) ON DELETE CASCADE,
  CONSTRAINT `fk_nldplnzcfwzdadffgzqkftzfyplnwosvgxdw` FOREIGN KEY (`groupId`) REFERENCES `taggroups` (`id`) ON DELETE CASCADE
) ENGINE=InnoDB DEFAULT CHARSET=utf8mb3;

--
-- Table structure for table `usergroups`
--

CREATE TABLE `usergroups` (
  `id` int NOT NULL AUTO_INCREMENT,
  `name` varchar(255) NOT NULL,
  `handle` varchar(255) NOT NULL,
  `description` text,
  `dateCreated` datetime NOT NULL,
  `dateUpdated` datetime NOT NULL,
  `uid` char(36) NOT NULL DEFAULT '0',
  PRIMARY KEY (`id`),
  KEY `idx_yolqttyaxmvhdhghatnfzerryvmtgokhklku` (`handle`),
  KEY `idx_afojodfxhpddudruzeokwozhcehfmdxofskd` (`name`)
) ENGINE=InnoDB DEFAULT CHARSET=utf8mb3;

--
-- Table structure for table `usergroups_users`
--

CREATE TABLE `usergroups_users` (
  `id` int NOT NULL AUTO_INCREMENT,
  `groupId` int NOT NULL,
  `userId` int NOT NULL,
  `dateCreated` datetime NOT NULL,
  `dateUpdated` datetime NOT NULL,
  `uid` char(36) NOT NULL DEFAULT '0',
  PRIMARY KEY (`id`),
  UNIQUE KEY `idx_dadvefcyiebifsgcruknixspqbkkpjxjmvxn` (`groupId`,`userId`),
  KEY `idx_gyuepoktbndadiwczaazwpilwscoayxauvnx` (`userId`),
  CONSTRAINT `fk_gvyykgovnzqngtlhbyzqbmejzzdsxotnolkj` FOREIGN KEY (`groupId`) REFERENCES `usergroups` (`id`) ON DELETE CASCADE,
  CONSTRAINT `fk_jzofupkwwscoczzxvrmhykshivacyphpayct` FOREIGN KEY (`userId`) REFERENCES `users` (`id`) ON DELETE CASCADE
) ENGINE=InnoDB DEFAULT CHARSET=utf8mb3;

--
-- Table structure for table `userpermissions`
--

CREATE TABLE `userpermissions` (
  `id` int NOT NULL AUTO_INCREMENT,
  `name` varchar(255) NOT NULL,
  `dateCreated` datetime NOT NULL,
  `dateUpdated` datetime NOT NULL,
  `uid` char(36) NOT NULL DEFAULT '0',
  PRIMARY KEY (`id`),
  UNIQUE KEY `idx_ovkcgrtlcrardzxxocbgxmzmrpgvwubqyvzk` (`name`)
) ENGINE=InnoDB DEFAULT CHARSET=utf8mb3;

--
-- Table structure for table `userpermissions_usergroups`
--

CREATE TABLE `userpermissions_usergroups` (
  `id` int NOT NULL AUTO_INCREMENT,
  `permissionId` int NOT NULL,
  `groupId` int NOT NULL,
  `dateCreated` datetime NOT NULL,
  `dateUpdated` datetime NOT NULL,
  `uid` char(36) NOT NULL DEFAULT '0',
  PRIMARY KEY (`id`),
  UNIQUE KEY `idx_pbqnymgmtelyjmlnpmtaywmkyrlzkgkmcnng` (`permissionId`,`groupId`),
  KEY `idx_etjektmukhpuwoqfzdhqgllcyieuewbyzuva` (`groupId`),
  CONSTRAINT `fk_vvnykjjoebwckcjefhcwwayskkbysbjwkpkq` FOREIGN KEY (`groupId`) REFERENCES `usergroups` (`id`) ON DELETE CASCADE,
  CONSTRAINT `fk_zliwfxixkapzxtofusqdmbpcggaybnlwoxzg` FOREIGN KEY (`permissionId`) REFERENCES `userpermissions` (`id`) ON DELETE CASCADE
) ENGINE=InnoDB DEFAULT CHARSET=utf8mb3;

--
-- Table structure for table `userpermissions_users`
--

CREATE TABLE `userpermissions_users` (
  `id` int NOT NULL AUTO_INCREMENT,
  `permissionId` int NOT NULL,
  `userId` int NOT NULL,
  `dateCreated` datetime NOT NULL,
  `dateUpdated` datetime NOT NULL,
  `uid` char(36) NOT NULL DEFAULT '0',
  PRIMARY KEY (`id`),
  UNIQUE KEY `idx_pydysmevtgzysklukwmzvuwwykqkpdpwjvld` (`permissionId`,`userId`),
  KEY `idx_nqonxerstrtkttoptvskqckaeyzdolcpjssc` (`userId`),
  CONSTRAINT `fk_hsbmtosjhardifklsigmszyeklyhlakubbph` FOREIGN KEY (`userId`) REFERENCES `users` (`id`) ON DELETE CASCADE,
  CONSTRAINT `fk_mqelnchmdutelkwcocinaovduuigkdplfmzd` FOREIGN KEY (`permissionId`) REFERENCES `userpermissions` (`id`) ON DELETE CASCADE
) ENGINE=InnoDB DEFAULT CHARSET=utf8mb3;

--
-- Table structure for table `userpreferences`
--

CREATE TABLE `userpreferences` (
  `userId` int NOT NULL AUTO_INCREMENT,
  `preferences` text,
  PRIMARY KEY (`userId`),
  CONSTRAINT `fk_fmhrzyuloclrbwgidufmfuvqrxrmrsbyxkrc` FOREIGN KEY (`userId`) REFERENCES `users` (`id`) ON DELETE CASCADE
) ENGINE=InnoDB AUTO_INCREMENT=2 DEFAULT CHARSET=utf8mb3;

--
-- Table structure for table `volumefolders`
--

CREATE TABLE `volumefolders` (
  `id` int NOT NULL AUTO_INCREMENT,
  `parentId` int DEFAULT NULL,
  `volumeId` int DEFAULT NULL,
  `name` varchar(255) NOT NULL,
  `path` varchar(255) DEFAULT NULL,
  `dateCreated` datetime NOT NULL,
  `dateUpdated` datetime NOT NULL,
  `uid` char(36) NOT NULL DEFAULT '0',
  PRIMARY KEY (`id`),
  UNIQUE KEY `idx_hdlvjbizrrubxdafnrvghstcxcefkdlelbib` (`name`,`parentId`,`volumeId`),
  KEY `idx_ojnoxeqznrsdzwlfrwjnxdaefrjooflejcbq` (`parentId`),
  KEY `idx_ydhrsjckdroleicjswyjgmjtkkjkcvanjfnv` (`volumeId`),
  CONSTRAINT `fk_nnaladgcroserazetjeybnoukfzlkckkjjad` FOREIGN KEY (`volumeId`) REFERENCES `volumes` (`id`) ON DELETE CASCADE,
  CONSTRAINT `fk_uwxzubkmgtegvnpetranyjhtqxmqgkciuvva` FOREIGN KEY (`parentId`) REFERENCES `volumefolders` (`id`) ON DELETE CASCADE
) ENGINE=InnoDB AUTO_INCREMENT=4 DEFAULT CHARSET=utf8mb3;

--
-- Table structure for table `volumes`
--

CREATE TABLE `volumes` (
  `id` int NOT NULL AUTO_INCREMENT,
  `fieldLayoutId` int DEFAULT NULL,
  `name` varchar(255) NOT NULL,
  `handle` varchar(255) NOT NULL,
  `fs` varchar(255) NOT NULL,
  `transformFs` varchar(255) DEFAULT NULL,
  `transformSubpath` varchar(255) DEFAULT NULL,
  `titleTranslationMethod` varchar(255) NOT NULL DEFAULT 'site',
  `titleTranslationKeyFormat` text,
  `sortOrder` smallint unsigned DEFAULT NULL,
  `dateCreated` datetime NOT NULL,
  `dateUpdated` datetime NOT NULL,
  `dateDeleted` datetime DEFAULT NULL,
  `uid` char(36) NOT NULL DEFAULT '0',
  PRIMARY KEY (`id`),
  KEY `idx_qzbchcqgdimzlfuagvmzxgzyttvsdwrraqny` (`name`),
  KEY `idx_dlucvcyxvbnavvsxwdlagjsbjlnbynndsyvg` (`handle`),
  KEY `idx_jzfwzbeotjmbefqpmlcjwqoxgvwdmfiqymjy` (`fieldLayoutId`),
  KEY `idx_rijmbbckuzgwzyjuzrfhmsztokznhcfxsxme` (`dateDeleted`),
  CONSTRAINT `fk_qnwfgsvaudjgigfuybklkypfvgfjzueatqzo` FOREIGN KEY (`fieldLayoutId`) REFERENCES `fieldlayouts` (`id`) ON DELETE SET NULL
) ENGINE=InnoDB AUTO_INCREMENT=2 DEFAULT CHARSET=utf8mb3;

--
-- Table structure for table `widgets`
--

CREATE TABLE `widgets` (
  `id` int NOT NULL AUTO_INCREMENT,
  `userId` int NOT NULL,
  `type` varchar(255) NOT NULL,
  `sortOrder` smallint unsigned DEFAULT NULL,
  `colspan` tinyint DEFAULT NULL,
  `settings` text,
  `enabled` tinyint(1) NOT NULL DEFAULT '1',
  `dateCreated` datetime NOT NULL,
  `dateUpdated` datetime NOT NULL,
  `uid` char(36) NOT NULL DEFAULT '0',
  PRIMARY KEY (`id`),
  KEY `idx_ckyjelptzbmadgokzhnbglwfpgzbfazbyasw` (`userId`),
  CONSTRAINT `fk_rlczrnffushkmldfuzsyjpchebjvfuurzopq` FOREIGN KEY (`userId`) REFERENCES `users` (`id`) ON DELETE CASCADE
) ENGINE=InnoDB AUTO_INCREMENT=5 DEFAULT CHARSET=utf8mb3;

--
-- Dumping routines for database 'awl'
--


--
-- Host: localhost    Database: awl
-- ------------------------------------------------------


--
-- Dumping data for table `addresses`
--

set autocommit=0;
commit;

--
-- Dumping data for table `announcements`
--

set autocommit=0;
commit;

--
-- Dumping data for table `assetindexingsessions`
--

set autocommit=0;
commit;

--
-- Dumping data for table `assets`
--

set autocommit=0;
INSERT INTO `assets` VALUES (44,1,1,1,'ddddd.jpg','image',NULL,3456,2234,1870350,NULL,NULL,NULL,'2022-11-17 00:54:52','2022-11-16 20:54:14','2022-11-17 00:54:52'),(53,1,1,1,'Screenshot-2022-10-21-at-23.35.13.png','image',NULL,1716,1780,12239461,NULL,NULL,NULL,'2022-11-17 00:56:11','2022-11-17 00:56:11','2022-11-17 00:56:11'),(60,1,1,1,'nightsquiggle_dark.png','image',NULL,3456,2234,369175,NULL,NULL,NULL,'2022-11-17 01:00:03','2022-11-17 01:00:04','2022-11-17 01:00:04'),(61,1,1,1,'returns_33.jpg','image',NULL,3456,1982,244439,NULL,NULL,NULL,'2022-11-17 01:01:16','2022-11-17 01:01:16','2022-11-17 01:01:16'),(65,1,1,1,'index.png','image',NULL,3456,2234,557808,NULL,NULL,NULL,'2022-11-17 01:20:03','2022-11-17 01:20:03','2022-11-17 01:20:03'),(70,1,1,1,'leanderherzog-2015-04-28-at-21.29.12.png','image',NULL,2880,1800,163681,NULL,NULL,NULL,'2022-11-17 03:00:18','2022-11-17 03:00:18','2022-11-17 03:00:18'),(115,1,1,1,'Arkhip-Kuindzhi-Forest.jpg','image',NULL,1000,719,78509,NULL,NULL,NULL,'2023-02-07 22:13:07','2023-02-07 22:13:07','2023-02-07 22:13:16'),(120,1,1,1,'DSCF5347.jpg','image',NULL,1333,2000,890503,NULL,NULL,NULL,'2023-02-07 22:19:45','2023-02-07 22:19:45','2023-02-07 22:19:45'),(121,1,1,1,'DSCF5351.jpg','image',NULL,2500,3750,520390,NULL,NULL,NULL,'2023-02-07 22:19:46','2023-02-07 22:19:46','2023-02-07 22:19:46'),(146,1,1,1,'4pm-chaise-lounge-massproductions_dezeen_2364_col_0-1704x1132.jpg','image',NULL,1704,1132,136106,NULL,NULL,NULL,'2023-02-07 23:07:40','2023-02-07 23:07:40','2023-02-07 23:07:40'),(151,1,1,1,'43_Casa_FL_-_©_Federico_Cairoli.jpg','image',NULL,735,1000,464383,NULL,NULL,NULL,'2023-02-07 23:10:05','2023-02-07 23:10:05','2023-02-07 23:10:05'),(152,1,1,1,'57_Casa_FL_-_©_Federico_Cairoli.jpg','image',NULL,739,1000,433760,NULL,NULL,NULL,'2023-02-07 23:10:06','2023-02-07 23:10:06','2023-02-07 23:10:06'),(157,1,1,1,'pyramid-house-df-dc-architecture-residential-switzerland_dezeen_1704_col_7.jpg','image',NULL,1704,2130,497899,NULL,NULL,NULL,'2023-02-07 23:11:05','2023-02-07 23:11:05','2023-02-07 23:11:05'),(158,1,1,1,'pyramid-house-df-dc-architecture-residential-switzerland_dezeen_1704_col_11.jpg','image',NULL,1704,2130,1102388,NULL,NULL,NULL,'2023-02-07 23:11:06','2023-02-07 23:11:06','2023-02-07 23:11:06'),(168,1,1,1,'ffmpeg3.mp4','video',NULL,NULL,NULL,3138548,NULL,NULL,NULL,'2023-02-08 03:29:58','2023-02-08 03:29:58','2023-02-08 03:29:58'),(192,1,1,1,'iPgRjlLE_400x400.jpg','image',NULL,400,400,39786,NULL,NULL,NULL,'2023-02-08 14:21:53','2023-02-08 14:21:53','2023-02-08 14:21:53'),(199,1,1,1,'thoughts.mp4','video',NULL,NULL,NULL,3628469,NULL,NULL,NULL,'2023-02-09 18:33:02','2023-02-09 18:33:02','2023-02-09 18:33:02'),(207,1,1,1,'insanity2160x2160-0001-0240.mp4','video',NULL,NULL,NULL,4439070,NULL,NULL,NULL,'2023-02-09 18:39:19','2023-02-09 18:39:19','2023-02-09 18:39:19'),(215,1,1,1,'Balance0001-0550.mp4','video',NULL,NULL,NULL,3415034,NULL,NULL,NULL,'2023-02-09 19:01:25','2023-02-09 19:01:25','2023-02-09 19:01:25'),(248,1,1,1,'The-layout-in-the-app.png','image',NULL,540,1200,120234,NULL,NULL,NULL,'2023-02-09 19:12:19','2023-02-09 19:12:19','2023-02-09 19:12:19'),(252,1,1,1,'The-layout-in-the-ap1p.png','image',NULL,1080,2400,258969,NULL,NULL,NULL,'2023-02-09 19:12:53','2023-02-09 19:12:52','2023-02-09 19:12:53'),(262,1,1,1,'The-layout-in-the-app_2023-02-09-191609_cpkq.png','image',NULL,1080,1080,749319,NULL,NULL,NULL,'2023-02-09 19:16:09','2023-02-09 19:16:09','2023-02-09 19:16:09'),(269,1,1,1,'13-saatelier-c-norbert-tukaj-1252.jpg','image',NULL,1499,1000,178482,NULL,NULL,NULL,'2023-02-09 19:30:36','2023-02-09 19:30:36','2023-02-09 19:30:36'),(302,1,1,1,'app.png','image',NULL,540,540,149763,NULL,NULL,NULL,'2023-02-09 20:05:38','2023-02-09 20:05:37','2023-02-09 20:05:38'),(309,1,1,1,'The-layout-in-the-app_2023-02-09-200616_jxix.png','image',NULL,1080,1080,749319,NULL,NULL,NULL,'2023-02-09 20:06:16','2023-02-09 20:06:16','2023-02-09 20:06:16'),(439,1,1,1,'Cover1.png','image',NULL,1920,1080,1623251,NULL,NULL,NULL,'2023-02-09 20:11:58','2023-02-09 20:11:58','2023-02-09 20:11:59'),(1031,1,1,1,'Ccccc6.gif','image',NULL,800,450,3441715,NULL,NULL,NULL,'2023-02-09 22:19:12','2023-02-09 22:19:10','2023-02-09 22:19:14'),(1048,1,1,1,'Agglo-361tx.gif','image',NULL,NULL,NULL,2803349,NULL,NULL,NULL,'2023-02-09 22:28:38','2023-02-09 22:28:40','2023-02-09 22:28:40'),(1064,1,1,1,'Ccc134.gif','image',NULL,800,450,2222904,NULL,NULL,NULL,'2023-02-09 22:35:46','2023-02-09 22:35:45','2023-02-09 22:35:48'),(1086,1,1,1,'pack0002-0240.mp4','video',NULL,NULL,NULL,3048914,NULL,NULL,NULL,'2023-02-09 22:50:41','2023-02-09 22:50:41','2023-02-09 22:50:41'),(1172,1,1,1,'m.mp4','video',NULL,NULL,NULL,341607,NULL,NULL,NULL,'2023-02-09 22:59:43','2023-02-09 22:59:43','2023-02-09 22:59:43'),(1351,1,1,1,'E_GcqOYWUAEh9YW.mp4','video',NULL,NULL,NULL,90882,NULL,NULL,NULL,'2023-02-10 14:24:27','2023-02-10 14:24:27','2023-02-10 14:24:27'),(1364,1,1,1,'ezgif.com-gif-maker-2022-12-12T143001.359.gif','image',NULL,800,80,4597393,NULL,NULL,NULL,'2023-02-10 14:26:00','2023-02-10 14:26:00','2023-02-10 14:26:00'),(1380,1,1,1,'ezgif.com-gif-maker-2022-12-12T142427.175.gif','image',NULL,800,80,506314,NULL,NULL,NULL,'2023-02-10 14:27:02','2023-02-10 14:27:02','2023-02-10 14:27:02'),(1409,1,1,1,'ezgif.com-gif-maker-2022-12-12T142100.951.gif','image',NULL,800,80,2578900,NULL,NULL,NULL,'2023-02-10 14:28:57','2023-02-10 14:28:57','2023-02-10 14:28:58'),(1410,1,1,1,'E_GcqOYWUAEh9YW_2023-02-10-143748_evic.mp4','video',NULL,NULL,NULL,90882,NULL,NULL,NULL,'2023-02-10 14:37:48','2023-02-10 14:37:48','2023-02-10 14:37:48'),(1411,1,1,1,'FDgvwEdXoAUJN_i.mp4','video',NULL,NULL,NULL,583626,NULL,NULL,NULL,'2023-02-10 14:38:11','2023-02-10 14:38:11','2023-02-10 14:38:11'),(1412,1,1,1,'E_JV1SHX0AE8Z4g.mp4','video',NULL,NULL,NULL,45740,NULL,NULL,NULL,'2023-02-10 14:38:34','2023-02-10 14:38:34','2023-02-10 14:38:34'),(1413,1,1,1,'FJD9GK0XoAAoI4T.mp4','video',NULL,NULL,NULL,135399,NULL,NULL,NULL,'2023-02-10 14:39:00','2023-02-10 14:38:59','2023-02-10 14:39:00'),(1418,1,1,1,'E_BX4QfXsAUIhB0-1.mp4','video',NULL,NULL,NULL,865769,NULL,NULL,NULL,'2023-02-10 14:40:15','2023-02-10 14:40:15','2023-02-10 14:40:15'),(1433,1,1,1,'ezgif.com-gif-to-mp4.mp4','video',NULL,NULL,NULL,49050,NULL,NULL,NULL,'2023-02-10 19:58:17','2023-02-10 19:58:17','2023-02-10 19:58:17'),(1509,1,1,1,'E_LgleIXsAYvl_M.mp4','video',NULL,NULL,NULL,202590,NULL,NULL,NULL,'2023-02-10 20:23:21','2023-02-10 20:23:21','2023-02-10 20:23:21'),(1635,1,1,1,'1080p-optimized-file-size-version.mp4','video',NULL,NULL,NULL,3930832,NULL,NULL,NULL,'2023-02-11 23:34:26','2023-02-11 23:34:26','2023-02-11 23:34:26'),(1677,1,1,1,'Warm.mp4','video',NULL,NULL,NULL,26655010,NULL,NULL,NULL,'2023-02-12 23:18:36','2023-02-12 23:18:36','2023-02-12 23:18:36'),(1678,1,1,1,'noodle0001-0100.mp4','video',NULL,NULL,NULL,5205039,NULL,NULL,NULL,'2023-02-12 23:22:07','2023-02-12 23:22:04','2023-02-12 23:22:07'),(1680,1,1,1,'The-wheelchair-symbol0001-0300.mp4','video',NULL,NULL,NULL,16409176,NULL,NULL,NULL,'2023-02-16 09:27:37','2023-02-16 09:27:37','2023-02-16 09:27:37'),(1681,1,1,1,'wide-version-wheelchair-symbol0001-0300.mp4','video',NULL,NULL,NULL,16580728,NULL,NULL,NULL,'2023-02-16 09:29:04','2023-02-16 09:29:04','2023-02-16 09:29:04'),(1682,1,1,1,'wide-version-wheelchair-symbol0001-0300_2023-02-16-092935_dcal.mp4','video',NULL,NULL,NULL,16580728,NULL,NULL,NULL,'2023-02-16 09:29:35','2023-02-16 09:29:35','2023-02-16 09:29:35'),(1683,1,1,1,'The-wheelchair-symbol0001-0300_2023-02-16-093043_szng.mp4','video',NULL,NULL,NULL,16409176,NULL,NULL,NULL,'2023-02-16 09:30:43','2023-02-16 09:30:43','2023-02-16 09:30:43'),(1706,1,1,1,'wqqqq0001-0101.mp4','video',NULL,NULL,NULL,2474754,NULL,NULL,NULL,'2023-02-19 09:59:39','2023-02-19 09:59:39','2023-02-19 09:59:39'),(2217,1,1,1,'wqqq0001-0101.mp4','video',NULL,NULL,NULL,1623521,NULL,NULL,NULL,'2023-02-19 10:09:09','2023-02-19 10:09:09','2023-02-19 10:09:09'),(2708,1,1,1,'SM-1.mp4','video',NULL,NULL,NULL,4322045,NULL,NULL,NULL,'2023-02-19 10:14:20','2023-02-19 10:14:20','2023-02-19 10:14:20'),(5439,1,1,1,'61GYFGb0jXL._AC_SL1500_-removebg-preview.png','image',NULL,609,410,319980,NULL,NULL,NULL,'2023-02-19 10:40:08','2023-02-19 10:40:08','2023-02-19 10:40:08'),(5489,1,1,1,'SM-2.mp4','video',NULL,NULL,NULL,4706286,NULL,NULL,NULL,'2023-02-19 11:00:59','2023-02-19 11:00:59','2023-02-19 11:00:59'),(5509,1,1,1,'S0000-0099.mp4','video',NULL,NULL,NULL,1928959,NULL,NULL,NULL,'2023-02-20 01:48:07','2023-02-20 01:48:01','2023-02-20 01:48:07'),(5833,1,1,1,'67566577009.png','image',NULL,1080,1080,729562,NULL,NULL,NULL,'2023-02-20 02:07:03','2023-02-20 02:06:58','2023-02-20 02:07:03'),(6023,1,1,1,'knobs-on-a-screen0001-0059.mp4','video',NULL,NULL,NULL,2247118,NULL,NULL,NULL,'2023-02-20 02:15:42','2023-02-20 02:15:40','2023-02-20 02:15:43'),(6346,1,1,1,'knob-wave-2160x2160-0001-0080.mp4','video',NULL,NULL,NULL,1913509,NULL,NULL,NULL,'2023-02-20 02:31:58','2023-02-20 02:31:58','2023-02-20 02:31:58'),(8375,1,1,1,'Cylinder-b0001-0326.mp4','video',NULL,NULL,NULL,5689598,NULL,NULL,NULL,'2023-02-20 03:35:12','2023-02-20 03:35:12','2023-02-20 03:35:12'),(8416,1,1,1,'awl-about.mp4','video',NULL,NULL,NULL,513490,NULL,NULL,NULL,'2023-02-22 04:07:28','2023-02-22 04:07:28','2023-02-22 04:07:28'),(8419,1,1,1,'angry-cute0001-0120.mp4','video',NULL,NULL,NULL,5607101,NULL,NULL,NULL,'2023-02-22 12:23:34','2023-02-22 12:23:34','2023-02-22 12:23:34'),(8455,1,1,1,'color-list-v20001-0200.mp4','video',NULL,NULL,NULL,6787645,NULL,NULL,NULL,'2023-02-22 12:28:58','2023-02-22 12:28:57','2023-02-22 12:28:58'),(8592,1,1,1,'0100-0199.mp4','video',NULL,NULL,NULL,1203010,NULL,NULL,NULL,'2023-02-22 12:41:36','2023-02-22 12:41:36','2023-02-22 12:41:36'),(8612,1,1,1,'ezgif-1-155327e982.mp4','video',NULL,NULL,NULL,12079447,NULL,NULL,NULL,'2023-03-14 09:35:39','2023-03-14 09:35:39','2023-03-14 09:35:40'),(9225,1,1,1,'ezgif.com-crop-13.mp4','video',NULL,NULL,NULL,2109264,NULL,NULL,NULL,'2023-03-23 04:41:55','2023-03-23 04:41:55','2023-03-23 04:41:55'),(10338,1,1,1,'bd00360000-0096.mp4','video',NULL,NULL,NULL,1684357,NULL,NULL,NULL,'2023-03-23 05:00:06','2023-03-23 05:00:06','2023-03-23 05:00:06'),(10350,1,1,1,'ev0001-0150.mp4','video',NULL,NULL,NULL,1510709,NULL,NULL,NULL,'2023-03-23 05:01:19','2023-03-23 05:01:19','2023-03-23 05:01:19'),(12626,1,1,1,'fuvyfyf0001-0059.mp4','video',NULL,NULL,NULL,602351,NULL,NULL,NULL,'2023-03-23 05:19:50','2023-03-23 05:19:50','2023-03-23 05:19:50');
commit;

--
-- Dumping data for table `categories`
--

set autocommit=0;
commit;

--
-- Dumping data for table `categorygroups`
--

set autocommit=0;
commit;

--
-- Dumping data for table `categorygroups_sites`
--

set autocommit=0;
commit;

--
-- Dumping data for table `changedattributes`
--

set autocommit=0;
INSERT INTO `changedattributes` VALUES (1,1,'firstName','2023-02-05 13:57:09',0,1),(1,1,'fullName','2023-02-05 13:57:09',0,1),(1,1,'username','2023-02-05 13:57:09',0,1),(17,1,'postDate','2022-11-16 16:54:13',0,1),(17,1,'slug','2022-11-16 16:54:12',0,1),(17,1,'title','2023-02-08 19:27:34',0,1),(17,1,'uri','2022-11-16 16:54:12',0,1),(20,1,'enabled','2023-02-09 23:05:08',0,1),(20,1,'postDate','2022-11-16 17:01:57',0,1),(20,1,'slug','2022-11-16 17:01:50',0,1),(20,1,'title','2022-11-16 17:01:50',0,1),(21,1,'postDate','2022-11-16 17:06:14',0,1),(21,1,'slug','2022-11-16 17:06:12',0,1),(21,1,'title','2023-02-07 17:49:24',0,1),(21,1,'uri','2022-11-16 17:06:12',0,1),(185,1,'postDate','2023-02-08 14:01:47',0,1),(185,1,'slug','2023-02-08 14:01:36',0,1),(185,1,'title','2023-02-10 20:35:31',0,1),(186,1,'postDate','2023-02-08 14:02:02',0,1),(186,1,'slug','2023-02-08 14:01:52',0,1),(186,1,'title','2023-02-08 14:01:52',0,1),(197,1,'postDate','2023-02-09 20:37:16',0,1),(197,1,'slug','2023-02-09 18:27:08',0,1),(197,1,'title','2023-02-09 18:27:08',0,1),(197,1,'uri','2023-02-09 18:27:08',0,1),(1173,1,'enabled','2023-02-12 00:04:44',0,1),(1173,1,'postDate','2023-02-10 14:18:40',0,1),(1173,1,'slug','2023-02-10 14:03:10',0,1),(1173,1,'title','2023-02-10 14:03:12',0,1),(1173,1,'uri','2023-02-10 14:03:10',0,1),(1174,1,'slug','2023-02-10 14:04:05',0,1),(1174,1,'title','2023-02-10 14:04:05',0,1),(1345,1,'postDate','2023-02-10 20:25:43',0,1),(1345,1,'slug','2023-02-10 20:28:16',0,1),(1345,1,'title','2023-02-10 14:22:48',0,1),(1345,1,'uri','2023-02-10 14:22:48',0,1),(1625,1,'title','2023-02-11 23:18:30',0,1),(1684,1,'postDate','2023-02-17 05:09:24',0,1),(1684,1,'slug','2023-02-17 05:09:06',0,1),(1684,1,'title','2023-02-17 05:09:06',0,1),(1704,1,'postDate','2023-02-19 10:45:37',0,1),(1704,1,'slug','2023-02-19 09:58:03',0,1),(1704,1,'title','2023-02-19 10:58:09',0,1),(1704,1,'uri','2023-02-19 09:58:03',0,1),(5502,1,'title','2023-02-19 11:42:04',0,1),(5503,1,'postDate','2023-02-20 01:58:52',0,1),(5503,1,'slug','2023-02-20 03:06:19',0,1),(5503,1,'title','2023-02-20 03:06:19',0,1),(5503,1,'uri','2023-02-20 01:46:48',0,1),(8417,1,'postDate','2023-02-22 12:42:18',0,1),(8417,1,'slug','2023-03-14 09:25:23',0,1),(8417,1,'title','2023-02-22 12:44:00',0,1),(8417,1,'uri','2023-02-22 12:23:53',0,1),(8610,1,'postDate','2023-03-23 05:42:15',0,1),(8610,1,'slug','2023-03-14 09:28:08',0,1),(8610,1,'title','2023-03-23 05:42:15',0,1),(8610,1,'uri','2023-03-14 09:28:08',0,1),(8898,1,'postDate','2023-03-23 05:41:43',0,1),(8898,1,'slug','2023-03-23 07:14:50',0,1),(8898,1,'title','2023-03-23 07:14:50',0,1),(8898,1,'uri','2023-03-23 04:22:47',0,1),(15574,1,'slug','2023-06-07 22:37:25',0,1),(15574,1,'title','2023-06-07 22:40:49',0,1),(15574,1,'uri','2023-06-07 22:37:25',0,1);
commit;

--
-- Dumping data for table `changedfields`
--

set autocommit=0;
INSERT INTO `changedfields` VALUES (17,1,1,'2023-02-23 13:38:40',0,1),(20,1,7,'2022-11-16 17:01:56',0,1),(21,1,1,'2023-02-11 21:29:04',0,1),(78,1,2,'2023-02-07 22:06:30',0,1),(100,1,4,'2023-02-09 20:42:35',0,1),(101,1,3,'2023-02-07 22:13:19',0,1),(127,1,2,'2023-02-23 13:38:40',0,1),(185,1,16,'2023-02-10 20:35:31',0,1),(185,1,18,'2023-02-09 19:56:07',0,1),(186,1,16,'2023-02-09 19:54:43',0,1),(186,1,18,'2023-02-09 19:54:43',0,1),(197,1,1,'2023-02-12 20:09:29',0,1),(197,1,17,'2023-02-09 20:24:16',0,1),(197,1,24,'2023-02-19 04:18:08',0,1),(212,1,3,'2023-02-09 22:59:47',0,1),(213,1,2,'2023-02-09 19:00:42',0,1),(991,1,2,'2023-02-12 20:09:29',0,1),(993,1,2,'2023-02-12 20:09:29',0,1),(995,1,2,'2023-02-12 20:09:29',0,1),(1162,1,4,'2023-02-12 20:09:29',0,1),(1166,1,2,'2023-02-12 20:09:29',0,1),(1169,1,2,'2023-02-12 20:09:29',0,1),(1173,1,1,'2023-02-11 23:59:07',0,1),(1173,1,17,'2023-02-10 14:04:18',0,1),(1344,1,2,'2023-02-11 23:59:07',0,1),(1345,1,1,'2023-02-12 20:07:37',0,1),(1345,1,17,'2023-02-10 14:22:22',0,1),(1401,1,2,'2023-02-12 20:07:37',0,1),(1402,1,3,'2023-02-10 14:37:49',0,1),(1403,1,2,'2023-02-12 20:07:37',0,1),(1404,1,3,'2023-02-10 14:38:12',0,1),(1405,1,2,'2023-02-12 20:07:37',0,1),(1406,1,3,'2023-02-10 14:38:35',0,1),(1407,1,2,'2023-02-12 20:07:37',0,1),(1408,1,3,'2023-02-10 14:39:01',0,1),(1427,1,2,'2023-02-12 20:07:37',0,1),(1430,1,3,'2023-02-10 19:58:18',0,1),(1570,1,2,'2023-02-12 20:07:37',0,1),(1572,1,2,'2023-02-12 20:07:37',0,1),(1574,1,2,'2023-02-12 20:07:37',0,1),(1576,1,2,'2023-02-12 20:07:37',0,1),(1625,1,1,'2023-02-22 03:59:30',0,1),(1631,1,2,'2023-02-22 03:59:30',0,1),(1684,1,7,'2023-02-17 05:09:21',0,1),(1704,1,1,'2023-02-19 11:01:03',0,1),(1704,1,17,'2023-02-19 09:58:30',0,1),(1704,1,24,'2023-02-19 09:58:20',0,1),(5481,1,2,'2023-02-19 10:56:11',0,1),(5495,1,3,'2023-02-22 04:07:31',0,1),(5503,1,1,'2023-02-22 12:48:19',0,1),(5503,1,17,'2023-02-20 01:47:03',0,1),(5757,1,2,'2023-02-20 17:42:13',0,1),(6038,1,2,'2023-02-20 02:58:30',0,1),(6040,1,2,'2023-02-20 17:41:42',0,1),(7711,1,2,'2023-02-21 06:51:50',0,1),(7713,1,2,'2023-02-21 06:51:50',0,1),(8350,1,2,'2023-02-20 03:35:55',0,1),(8379,1,2,'2023-02-22 12:48:19',0,1),(8417,1,1,'2023-02-22 12:41:37',0,1),(8417,1,17,'2023-02-22 12:22:06',0,1),(8610,1,1,'2023-03-14 10:27:46',0,1),(8610,1,17,'2023-03-14 09:28:43',0,1),(8610,1,24,'2023-03-14 09:28:28',0,1),(8880,1,2,'2023-03-14 10:27:23',0,1),(8881,1,2,'2023-03-14 09:59:14',0,1),(8882,1,2,'2023-03-14 10:27:32',0,1),(8883,1,2,'2023-03-14 09:55:52',0,1),(8884,1,2,'2023-03-14 10:27:42',0,1),(8885,1,2,'2023-03-14 10:19:22',0,1),(8886,1,2,'2023-03-14 10:27:46',0,1),(8887,1,2,'2023-03-14 10:26:42',0,1),(8898,1,1,'2023-03-23 05:57:02',0,1),(8898,1,17,'2023-03-23 04:21:15',0,1),(8898,1,24,'2023-03-23 04:25:03',0,1),(15568,1,2,'2023-03-23 05:57:01',0,1),(15574,1,1,'2023-06-07 22:41:30',0,1),(15574,1,17,'2023-06-07 22:37:37',0,1),(15574,1,24,'2023-06-07 22:37:29',0,1);
commit;

--
-- Dumping data for table `content`
--

set autocommit=0;
INSERT INTO `content` VALUES (1,1,1,NULL,'2022-11-16 03:15:01','2023-02-05 13:57:08','54ae59b4-2e2e-4a4d-97cb-615e07d8f429',NULL,NULL,NULL,NULL,NULL),(7,16,1,NULL,'2022-11-16 16:49:21','2023-02-19 03:37:03','a15a0877-f5d5-4c98-b4c8-6b28913067e4',NULL,NULL,NULL,NULL,NULL),(8,17,1,'About','2022-11-16 16:54:09','2023-02-23 13:38:40','d802450d-9bca-4d6c-a178-683d4999059a',NULL,NULL,NULL,NULL,NULL),(11,20,1,'Example','2022-11-16 17:01:47','2023-02-09 23:05:08','bd3cd962-cf62-4426-ac37-6052a7a45c8e','https://example.com',NULL,NULL,NULL,NULL),(12,21,1,'The Styleguide','2022-11-16 17:06:08','2023-02-11 21:29:04','1fbfcc91-a885-4d74-9f3d-5bd123c1b80c',NULL,NULL,NULL,NULL,NULL),(21,44,1,'Ddddd','2022-11-16 20:54:13','2022-11-17 00:54:51','f7f05ff7-da4a-4aca-b01e-f499f9b20df9',NULL,NULL,NULL,NULL,NULL),(27,53,1,'Screenshot 2022 10 21 at 23 35 13','2022-11-17 00:56:10','2022-11-17 00:56:10','c6858c4b-c523-48c7-a766-f54f576d331f',NULL,NULL,NULL,NULL,NULL),(32,60,1,'Nightsquiggle dark','2022-11-17 01:00:01','2022-11-17 01:00:01','37d34c81-6d49-4433-8e7e-e36344035c72',NULL,NULL,NULL,NULL,NULL),(33,61,1,'Returns 33','2022-11-17 01:01:15','2022-11-17 01:01:15','53c96ff0-d4e3-448b-831a-e20ad389cbe6',NULL,NULL,NULL,NULL,NULL),(35,65,1,'Index','2022-11-17 01:20:02','2022-11-17 01:20:02','29da162f-8a80-48a4-a764-d31bb77ed87d',NULL,NULL,NULL,NULL,NULL),(37,70,1,'Leanderherzog 2015 04 28 at 21 29 12','2022-11-17 03:00:15','2022-11-17 03:00:15','11ed0a71-447d-4a18-9426-c931bfc1ba4f',NULL,NULL,NULL,NULL,NULL),(39,74,1,NULL,'2023-02-07 02:32:05','2023-02-19 04:01:31','d7df1394-e540-4c21-8101-3bcae3992790',NULL,'Art without limits, unlock your full artistic potential.',NULL,NULL,NULL),(53,115,1,'Arkhip Kuindzhi Forest','2023-02-07 22:13:07','2023-02-11 21:40:52','79d97fe7-9c55-4d0b-a54d-416cc3b44b5f',NULL,NULL,NULL,'This is the caption',NULL),(56,120,1,'DSCF5347','2023-02-07 22:19:44','2023-02-09 22:52:26','d09e8c44-a598-4868-a24c-7ee3f2bb4472',NULL,NULL,NULL,'image two',NULL),(57,121,1,'DSCF5351','2023-02-07 22:19:45','2023-02-09 22:52:19','ce07025f-9d53-448b-9a5e-276934697f20',NULL,NULL,NULL,'image one',NULL),(65,146,1,'4pm chaise lounge massproductions dezeen 2364 col 0 1704x1132','2023-02-07 23:07:40','2023-02-07 23:07:40','cd9f3393-63e5-47cb-8a0b-d896aef7e054',NULL,NULL,NULL,NULL,NULL),(68,151,1,'43 Casa FL Federico Cairoli','2023-02-07 23:10:05','2023-02-07 23:10:05','54031c7e-3b8f-4afd-9958-b3cfbfe7dc3f',NULL,NULL,NULL,NULL,NULL),(69,152,1,'57 Casa FL Federico Cairoli','2023-02-07 23:10:06','2023-02-07 23:10:06','b59abab3-bc83-4fa3-a1b6-831b3851f772',NULL,NULL,NULL,NULL,NULL),(71,157,1,'Pyramid house df dc architecture residential switzerland dezeen 1704 col 7','2023-02-07 23:11:05','2023-02-07 23:11:05','4297340f-aa94-4b16-9e99-82b89a9c892a',NULL,NULL,NULL,NULL,NULL),(72,158,1,'Pyramid house df dc architecture residential switzerland dezeen 1704 col 11','2023-02-07 23:11:05','2023-02-07 23:11:05','c0509cc0-501d-4f9b-9059-d907ce4c14c3',NULL,NULL,NULL,NULL,NULL),(76,168,1,'Ffmpeg3','2023-02-08 03:29:58','2023-02-08 03:29:58','465cbee7-d0f4-409b-8ce5-70f7eebc1e03',NULL,NULL,NULL,NULL,NULL),(81,185,1,'ARC','2023-02-08 14:01:33','2023-02-10 20:35:31','bb265c8d-6366-44a8-8cdc-d40e1ec97160',NULL,NULL,'<p>Artist, founder of <a dir=\"ltr\" href=\"https://t.co/IAgsVNcmdQ\" target=\"_blank\" rel=\"noreferrer noopener\">awl.studio</a> <a dir=\"ltr\" href=\"https://twitter.com/search?q=%23800x80&amp;src=hashtag_click\">#800x80</a> <br /></p>',NULL,NULL),(82,186,1,'Guest','2023-02-08 14:01:49','2023-02-09 19:54:43','a020d4f4-08f8-462e-9f36-3e7734268598',NULL,NULL,NULL,NULL,NULL),(88,192,1,'Img','2023-02-08 14:21:53','2023-02-10 20:33:41','d5cf9840-eecb-4b5d-b920-63c9b863cc7c',NULL,NULL,NULL,NULL,NULL),(93,197,1,'How I use blender with a disability','2023-02-09 18:26:36','2023-02-19 04:18:08','c09114de-453e-4a86-8624-544f4b21238f',NULL,NULL,NULL,NULL,'My method and tools are very specific to my own needs.'),(94,199,1,'Thoughts','2023-02-09 18:33:02','2023-02-09 18:33:02','6d64710f-49b0-4a76-970f-b4fa06efdbaa',NULL,NULL,NULL,NULL,NULL),(95,207,1,'Insanity2160x2160 0001 0240','2023-02-09 18:39:19','2023-02-09 18:39:19','447d080d-c73f-4334-8253-ad45ebc9a32b',NULL,NULL,NULL,NULL,NULL),(96,215,1,'Balance0001 0550','2023-02-09 19:01:25','2023-02-09 19:01:25','73a5b909-b63d-4440-839c-f920e8e5a887',NULL,NULL,NULL,NULL,NULL),(97,248,1,'The layout in the app','2023-02-09 19:12:18','2023-02-09 19:12:19','428be9ac-2552-4205-ae90-5b444c717b21',NULL,NULL,NULL,NULL,NULL),(98,252,1,'The layout in the ap1p','2023-02-09 19:12:52','2023-02-09 19:12:53','c388369b-9c2f-4f4f-b024-8887d723908f',NULL,NULL,NULL,NULL,NULL),(99,262,1,'The layout in the app','2023-02-09 19:16:08','2023-02-09 19:16:09','5860c105-41b9-4daa-ad35-128ccc24cb0c',NULL,NULL,NULL,NULL,NULL),(101,269,1,'Heloo','2023-02-09 19:30:35','2023-02-11 21:43:51','51c43036-4117-422f-bf2e-f73638073961',NULL,NULL,NULL,'If all goes as expected, a pump will suck water from the Pacific Ocean through a 3-inch-wide pipe into a metal box roughly the size of a delivery van. An electrical charge flowing through that box will spark a series of chemical reactions. The water will flow out through another pipe and back into the ocean.',NULL),(103,302,1,'App','2023-02-09 20:05:37','2023-02-09 20:05:38','5d90f936-01db-429b-ba5c-8923bb3e0ef5',NULL,NULL,NULL,NULL,NULL),(104,309,1,'The layout in the app','2023-02-09 20:06:15','2023-02-09 20:06:16','6d48bb33-3186-4242-ba07-b549ea7e508d',NULL,NULL,NULL,NULL,NULL),(106,439,1,'Trackpad','2023-02-09 20:11:55','2023-02-09 20:14:40','6e25f9b7-28e5-42fb-a86a-6627bdfe5a78',NULL,NULL,NULL,NULL,NULL),(109,1031,1,'It\'s working!','2023-02-09 22:19:03','2023-02-09 22:33:34','c256d2d0-d39e-4866-af6d-66b487f012b9',NULL,NULL,NULL,NULL,NULL),(111,1048,1,'Agglo 361tx','2023-02-09 22:28:29','2023-02-09 22:28:29','8cd8baa0-46de-477f-bb90-ba39fa3e0bf7',NULL,NULL,NULL,NULL,NULL),(112,1064,1,':D','2023-02-09 22:35:43','2023-02-09 22:39:36','45cb8b9a-2da7-4f0a-b86d-f26461d77b0f',NULL,NULL,NULL,NULL,NULL),(113,1086,1,'Pack0002 0240','2023-02-09 22:50:40','2023-02-09 22:50:41','c82519a4-bb8e-4a91-9593-91d0abd81e84',NULL,NULL,NULL,NULL,NULL),(115,1172,1,'M','2023-02-09 22:59:43','2023-02-09 22:59:43','8d9a15ed-f69a-4a0f-9c3a-b7a3a4d625e5',NULL,NULL,NULL,NULL,NULL),(116,1173,1,'My talk at NFT in America presented by Najd','2023-02-10 14:01:36','2023-02-12 00:04:44','b6caba9e-b696-4800-90e6-7c1e5a35471e',NULL,NULL,NULL,NULL,NULL),(117,1174,1,'Najd','2023-02-10 14:03:52','2023-02-10 14:04:05','4f1b4e64-470a-43f6-80d8-f1ab336685a7',NULL,NULL,NULL,NULL,NULL),(118,1345,1,'The history of 800x80','2023-02-10 14:22:16','2023-02-12 20:07:37','9e02d8f1-fa21-4d18-92f3-b7f45ae0a2bf',NULL,NULL,NULL,NULL,NULL),(119,1351,1,'E Gcq OYWUA Eh9 YW','2023-02-10 14:24:27','2023-02-10 14:24:27','c4a55748-aef6-41ec-97c0-e9708dffe9ef',NULL,NULL,NULL,NULL,NULL),(120,1364,1,'Ezgif com gif maker 2022 12 12 T143001 359','2023-02-10 14:25:59','2023-02-10 14:26:00','f3ca0133-6a5b-4a88-a641-c828e2a81243',NULL,NULL,NULL,NULL,NULL),(121,1380,1,'Ezgif com gif maker 2022 12 12 T142427 175','2023-02-10 14:27:02','2023-02-10 14:27:02','e4b34090-4bb5-4a3f-be50-7c8e8efe1ff0',NULL,NULL,NULL,NULL,NULL),(122,1409,1,'Ezgif com gif maker 2022 12 12 T142100 951','2023-02-10 14:28:57','2023-02-10 14:28:57','dcd195e4-fcdc-41f5-a409-3c6e9c8b28ba',NULL,NULL,NULL,NULL,NULL),(123,1410,1,'E Gcq OYWUA Eh9 YW','2023-02-10 14:37:48','2023-02-11 21:42:25','27ef67af-1adc-4de4-b404-60733f4e3f3e',NULL,NULL,NULL,'800x80 by @Zants',NULL),(124,1411,1,'F Dgvw Ed Xo AUJN i','2023-02-10 14:38:11','2023-02-11 21:42:55','38f1c98b-beca-4712-8edd-e794b61a2561',NULL,NULL,NULL,'800x80 by @loackme_',NULL),(125,1412,1,'E JV1 SHX0 AE8 Z4g','2023-02-10 14:38:34','2023-02-11 21:43:16','aadb532c-2f98-4667-889a-16b1d3284ac9',NULL,NULL,NULL,'800x80 by @Guandanarian',NULL),(126,1413,1,'00','2023-02-10 14:38:59','2023-02-11 21:44:55','37d79f88-3a6a-4f75-8b6f-49652b4a665c',NULL,NULL,NULL,'800x80 by @annaluciacodes',NULL),(127,1418,1,'E BX4 Qf Xs AU Ih B0 1','2023-02-10 14:40:15','2023-02-11 21:44:06','1094c9e2-d4cc-478f-92d8-9964ca656fb5',NULL,NULL,NULL,'800x80 by @vncntxyz',NULL),(130,1433,1,'Ezgif com gif to mp4','2023-02-10 19:58:17','2023-02-11 21:48:28','1e20a516-57a9-42e6-9e1c-0a3e599280d5',NULL,NULL,NULL,'The first 800x80 i made',NULL),(131,1509,1,'E Lgle I Xs A Yvl M','2023-02-10 20:23:21','2023-02-11 21:45:20','7484ce54-f23a-4ff1-8f9b-dc11da08b94b',NULL,NULL,NULL,'800x80 by @Acerola_t',NULL),(147,1625,1,'Art without limits','2023-02-11 23:07:53','2023-02-22 03:59:30','11b0427a-c46d-4b03-9146-1da49fb6834c',NULL,NULL,NULL,NULL,NULL),(151,1635,1,'1080p optimized file size version','2023-02-11 23:34:26','2023-02-11 23:34:26','0622a73b-3cb5-45b8-a8e7-242f3bce6d99',NULL,NULL,NULL,NULL,NULL),(164,1677,1,'Warm','2023-02-12 23:18:36','2023-02-12 23:18:36','2675e1ce-8e74-4498-914d-af5df3e90bcd',NULL,NULL,NULL,NULL,NULL),(165,1678,1,'Noodle0001 0100','2023-02-12 23:22:04','2023-02-12 23:22:07','1de3c545-e5c5-49b4-b0d7-2fde2652dae8',NULL,NULL,NULL,NULL,NULL),(166,1679,1,'All Articles','2023-02-13 00:40:14','2023-02-13 00:40:28','86dd89ad-8d4b-4a0d-a194-68d56ca9019a',NULL,NULL,NULL,NULL,NULL),(167,1680,1,'The wheelchair symbol0001 0300','2023-02-16 09:27:36','2023-02-16 09:27:37','c6e2a87f-a81c-487b-914e-b33dc091f3d0',NULL,NULL,NULL,NULL,NULL),(168,1681,1,'Wide version wheelchair symbol0001 0300','2023-02-16 09:29:04','2023-02-16 09:29:04','acbab8e5-7567-4070-9baa-962d55099919',NULL,NULL,NULL,NULL,NULL),(169,1682,1,'Wide version wheelchair symbol0001 0300','2023-02-16 09:29:35','2023-02-16 09:29:35','e2c5953d-5ef9-4204-bf50-2ceac22e9869',NULL,NULL,NULL,NULL,NULL),(170,1683,1,'The wheelchair symbol0001 0300','2023-02-16 09:30:43','2023-02-16 09:30:43','d2340c63-cd22-4e77-a707-018efb67a650',NULL,NULL,NULL,NULL,NULL),(171,1684,1,'Articles','2023-02-17 05:09:02','2023-02-17 05:09:24','ab122661-5b70-466e-aedf-200f72652ba1','/#articles',NULL,NULL,NULL,NULL),(179,1704,1,'The wheelchair art project','2023-02-19 09:57:40','2023-02-19 11:01:03','ffe0cdc1-bacf-4dd6-b8b0-91e89b1f84f7',NULL,NULL,NULL,NULL,NULL),(180,1706,1,'Wqqqq0001 0101','2023-02-19 09:59:39','2023-02-19 10:04:44','bde632cc-5a5e-470f-b54c-b7d8a3527cc7',NULL,NULL,NULL,'A visualization, wheelchair model not accurate',NULL),(181,2217,1,'Wqqq0001 0101','2023-02-19 10:09:09','2023-02-19 10:09:22','2c305b4b-51f8-4ac5-992a-75442613aac0',NULL,NULL,NULL,'A visualization, wheelchair model not accurate',NULL),(182,2708,1,'SM 1','2023-02-19 10:14:20','2023-02-19 10:14:20','c86a8150-c424-456e-b6d5-94487d4f1c09',NULL,NULL,NULL,NULL,NULL),(183,5439,1,'61 GYF Gb0j XL AC SL1500 removebg preview','2023-02-19 10:40:07','2023-02-19 10:40:08','c3d64745-9c91-48f0-93d9-6e281a960a00',NULL,NULL,NULL,NULL,NULL),(189,5489,1,'SM 2','2023-02-19 11:00:59','2023-02-19 11:00:59','3c2e52ad-428f-43e1-a1b4-22d68a4c29b1',NULL,NULL,NULL,NULL,NULL),(194,5502,1,'The wheelchair art project','2023-02-19 11:41:54','2023-02-19 11:42:04','eb5741c5-a8fb-4054-8f7d-dfe33a3a7349',NULL,NULL,NULL,NULL,NULL),(195,5503,1,'Preserving energy while creating art','2023-02-20 01:45:25','2023-02-22 12:48:19','59cabe00-bf62-4104-87ea-8c2eb96b8fee',NULL,NULL,NULL,NULL,NULL),(196,5509,1,'S0000 0099','2023-02-20 01:48:01','2023-02-20 02:53:02','05488b5d-1a51-472c-bb01-61ea1eb70d3f',NULL,NULL,NULL,'an artwork collaboration with @TatsuyaBot',NULL),(198,5833,1,'67566577009','2023-02-20 02:06:57','2023-02-20 02:53:34','5f59a00d-6ba3-480c-8e4c-486377d4845c',NULL,NULL,NULL,'My starter file',NULL),(199,6023,1,'Knobs on a screen0001 0059','2023-02-20 02:15:40','2023-02-20 02:15:42','8f531e20-7a09-45e0-bb31-f738d396ed26',NULL,NULL,NULL,NULL,NULL),(201,6346,1,'Knob wave 2160x2160 0001 0080','2023-02-20 02:31:58','2023-02-20 02:31:58','dce717fb-0b43-4e8a-a4f3-5398e8bac861',NULL,NULL,NULL,NULL,NULL),(209,8375,1,'Cylinder b0001 0326','2023-02-20 03:35:12','2023-02-20 03:35:12','079eca38-da43-4680-9b2a-7548d2c804d3',NULL,NULL,NULL,NULL,NULL),(219,8416,1,'Awl about','2023-02-22 04:07:28','2023-02-22 04:07:28','effd5ef0-db14-4bbb-8d82-60d379ff470f',NULL,NULL,NULL,NULL,NULL),(220,8417,1,'it doesn\'t have to be ugly! the aesthetics of everything made for disabled people','2023-02-22 12:21:59','2023-03-14 09:25:23','392e0c99-55b8-46ce-8523-9676c01c70d6',NULL,NULL,NULL,NULL,NULL),(221,8419,1,'Angry cute0001 0120','2023-02-22 12:23:34','2023-02-22 12:23:34','8623df2a-1500-421c-8009-268f0aa93e48',NULL,NULL,NULL,NULL,NULL),(222,8455,1,'Color list v20001 0200','2023-02-22 12:28:57','2023-02-22 12:28:58','87b328c8-685e-4313-b854-7bd9977db678',NULL,NULL,NULL,NULL,NULL),(223,8592,1,'0100 0199','2023-02-22 12:41:36','2023-02-22 12:41:36','b154dee8-bedc-4c2a-92a5-111cc919fd33',NULL,NULL,NULL,NULL,NULL),(230,8610,1,'ARC asks Leander Herzog a few questions','2023-03-14 09:25:29','2023-03-23 05:42:16','d7a8da57-9c66-40c0-94c1-6b62cd1b3e22',NULL,NULL,NULL,NULL,'An interview with Leander Herzog'),(231,8612,1,'Ezgif 1 155327e982','2023-03-14 09:35:39','2023-03-14 09:36:36','e7537e60-1f14-4ba7-a355-b5b8af7bacd6',NULL,NULL,NULL,'Stream by Leander Herzog',NULL),(233,8898,1,'Using AI to create your own accessibility tools','2023-03-23 04:21:05','2023-03-23 07:14:49','e15452c5-450d-4765-8fce-51312389389f',NULL,NULL,NULL,NULL,'The potential of artificial intelligence in helping people with disabilities'),(234,9225,1,'Ezgif com crop 13','2023-03-23 04:41:55','2023-03-23 05:46:44','4de82a3e-6968-429b-87e3-35fca79f07c9',NULL,NULL,NULL,'A custom auto scroll chrome extension',NULL),(235,10338,1,'Bd00360000 0096','2023-03-23 05:00:06','2023-03-23 05:00:06','35c449cc-f2e1-4cda-b0a1-920832925a4c',NULL,NULL,NULL,NULL,NULL),(236,10350,1,'Ev0001 0150','2023-03-23 05:01:19','2023-03-23 05:01:19','847b8ae9-22f5-4713-8ec1-8655a42c7fda',NULL,NULL,NULL,NULL,NULL),(237,12626,1,'Fuvyfyf0001 0059','2023-03-23 05:19:50','2023-03-23 05:19:50','c6a372be-9379-4334-8118-ff76bb19b5c1',NULL,NULL,NULL,NULL,NULL),(241,15574,1,'Html embed test','2023-06-07 22:37:12','2023-06-07 22:41:30','ecc367f9-5b9a-4e14-b214-137cf3b63e45',NULL,NULL,NULL,NULL,'test');
commit;
set autocommit=0;
commit;
set autocommit=0;
commit;

--
-- Dumping data for table `drafts`
--

set autocommit=0;
INSERT INTO `drafts` VALUES (105,NULL,1,0,'First draft',NULL,0,NULL,1),(193,1704,1,1,'Draft 1',NULL,1,NULL,1),(247,NULL,1,0,'First draft',NULL,0,NULL,1);
commit;

--
-- Dumping data for table `elements`
--

set autocommit=0;
INSERT INTO `elements` VALUES (1,NULL,NULL,NULL,NULL,'craft\\elements\\User',1,0,'2022-11-16 03:15:01','2023-02-05 13:57:08',NULL,NULL,'bbd111f7-d0d8-46b3-92f7-b95a916af0f1'),(16,NULL,NULL,NULL,8,'craft\\elements\\GlobalSet',1,0,'2022-11-16 16:49:21','2023-02-19 03:37:03',NULL,NULL,'1bd6f4bb-8564-420c-9ef9-dff1adeab299'),(17,NULL,NULL,NULL,6,'craft\\elements\\Entry',1,0,'2022-11-16 16:54:09','2023-02-23 13:38:40',NULL,NULL,'db92ecfd-0f66-4734-88eb-3f28251f25a8'),(20,NULL,NULL,NULL,7,'craft\\elements\\Entry',0,0,'2022-11-16 17:01:47','2023-02-09 23:05:08',NULL,NULL,'35c67407-2055-4ba9-830c-0f9d3c8d0e23'),(21,NULL,NULL,NULL,6,'craft\\elements\\Entry',1,0,'2022-11-16 17:06:08','2023-02-11 21:29:04',NULL,NULL,'9da68580-69c0-4386-af7e-68e8e619d1bd'),(44,NULL,NULL,NULL,9,'craft\\elements\\Asset',1,0,'2022-11-16 20:54:13','2022-11-17 00:54:51',NULL,NULL,'b95abd13-b4e6-49cf-972c-7d3438e7a613'),(53,NULL,NULL,NULL,9,'craft\\elements\\Asset',1,0,'2022-11-17 00:56:10','2022-11-17 00:56:10',NULL,NULL,'b6423457-10e6-4972-80f9-609c8e2985ba'),(60,NULL,NULL,NULL,9,'craft\\elements\\Asset',1,0,'2022-11-17 01:00:01','2022-11-17 01:00:01',NULL,NULL,'c78df98e-2ead-48d7-9004-b36932a589fd'),(61,NULL,NULL,NULL,9,'craft\\elements\\Asset',1,0,'2022-11-17 01:01:15','2022-11-17 01:01:15',NULL,NULL,'a54f5842-031c-4d6c-b310-55e865296015'),(65,NULL,NULL,NULL,9,'craft\\elements\\Asset',1,0,'2022-11-17 01:20:02','2022-11-17 01:20:02',NULL,NULL,'13b9be2b-a1f6-4590-b6f6-6a52c3bf3750'),(70,NULL,NULL,NULL,9,'craft\\elements\\Asset',1,0,'2022-11-17 03:00:15','2022-11-17 03:00:15',NULL,NULL,'4cad8fd9-0a19-4dcd-b6f9-079d55901d08'),(74,NULL,NULL,NULL,10,'craft\\elements\\GlobalSet',1,0,'2023-02-07 02:32:05','2023-02-19 04:01:31',NULL,NULL,'46330ceb-0db7-4317-8393-41dcb032ef9d'),(78,NULL,NULL,NULL,2,'craft\\elements\\MatrixBlock',1,0,'2023-02-07 16:23:31','2023-02-07 22:06:30',NULL,NULL,'c97d02a0-d4c9-482b-a9f9-4d7abb98f894'),(100,NULL,NULL,NULL,4,'craft\\elements\\MatrixBlock',1,0,'2023-02-07 20:47:29','2023-02-09 20:42:35',NULL,NULL,'4e843550-1286-466d-abdc-d4b90ac22b96'),(101,NULL,NULL,NULL,3,'craft\\elements\\MatrixBlock',1,0,'2023-02-07 20:47:29','2023-02-07 22:13:19',NULL,NULL,'12e499be-e1ad-4b5e-893b-86d2ffe3d2df'),(106,NULL,NULL,NULL,2,'craft\\elements\\MatrixBlock',1,0,'2023-02-07 21:53:02','2023-02-07 21:53:02',NULL,NULL,'b1584fcd-7863-4742-ac91-219384f2fcc3'),(114,NULL,NULL,NULL,2,'craft\\elements\\MatrixBlock',1,0,'2023-02-07 22:11:54','2023-02-07 22:11:54',NULL,NULL,'726c8684-3559-498d-9438-7d43311458ff'),(115,NULL,NULL,NULL,9,'craft\\elements\\Asset',1,0,'2023-02-07 22:13:07','2023-02-11 21:40:52',NULL,NULL,'ba996865-fbcf-41f8-ac89-67315d24dc36'),(120,NULL,NULL,NULL,9,'craft\\elements\\Asset',1,0,'2023-02-07 22:19:44','2023-02-09 22:52:26',NULL,NULL,'b63267a4-83bc-4b76-a742-e1f9c3b9b335'),(121,NULL,NULL,NULL,9,'craft\\elements\\Asset',1,0,'2023-02-07 22:19:45','2023-02-09 22:52:19',NULL,NULL,'743e8dd1-02ad-400b-9ed0-425cb2bd7510'),(123,NULL,NULL,NULL,3,'craft\\elements\\MatrixBlock',1,0,'2023-02-07 22:19:51','2023-02-07 22:19:51',NULL,NULL,'e471b727-ddb3-42f8-b074-244af218dfd4'),(127,NULL,NULL,NULL,2,'craft\\elements\\MatrixBlock',1,0,'2023-02-07 23:02:32','2023-02-23 13:38:40',NULL,NULL,'0f8af2ec-e40d-4afe-a95d-bbc766f44ba4'),(146,NULL,NULL,NULL,9,'craft\\elements\\Asset',1,0,'2023-02-07 23:07:40','2023-02-07 23:07:40',NULL,NULL,'5f3c0261-3fa1-4519-849d-0f9563607edc'),(151,NULL,NULL,NULL,9,'craft\\elements\\Asset',1,0,'2023-02-07 23:10:05','2023-02-07 23:10:05',NULL,NULL,'abc4e2ed-8b0d-4420-ad45-e8dfc69e1976'),(152,NULL,NULL,NULL,9,'craft\\elements\\Asset',1,0,'2023-02-07 23:10:06','2023-02-07 23:10:06',NULL,NULL,'5f2eaffe-2d01-44f7-bd28-6407310bcb16'),(157,NULL,NULL,NULL,9,'craft\\elements\\Asset',1,0,'2023-02-07 23:11:05','2023-02-07 23:11:05',NULL,NULL,'0077ed79-83b2-4890-bcb8-7c9ececaed2b'),(158,NULL,NULL,NULL,9,'craft\\elements\\Asset',1,0,'2023-02-07 23:11:05','2023-02-07 23:11:05',NULL,NULL,'2d3d5d15-de0a-45ba-bc4c-ed6832685471'),(168,NULL,NULL,NULL,9,'craft\\elements\\Asset',1,0,'2023-02-08 03:29:58','2023-02-08 03:29:58',NULL,NULL,'a96a5e32-03a8-4586-92e6-0620c6c5599f'),(169,NULL,NULL,NULL,3,'craft\\elements\\MatrixBlock',1,0,'2023-02-08 03:30:21','2023-02-08 03:30:21',NULL,NULL,'bb8c92c1-8a1a-44c9-ba3f-404d995f7819'),(185,NULL,NULL,NULL,13,'craft\\elements\\Entry',1,0,'2023-02-08 14:01:33','2023-02-10 20:35:31',NULL,NULL,'0447d991-1136-4777-a300-f7da783234be'),(186,NULL,NULL,NULL,13,'craft\\elements\\Entry',1,0,'2023-02-08 14:01:49','2023-02-08 14:02:02',NULL,NULL,'68b06a49-f5c6-439b-a34c-8b53f60ab9ca'),(192,NULL,NULL,NULL,9,'craft\\elements\\Asset',1,0,'2023-02-08 14:21:53','2023-02-10 20:33:41',NULL,NULL,'989130ba-6a2f-4fab-a78d-21300d9cbc51'),(197,NULL,NULL,NULL,1,'craft\\elements\\Entry',1,0,'2023-02-09 18:26:36','2023-02-19 04:18:08',NULL,NULL,'2049c755-7e0e-4a48-a95d-3cf93ef35ecb'),(199,NULL,NULL,NULL,9,'craft\\elements\\Asset',1,0,'2023-02-09 18:33:02','2023-02-09 18:33:02',NULL,NULL,'945eab9e-2d51-4f45-a7ce-110bdeafc9b7'),(207,NULL,NULL,NULL,9,'craft\\elements\\Asset',1,0,'2023-02-09 18:39:19','2023-02-09 18:39:19',NULL,NULL,'9219f0ea-7148-4c2a-8af9-fd6c9259b227'),(212,NULL,NULL,NULL,3,'craft\\elements\\MatrixBlock',1,0,'2023-02-09 18:40:58','2023-02-09 22:59:47',NULL,NULL,'8bb344d9-5476-4b24-92c4-d3c63fa72095'),(213,NULL,NULL,NULL,2,'craft\\elements\\MatrixBlock',1,0,'2023-02-09 18:40:58','2023-02-09 19:00:42',NULL,NULL,'b5528102-1ddf-43e0-9f67-6ace0701ba9e'),(215,NULL,NULL,NULL,9,'craft\\elements\\Asset',1,0,'2023-02-09 19:01:25','2023-02-09 19:01:25',NULL,NULL,'5d995841-6426-4f80-8581-a42862bf6fad'),(248,NULL,NULL,NULL,9,'craft\\elements\\Asset',1,0,'2023-02-09 19:12:18','2023-02-09 19:12:19',NULL,NULL,'54480b0c-23d8-45f6-a99a-97a48f666693'),(252,NULL,NULL,NULL,9,'craft\\elements\\Asset',1,0,'2023-02-09 19:12:52','2023-02-09 19:12:53',NULL,NULL,'b1efcdd9-7039-4896-8ff8-31242a0cb33f'),(262,NULL,NULL,NULL,9,'craft\\elements\\Asset',1,0,'2023-02-09 19:16:08','2023-02-09 19:16:09',NULL,NULL,'3552704e-03dd-4142-9832-59e4c983a03f'),(269,NULL,NULL,NULL,9,'craft\\elements\\Asset',1,0,'2023-02-09 19:30:35','2023-02-11 21:43:51',NULL,NULL,'95ecd2eb-c9d9-4179-938c-5001437080d8'),(271,NULL,NULL,NULL,3,'craft\\elements\\MatrixBlock',1,0,'2023-02-09 19:36:51','2023-02-09 19:36:51',NULL,NULL,'b1122f62-9d60-48d0-ad11-79201d7f48a1'),(302,NULL,NULL,NULL,9,'craft\\elements\\Asset',1,0,'2023-02-09 20:05:37','2023-02-09 20:05:38',NULL,NULL,'f0cedc53-794d-41f0-8903-ddce01dbac29'),(309,NULL,NULL,NULL,9,'craft\\elements\\Asset',1,0,'2023-02-09 20:06:15','2023-02-09 20:06:16',NULL,NULL,'a389f6b7-a3c4-4f81-a237-66ec89b0e6cc'),(439,NULL,NULL,NULL,9,'craft\\elements\\Asset',1,0,'2023-02-09 20:11:55','2023-02-09 20:14:40',NULL,NULL,'b09e08f2-ea5a-4eb1-aeae-b3cfa3715e15'),(990,NULL,NULL,NULL,3,'craft\\elements\\MatrixBlock',1,0,'2023-02-09 20:36:29','2023-02-09 20:36:29',NULL,NULL,'16bb6469-b65e-4d19-a226-4fae2a17c839'),(991,NULL,NULL,NULL,2,'craft\\elements\\MatrixBlock',1,0,'2023-02-09 20:36:29','2023-02-12 20:09:29',NULL,NULL,'f3a2eb08-fdc9-4463-b183-0618d9b9a936'),(992,NULL,NULL,NULL,3,'craft\\elements\\MatrixBlock',1,0,'2023-02-09 20:36:29','2023-02-09 20:36:29',NULL,NULL,'45e37316-9efa-4049-80fb-70b6c2753ef9'),(993,NULL,NULL,NULL,2,'craft\\elements\\MatrixBlock',1,0,'2023-02-09 20:36:29','2023-02-12 20:09:29',NULL,NULL,'9ae752b7-eb42-4f72-9705-c695cedd0aed'),(994,NULL,NULL,NULL,3,'craft\\elements\\MatrixBlock',1,0,'2023-02-09 20:36:29','2023-02-09 20:36:29',NULL,NULL,'5934d495-1cfb-47a8-8ce9-cef991e52ba0'),(995,NULL,NULL,NULL,2,'craft\\elements\\MatrixBlock',1,0,'2023-02-09 20:36:29','2023-02-12 20:09:29',NULL,NULL,'ff9f5ec1-baa4-4915-849d-19b552626200'),(997,NULL,NULL,NULL,2,'craft\\elements\\MatrixBlock',1,0,'2023-02-09 20:36:29','2023-02-09 20:36:29',NULL,NULL,'0bc48e35-ff71-4c60-8226-642c5a1f6632'),(1031,NULL,NULL,NULL,9,'craft\\elements\\Asset',1,0,'2023-02-09 22:19:03','2023-02-09 22:33:34',NULL,NULL,'60ad3298-cf33-443e-9e18-abb2da917e24'),(1048,NULL,NULL,NULL,9,'craft\\elements\\Asset',1,0,'2023-02-09 22:28:29','2023-02-09 22:28:29',NULL,NULL,'9ea5ec56-404c-40e7-9db7-1c53b2728f2a'),(1053,NULL,NULL,NULL,2,'craft\\elements\\MatrixBlock',1,0,'2023-02-09 22:29:02','2023-02-09 22:29:02',NULL,NULL,'5a42b77a-d4a9-4093-9d5d-7bf0ae593e56'),(1054,NULL,NULL,NULL,3,'craft\\elements\\MatrixBlock',1,0,'2023-02-09 22:29:02','2023-02-09 22:29:02',NULL,NULL,'315477ac-2abd-4285-92d2-626c89b49913'),(1064,NULL,NULL,NULL,9,'craft\\elements\\Asset',1,0,'2023-02-09 22:35:43','2023-02-09 22:39:36',NULL,NULL,'9ec78c0c-cb8e-4cf1-a6ec-c333d3f7f98d'),(1086,NULL,NULL,NULL,9,'craft\\elements\\Asset',1,0,'2023-02-09 22:50:40','2023-02-09 22:50:41',NULL,NULL,'048b811b-18c3-47d4-a5c6-c5a3d75676d6'),(1161,NULL,NULL,NULL,4,'craft\\elements\\MatrixBlock',1,0,'2023-02-09 22:53:35','2023-02-09 22:53:35',NULL,NULL,'787bfbae-2347-4089-a3b6-0aa324c58f6d'),(1162,NULL,NULL,NULL,4,'craft\\elements\\MatrixBlock',1,0,'2023-02-09 22:53:36','2023-02-12 20:09:29',NULL,NULL,'e27064c5-391d-4bc2-b24d-eae87b3e0e96'),(1163,NULL,NULL,NULL,3,'craft\\elements\\MatrixBlock',1,0,'2023-02-09 22:53:36','2023-02-09 22:53:36',NULL,NULL,'3a9d798a-39cd-4ca0-90ee-30f8e6015fea'),(1164,NULL,NULL,NULL,2,'craft\\elements\\MatrixBlock',1,0,'2023-02-09 22:53:36','2023-02-09 22:53:36',NULL,NULL,'bf6704ec-e087-470c-842a-6a5344047a41'),(1165,NULL,NULL,NULL,3,'craft\\elements\\MatrixBlock',1,0,'2023-02-09 22:53:36','2023-02-09 22:53:36',NULL,NULL,'d6661861-3ebf-4442-8039-2e39daee103d'),(1166,NULL,NULL,NULL,2,'craft\\elements\\MatrixBlock',1,0,'2023-02-09 22:53:36','2023-02-12 20:09:29',NULL,NULL,'d4091807-6e26-4d57-8288-e3838e21d889'),(1167,NULL,NULL,NULL,2,'craft\\elements\\MatrixBlock',1,0,'2023-02-09 22:53:36','2023-02-09 22:53:36',NULL,NULL,'ef624b38-7d3e-476b-8686-3e9155532f98'),(1168,NULL,NULL,NULL,3,'craft\\elements\\MatrixBlock',1,0,'2023-02-09 22:53:36','2023-02-09 22:53:36',NULL,NULL,'04dbb0c4-a828-4f34-9fe9-c118802ee6cd'),(1169,NULL,NULL,NULL,2,'craft\\elements\\MatrixBlock',1,0,'2023-02-09 22:53:36','2023-02-12 20:09:29',NULL,NULL,'d2873845-73a0-4c5a-8f25-39c4d79a95e3'),(1172,NULL,NULL,NULL,9,'craft\\elements\\Asset',1,0,'2023-02-09 22:59:43','2023-02-09 22:59:43',NULL,NULL,'97d7fd8a-0702-4489-a620-fa450b1e1a38'),(1173,NULL,NULL,NULL,1,'craft\\elements\\Entry',0,0,'2023-02-10 14:01:36','2023-02-12 00:04:44',NULL,NULL,'1dcc7707-bb76-4098-88af-58dfbfbca44c'),(1174,NULL,105,NULL,13,'craft\\elements\\Entry',1,0,'2023-02-10 14:03:52','2023-02-10 14:04:05',NULL,NULL,'87f2d96e-91fa-4382-96ed-54678a0e272c'),(1344,NULL,NULL,NULL,2,'craft\\elements\\MatrixBlock',1,0,'2023-02-10 14:18:40','2023-02-11 23:59:07',NULL,NULL,'cbcd5d0f-f267-4138-bf86-6aadc3cf665a'),(1345,NULL,NULL,NULL,1,'craft\\elements\\Entry',1,0,'2023-02-10 14:22:15','2023-02-12 20:07:37',NULL,NULL,'f7652d74-2162-4f22-b8c9-925bd3e56807'),(1351,NULL,NULL,NULL,9,'craft\\elements\\Asset',1,0,'2023-02-10 14:24:27','2023-02-10 14:24:27',NULL,NULL,'74b03423-4a0a-4c2b-b704-3021f8b07cb7'),(1364,NULL,NULL,NULL,9,'craft\\elements\\Asset',1,0,'2023-02-10 14:25:59','2023-02-10 14:26:00',NULL,NULL,'db760c41-b490-4752-ba90-721f5b3a0ab4'),(1380,NULL,NULL,NULL,9,'craft\\elements\\Asset',1,0,'2023-02-10 14:27:02','2023-02-10 14:27:02',NULL,NULL,'d50ccefc-576b-4c19-8e4b-cbe03ac1a539'),(1401,NULL,NULL,NULL,2,'craft\\elements\\MatrixBlock',1,0,'2023-02-10 14:28:28','2023-02-12 20:07:37',NULL,NULL,'b1d1fa77-256b-45cd-8485-302b303b83dd'),(1402,NULL,NULL,NULL,3,'craft\\elements\\MatrixBlock',1,0,'2023-02-10 14:28:28','2023-02-10 14:37:49',NULL,NULL,'6306a6d4-ba48-4a82-92e4-796ae30f3b02'),(1403,NULL,NULL,NULL,2,'craft\\elements\\MatrixBlock',1,0,'2023-02-10 14:28:29','2023-02-12 20:07:37',NULL,NULL,'4914739f-7e33-45c7-8184-6c3c65599966'),(1404,NULL,NULL,NULL,3,'craft\\elements\\MatrixBlock',1,0,'2023-02-10 14:28:29','2023-02-10 14:38:12',NULL,NULL,'e9c4d192-7b0b-4aed-acfd-73b6d9d357f9'),(1405,NULL,NULL,NULL,2,'craft\\elements\\MatrixBlock',1,0,'2023-02-10 14:28:29','2023-02-12 20:07:37',NULL,NULL,'7463ab12-6ae9-40dd-a479-fde58c341b35'),(1406,NULL,NULL,NULL,3,'craft\\elements\\MatrixBlock',1,0,'2023-02-10 14:28:29','2023-02-10 14:38:35',NULL,NULL,'572b1f22-0c05-48ff-a224-993092e92a01'),(1407,NULL,NULL,NULL,2,'craft\\elements\\MatrixBlock',1,0,'2023-02-10 14:28:29','2023-02-12 20:07:37',NULL,NULL,'c872dc49-087d-44ff-a8b4-05fc1d033ee4'),(1408,NULL,NULL,NULL,3,'craft\\elements\\MatrixBlock',1,0,'2023-02-10 14:28:29','2023-02-10 14:39:01',NULL,NULL,'73d1edce-d67b-4e49-b7ab-4efa565e8bcd'),(1409,NULL,NULL,NULL,9,'craft\\elements\\Asset',1,0,'2023-02-10 14:28:57','2023-02-10 14:28:57',NULL,NULL,'c78bbf21-9904-4a44-8464-901ecaa858e8'),(1410,NULL,NULL,NULL,9,'craft\\elements\\Asset',1,0,'2023-02-10 14:37:48','2023-02-11 21:42:25',NULL,NULL,'0509f146-f181-4a03-98b1-64743aa6a86e'),(1411,NULL,NULL,NULL,9,'craft\\elements\\Asset',1,0,'2023-02-10 14:38:11','2023-02-11 21:42:55',NULL,NULL,'f46390c6-cf94-4d0c-a470-a98cb75424b6'),(1412,NULL,NULL,NULL,9,'craft\\elements\\Asset',1,0,'2023-02-10 14:38:34','2023-02-11 21:43:16',NULL,NULL,'db1c8338-5677-42d6-be81-61b1e428d0b2'),(1413,NULL,NULL,NULL,9,'craft\\elements\\Asset',1,0,'2023-02-10 14:38:59','2023-02-11 21:44:55',NULL,NULL,'7450a1ab-dc25-4dc0-8a6e-29cb93f8ef6a'),(1418,NULL,NULL,NULL,9,'craft\\elements\\Asset',1,0,'2023-02-10 14:40:14','2023-02-11 21:44:06',NULL,NULL,'b713d232-58ce-45bc-bdbb-e1e2bb2994df'),(1427,NULL,NULL,NULL,2,'craft\\elements\\MatrixBlock',1,0,'2023-02-10 14:40:40','2023-02-12 20:07:37',NULL,NULL,'a1685f7a-ca3a-4487-a89b-228360befe2b'),(1428,NULL,NULL,NULL,3,'craft\\elements\\MatrixBlock',1,0,'2023-02-10 14:40:40','2023-02-10 14:40:40',NULL,NULL,'bd944ded-5e9f-45fc-b660-bf70b31a08ab'),(1429,NULL,NULL,NULL,2,'craft\\elements\\MatrixBlock',1,0,'2023-02-10 14:40:40','2023-02-10 14:40:40',NULL,NULL,'151d7a1b-8677-4fb3-a228-95601e52a67b'),(1430,NULL,NULL,NULL,3,'craft\\elements\\MatrixBlock',1,0,'2023-02-10 14:40:40','2023-02-10 19:58:18',NULL,NULL,'484871c9-ea2d-4f6f-9b19-37606c7e8ff9'),(1433,NULL,NULL,NULL,9,'craft\\elements\\Asset',1,0,'2023-02-10 19:58:17','2023-02-11 21:48:28',NULL,NULL,'2bec9c7e-d3f3-4d02-9200-10e444ab5ff0'),(1509,NULL,NULL,NULL,9,'craft\\elements\\Asset',1,0,'2023-02-10 20:23:21','2023-02-11 21:45:20',NULL,NULL,'6b0a4360-7abf-4186-8075-94a2ff47acb5'),(1570,NULL,NULL,NULL,2,'craft\\elements\\MatrixBlock',1,0,'2023-02-10 20:25:43','2023-02-12 20:07:37',NULL,NULL,'18033f99-21ab-4869-bd3a-89dfd9c438a2'),(1572,NULL,NULL,NULL,2,'craft\\elements\\MatrixBlock',1,0,'2023-02-10 20:25:43','2023-02-12 20:07:37',NULL,NULL,'43e8609c-5b85-4988-9d37-55da02961865'),(1574,NULL,NULL,NULL,2,'craft\\elements\\MatrixBlock',1,0,'2023-02-10 20:25:43','2023-02-12 20:07:37',NULL,NULL,'5c503eaa-f3e9-449a-b859-57b6e496a10c'),(1575,NULL,NULL,NULL,3,'craft\\elements\\MatrixBlock',1,0,'2023-02-10 20:25:43','2023-02-10 20:25:43',NULL,NULL,'a377ed46-b65a-4f3b-9417-30ae0d2a568d'),(1576,NULL,NULL,NULL,2,'craft\\elements\\MatrixBlock',1,0,'2023-02-10 20:25:43','2023-02-12 20:07:37',NULL,NULL,'d6bf0098-5d0b-488c-9b4c-74adc3030d6c'),(1577,NULL,NULL,NULL,2,'craft\\elements\\MatrixBlock',1,0,'2023-02-10 20:25:43','2023-02-10 20:25:43',NULL,NULL,'0cbca280-fded-4793-a5f6-ad0908627b0f'),(1585,NULL,NULL,NULL,14,'craft\\elements\\MatrixBlock',1,0,'2023-02-11 21:20:58','2023-02-11 21:20:58',NULL,NULL,'289763c0-8189-4195-a211-7bed3555966d'),(1599,NULL,NULL,NULL,14,'craft\\elements\\MatrixBlock',1,0,'2023-02-11 21:33:42','2023-02-11 21:33:42',NULL,NULL,'6100badd-b2a1-4530-b772-c16c95092c6a'),(1600,NULL,NULL,NULL,14,'craft\\elements\\MatrixBlock',1,0,'2023-02-11 21:33:42','2023-02-11 21:33:42',NULL,NULL,'3b7c4d7f-4d97-490c-a91d-bbe1c9b3ad90'),(1625,NULL,NULL,NULL,15,'craft\\elements\\Entry',1,0,'2023-02-11 23:07:53','2023-02-22 03:59:30',NULL,NULL,'82b91db7-2b76-4cae-b3da-9d3bf79e3ed8'),(1631,NULL,NULL,NULL,2,'craft\\elements\\MatrixBlock',1,0,'2023-02-11 23:11:47','2023-02-22 03:59:30',NULL,NULL,'e930280f-f059-4f7a-8860-82c136895ac8'),(1635,NULL,NULL,NULL,9,'craft\\elements\\Asset',1,0,'2023-02-11 23:34:26','2023-02-11 23:34:26',NULL,NULL,'5574eb65-68d2-4bd2-9163-0abac118c276'),(1647,NULL,NULL,NULL,14,'craft\\elements\\MatrixBlock',1,0,'2023-02-11 23:59:07','2023-02-11 23:59:07',NULL,NULL,'29b1a84f-1ecf-4f16-8553-87b9aaadd9e8'),(1677,NULL,NULL,NULL,9,'craft\\elements\\Asset',1,0,'2023-02-12 23:18:36','2023-02-12 23:18:36',NULL,NULL,'79b058e6-8bc5-4f0f-8381-23b07abb6ff8'),(1678,NULL,NULL,NULL,9,'craft\\elements\\Asset',1,0,'2023-02-12 23:22:04','2023-02-12 23:22:07',NULL,NULL,'efc4aa98-b075-46d2-b543-8c86595924ab'),(1679,NULL,NULL,NULL,16,'craft\\elements\\Entry',1,0,'2023-02-13 00:40:14','2023-02-13 00:40:28',NULL,NULL,'303442d6-3a51-465d-aa5a-27a631ef8520'),(1680,NULL,NULL,NULL,9,'craft\\elements\\Asset',1,0,'2023-02-16 09:27:36','2023-02-16 09:27:37',NULL,NULL,'07903e65-b894-44a5-b652-291e02d6a902'),(1681,NULL,NULL,NULL,9,'craft\\elements\\Asset',1,0,'2023-02-16 09:29:04','2023-02-16 09:29:04',NULL,NULL,'32515c66-e9f6-421c-b7f7-2eb9a2d0d453'),(1682,NULL,NULL,NULL,9,'craft\\elements\\Asset',1,0,'2023-02-16 09:29:35','2023-02-16 09:29:35',NULL,NULL,'9c8317a9-bee2-44dc-b6ca-e0d3b40175d8'),(1683,NULL,NULL,NULL,9,'craft\\elements\\Asset',1,0,'2023-02-16 09:30:43','2023-02-16 09:30:43',NULL,NULL,'3a5b5603-51fb-4172-bb89-bb9c8eeca639'),(1684,NULL,NULL,NULL,7,'craft\\elements\\Entry',1,0,'2023-02-17 05:09:01','2023-02-17 05:09:24',NULL,NULL,'fb4e881d-4eb3-4b35-a57e-e65a051667ab'),(1697,NULL,NULL,NULL,2,'craft\\elements\\MatrixBlock',1,0,'2023-02-19 03:35:20','2023-02-19 03:35:20',NULL,NULL,'36d5ea00-7b0f-4934-8a1e-1cca19f61951'),(1704,NULL,NULL,NULL,1,'craft\\elements\\Entry',1,0,'2023-02-19 09:57:40','2023-02-19 11:01:02',NULL,NULL,'2aacff72-b30b-4817-a0b4-ede1ae7bba2a'),(1706,NULL,NULL,NULL,9,'craft\\elements\\Asset',1,0,'2023-02-19 09:59:39','2023-02-19 10:04:44',NULL,NULL,'84ea6d7e-52fa-49af-ac47-a19b12141fc6'),(2217,NULL,NULL,NULL,9,'craft\\elements\\Asset',1,0,'2023-02-19 10:09:09','2023-02-19 10:09:22',NULL,NULL,'26ae7b5f-64b4-433b-96f7-c34f4a4d2460'),(2708,NULL,NULL,NULL,9,'craft\\elements\\Asset',1,0,'2023-02-19 10:14:20','2023-02-19 10:14:20',NULL,NULL,'5da04137-f616-48d2-bb07-7aeb42c107cd'),(5439,NULL,NULL,NULL,9,'craft\\elements\\Asset',1,0,'2023-02-19 10:40:07','2023-02-19 10:40:08',NULL,NULL,'cfcb6154-a033-409a-8c94-3f22d79d4d72'),(5474,NULL,NULL,NULL,3,'craft\\elements\\MatrixBlock',1,0,'2023-02-19 10:44:57','2023-02-19 10:44:57',NULL,NULL,'e84fdc6a-2656-46dd-9723-71ca698d5edd'),(5475,NULL,NULL,NULL,2,'craft\\elements\\MatrixBlock',1,0,'2023-02-19 10:44:57','2023-02-19 10:44:57',NULL,NULL,'9ea6e7ed-abaa-42c5-b227-3af0e07c8020'),(5476,NULL,NULL,NULL,2,'craft\\elements\\MatrixBlock',1,0,'2023-02-19 10:44:57','2023-02-19 10:44:57',NULL,NULL,'7056d9f1-28bc-43f1-a692-ec52ce8b5294'),(5477,NULL,NULL,NULL,3,'craft\\elements\\MatrixBlock',1,0,'2023-02-19 10:44:57','2023-02-19 10:44:57',NULL,NULL,'1fdd1877-66f3-4c66-85cd-5240fc7d100c'),(5478,NULL,NULL,NULL,2,'craft\\elements\\MatrixBlock',1,0,'2023-02-19 10:44:57','2023-02-19 10:44:57',NULL,NULL,'d4ddd6d9-bc26-4038-92c2-db3bdbfee69c'),(5479,NULL,NULL,NULL,2,'craft\\elements\\MatrixBlock',1,0,'2023-02-19 10:44:57','2023-02-19 10:44:57',NULL,NULL,'40991f73-d70a-4d0a-a28a-76dba5fb2d21'),(5480,NULL,NULL,NULL,3,'craft\\elements\\MatrixBlock',1,0,'2023-02-19 10:44:57','2023-02-19 10:44:57',NULL,NULL,'734d35a7-e596-4a96-b61b-08a097a177d3'),(5481,NULL,NULL,NULL,2,'craft\\elements\\MatrixBlock',1,0,'2023-02-19 10:44:57','2023-02-19 10:56:11',NULL,NULL,'56bfcf83-4939-4a5b-88bf-dec535a5b661'),(5489,NULL,NULL,NULL,9,'craft\\elements\\Asset',1,0,'2023-02-19 11:00:59','2023-02-19 11:00:59',NULL,NULL,'02712c42-0f7c-46a1-97ab-4465ffcb954e'),(5491,NULL,NULL,NULL,3,'craft\\elements\\MatrixBlock',1,0,'2023-02-19 11:01:03','2023-02-19 11:01:03',NULL,NULL,'3cdbcf22-2e7d-454e-95dc-dfba488ac84c'),(5495,NULL,NULL,NULL,3,'craft\\elements\\MatrixBlock',1,0,'2023-02-19 11:03:06','2023-02-22 04:07:31',NULL,NULL,'79af07c8-2bf8-4f55-ae38-e28082a61903'),(5502,1704,193,NULL,1,'craft\\elements\\Entry',1,0,'2023-02-19 11:41:53','2023-02-19 11:42:04',NULL,NULL,'dd9aa8db-0865-482c-826f-cc41bd80936e'),(5503,NULL,NULL,NULL,1,'craft\\elements\\Entry',1,0,'2023-02-20 01:45:24','2023-02-22 12:48:19',NULL,NULL,'0000da15-8a6d-4899-910d-010a83120059'),(5509,NULL,NULL,NULL,9,'craft\\elements\\Asset',1,0,'2023-02-20 01:48:01','2023-02-20 02:53:02',NULL,NULL,'fd10e274-8135-40a7-9770-16f36fa9d06f'),(5756,NULL,NULL,NULL,3,'craft\\elements\\MatrixBlock',1,0,'2023-02-20 01:58:48','2023-02-20 01:58:48',NULL,NULL,'344ee6be-612e-4e00-a694-87d99c3fb15f'),(5757,NULL,NULL,NULL,2,'craft\\elements\\MatrixBlock',1,0,'2023-02-20 01:58:48','2023-02-20 17:42:13',NULL,NULL,'638a3afe-0f7d-4189-a989-7d6ae44136f0'),(5833,NULL,NULL,NULL,9,'craft\\elements\\Asset',1,0,'2023-02-20 02:06:57','2023-02-20 02:53:34',NULL,NULL,'9f70c8c7-b8f6-4d44-9e88-e24e59fcf900'),(6023,NULL,NULL,NULL,9,'craft\\elements\\Asset',1,0,'2023-02-20 02:15:40','2023-02-20 02:15:42',NULL,NULL,'5a0d9e27-04a8-4f29-aa7e-997af6facd75'),(6038,NULL,NULL,NULL,2,'craft\\elements\\MatrixBlock',1,0,'2023-02-20 02:16:49','2023-02-20 02:58:30',NULL,NULL,'f3d95eb5-7442-44ff-86ad-92f831726408'),(6039,NULL,NULL,NULL,3,'craft\\elements\\MatrixBlock',1,0,'2023-02-20 02:16:49','2023-02-20 02:16:49',NULL,NULL,'d651defe-7813-40dc-85ad-f9223a346c97'),(6040,NULL,NULL,NULL,2,'craft\\elements\\MatrixBlock',1,0,'2023-02-20 02:16:49','2023-02-20 17:41:42',NULL,NULL,'5c206841-2cfc-47c8-90cb-fa43efdf6ab8'),(6042,NULL,NULL,NULL,3,'craft\\elements\\MatrixBlock',1,0,'2023-02-20 02:16:49','2023-02-20 02:16:49',NULL,NULL,'accff188-a449-42ab-bc35-1abe1659fc49'),(6346,NULL,NULL,NULL,9,'craft\\elements\\Asset',1,0,'2023-02-20 02:31:58','2023-02-20 02:31:58',NULL,NULL,'e3eb6b53-02cd-4643-a812-a905327a717a'),(7711,NULL,NULL,NULL,2,'craft\\elements\\MatrixBlock',1,0,'2023-02-20 02:50:32','2023-02-21 06:51:49',NULL,NULL,'cbca2f85-844d-4f54-9ed7-b07be27327b4'),(7712,NULL,NULL,NULL,3,'craft\\elements\\MatrixBlock',1,0,'2023-02-20 02:50:32','2023-02-20 02:50:32',NULL,NULL,'219dcca6-792c-46e3-bdb4-6761c0493ca4'),(7713,NULL,NULL,NULL,2,'craft\\elements\\MatrixBlock',1,0,'2023-02-20 02:50:32','2023-02-21 06:51:49',NULL,NULL,'e45c407d-aae0-46e4-9490-23364997a216'),(8350,NULL,NULL,NULL,2,'craft\\elements\\MatrixBlock',1,0,'2023-02-20 03:28:36','2023-02-20 03:35:55',NULL,NULL,'5e63717e-9c3e-446c-9ca7-00c451d7765f'),(8375,NULL,NULL,NULL,9,'craft\\elements\\Asset',1,0,'2023-02-20 03:35:12','2023-02-20 03:35:12',NULL,NULL,'097234b6-fafe-4fd9-9813-65354e784aa5'),(8378,NULL,NULL,NULL,3,'craft\\elements\\MatrixBlock',1,0,'2023-02-20 03:35:55','2023-02-20 03:35:55',NULL,NULL,'1147f75b-5bb1-4054-93dd-3134f13f03cb'),(8379,NULL,NULL,NULL,2,'craft\\elements\\MatrixBlock',1,0,'2023-02-20 03:35:55','2023-02-22 12:48:19',NULL,NULL,'e26d5ee7-e82f-48ab-abe1-eedfc62ca9c1'),(8385,NULL,NULL,NULL,5,'craft\\elements\\MatrixBlock',1,0,'2023-02-20 17:26:35','2023-02-20 17:26:35',NULL,NULL,'7f49962e-20c6-4db3-a6ee-dd7dd54d4ee9'),(8399,NULL,NULL,NULL,5,'craft\\elements\\MatrixBlock',1,0,'2023-02-20 17:37:49','2023-02-20 17:37:49',NULL,NULL,'66c3b24e-5da0-4717-92d4-ba85afe74dca'),(8400,NULL,NULL,NULL,5,'craft\\elements\\MatrixBlock',1,0,'2023-02-20 17:37:49','2023-02-20 17:37:49',NULL,NULL,'67085c1d-e6f6-4d0a-8f1e-e6d28bb1f1eb'),(8416,NULL,NULL,NULL,9,'craft\\elements\\Asset',1,0,'2023-02-22 04:07:28','2023-02-22 04:07:28',NULL,NULL,'a9e1d96f-d476-4316-bc06-50deb94b4678'),(8417,NULL,NULL,NULL,1,'craft\\elements\\Entry',1,0,'2023-02-22 12:21:59','2023-03-14 09:25:23',NULL,NULL,'b78a7c5f-0aa7-44e3-a6d9-6bda453c6f04'),(8419,NULL,NULL,NULL,9,'craft\\elements\\Asset',1,0,'2023-02-22 12:23:34','2023-02-22 12:23:34',NULL,NULL,'655b114e-6d7a-4253-afbc-cefe9d5cfd0c'),(8455,NULL,NULL,NULL,9,'craft\\elements\\Asset',1,0,'2023-02-22 12:28:57','2023-02-22 12:28:58',NULL,NULL,'65178efa-4375-42c4-91a7-f42f9b073d8d'),(8592,NULL,NULL,NULL,9,'craft\\elements\\Asset',1,0,'2023-02-22 12:41:36','2023-02-22 12:41:36',NULL,NULL,'959a6bca-b206-4cb0-9f09-a80ff9923b30'),(8593,NULL,NULL,NULL,3,'craft\\elements\\MatrixBlock',1,0,'2023-02-22 12:41:37','2023-02-22 12:41:37',NULL,NULL,'a69f7e2d-9de8-43da-9d89-e92c6d6e2fa5'),(8594,NULL,NULL,NULL,2,'craft\\elements\\MatrixBlock',1,0,'2023-02-22 12:41:37','2023-02-22 12:41:37',NULL,NULL,'e4ab0754-ed96-4c9b-aae6-3a1a046a5c18'),(8595,NULL,NULL,NULL,2,'craft\\elements\\MatrixBlock',1,0,'2023-02-22 12:41:37','2023-02-22 12:41:37',NULL,NULL,'8c3cba8d-e420-4c3f-9c29-9ad270770d4f'),(8596,NULL,NULL,NULL,3,'craft\\elements\\MatrixBlock',1,0,'2023-02-22 12:41:37','2023-02-22 12:41:37',NULL,NULL,'7d87b3d7-4a63-4aec-ba3a-0c51c0f4d20d'),(8597,NULL,NULL,NULL,2,'craft\\elements\\MatrixBlock',1,0,'2023-02-22 12:41:37','2023-02-22 12:41:37',NULL,NULL,'754f9093-ba69-49d1-bcce-5dcababb5770'),(8598,NULL,NULL,NULL,2,'craft\\elements\\MatrixBlock',1,0,'2023-02-22 12:41:37','2023-02-22 12:41:37',NULL,NULL,'d797479b-64b7-45d8-b2e6-9511f57c980a'),(8599,NULL,NULL,NULL,3,'craft\\elements\\MatrixBlock',1,0,'2023-02-22 12:41:37','2023-02-22 12:41:37',NULL,NULL,'fd16a4cb-72f7-42f3-8cd9-4e68ae78228f'),(8600,NULL,NULL,NULL,2,'craft\\elements\\MatrixBlock',1,0,'2023-02-22 12:41:37','2023-02-22 12:41:37',NULL,NULL,'ed7522ad-2ec8-4fdd-bdaa-b2ee1b86d3f4'),(8610,NULL,NULL,NULL,1,'craft\\elements\\Entry',1,0,'2023-03-14 09:25:29','2023-03-23 05:42:16',NULL,NULL,'8ae4d6b1-f821-419f-a8b2-f73a6e7c8c77'),(8612,NULL,NULL,NULL,9,'craft\\elements\\Asset',1,0,'2023-03-14 09:35:39','2023-03-14 09:36:36',NULL,NULL,'98c8c756-7e6d-41fb-a0af-9eff5228da4b'),(8877,NULL,NULL,NULL,3,'craft\\elements\\MatrixBlock',1,0,'2023-03-14 09:45:47','2023-03-14 09:45:47',NULL,NULL,'60aa7f76-5ca8-4d67-90e7-5b3f568953df'),(8878,NULL,NULL,NULL,2,'craft\\elements\\MatrixBlock',1,0,'2023-03-14 09:45:47','2023-03-14 09:45:47',NULL,NULL,'c13d41fb-5f6d-40f5-8922-fe385b4411f9'),(8879,NULL,NULL,NULL,12,'craft\\elements\\MatrixBlock',1,0,'2023-03-14 09:45:47','2023-03-14 09:45:47',NULL,NULL,'775f2cfc-c71d-4b0d-a9d4-c646041f83ee'),(8880,NULL,NULL,NULL,2,'craft\\elements\\MatrixBlock',1,0,'2023-03-14 09:45:47','2023-03-14 10:27:23',NULL,NULL,'0aedaeb0-08f1-42e3-abe9-d0e4ce8d53c9'),(8881,NULL,NULL,NULL,2,'craft\\elements\\MatrixBlock',1,0,'2023-03-14 09:45:47','2023-03-14 09:59:14',NULL,NULL,'6b11085a-a0b7-462d-bae3-6a1c73bf78ed'),(8882,NULL,NULL,NULL,2,'craft\\elements\\MatrixBlock',1,0,'2023-03-14 09:45:47','2023-03-14 10:27:32',NULL,NULL,'307696de-e123-487b-b7ea-bc831c0a387f'),(8883,NULL,NULL,NULL,2,'craft\\elements\\MatrixBlock',1,0,'2023-03-14 09:45:47','2023-03-14 09:55:52',NULL,NULL,'30c1a0c6-0e0d-4197-9b33-5be3c4358557'),(8884,NULL,NULL,NULL,2,'craft\\elements\\MatrixBlock',1,0,'2023-03-14 09:45:47','2023-03-14 10:27:42',NULL,NULL,'ac1cd1db-9172-4cde-8b88-102b2cae81a9'),(8885,NULL,NULL,NULL,2,'craft\\elements\\MatrixBlock',1,0,'2023-03-14 09:45:47','2023-03-14 10:19:22',NULL,NULL,'3b58d439-f8d1-4e35-b16f-fd03896419a8'),(8886,NULL,NULL,NULL,2,'craft\\elements\\MatrixBlock',1,0,'2023-03-14 09:45:47','2023-03-14 10:27:46',NULL,NULL,'ae808aa1-5e63-4814-afc0-1a275fc8dee6'),(8887,NULL,NULL,NULL,2,'craft\\elements\\MatrixBlock',1,0,'2023-03-14 09:45:47','2023-03-14 10:26:42',NULL,NULL,'2a6d1023-d96f-43de-b5d4-687abbba1ded'),(8898,NULL,NULL,NULL,1,'craft\\elements\\Entry',1,0,'2023-03-23 04:21:05','2023-03-23 07:14:49',NULL,NULL,'e8fc736b-0b60-458c-b3dc-30e17afc1c8b'),(9225,NULL,NULL,NULL,9,'craft\\elements\\Asset',1,0,'2023-03-23 04:41:55','2023-03-23 05:46:44',NULL,NULL,'3ffc1c42-5422-4dd1-ae9b-7a417690274f'),(10338,NULL,NULL,NULL,9,'craft\\elements\\Asset',1,0,'2023-03-23 05:00:06','2023-03-23 05:00:06',NULL,NULL,'d1b1c0c1-162a-485b-bbb7-213eb1cf1054'),(10350,NULL,NULL,NULL,9,'craft\\elements\\Asset',1,0,'2023-03-23 05:01:19','2023-03-23 05:01:19',NULL,NULL,'f3559467-fed7-49a6-9cce-5c67b5022c87'),(12626,NULL,NULL,NULL,9,'craft\\elements\\Asset',1,0,'2023-03-23 05:19:50','2023-03-23 05:19:50',NULL,NULL,'3c4d1118-140a-4d90-a1ff-103c084d7bc8'),(15560,NULL,NULL,NULL,3,'craft\\elements\\MatrixBlock',1,0,'2023-03-23 05:36:38','2023-03-23 05:36:38',NULL,NULL,'f6a57641-b1fa-4b9d-a872-e11c5dab4541'),(15561,NULL,NULL,NULL,2,'craft\\elements\\MatrixBlock',1,0,'2023-03-23 05:36:38','2023-03-23 05:36:38',NULL,NULL,'0d420a02-0f58-41fb-b90d-f023deb1e1f5'),(15562,NULL,NULL,NULL,3,'craft\\elements\\MatrixBlock',1,0,'2023-03-23 05:36:38','2023-03-23 05:36:38',NULL,NULL,'971abd4f-8ba8-472c-980a-84a05b4f7971'),(15563,NULL,NULL,NULL,2,'craft\\elements\\MatrixBlock',1,0,'2023-03-23 05:36:38','2023-03-23 05:36:38',NULL,NULL,'4f9c5e1d-5f46-4b7b-9956-7179aaee0ed3'),(15564,NULL,NULL,NULL,2,'craft\\elements\\MatrixBlock',1,0,'2023-03-23 05:36:38','2023-03-23 05:36:38',NULL,NULL,'9d7175ae-eba2-49e4-99b6-423a8f5ca0cb'),(15565,NULL,NULL,NULL,3,'craft\\elements\\MatrixBlock',1,0,'2023-03-23 05:36:38','2023-03-23 05:36:38',NULL,NULL,'d4491d95-c585-4454-bab4-e835b8bc09c3'),(15566,NULL,NULL,NULL,2,'craft\\elements\\MatrixBlock',1,0,'2023-03-23 05:36:38','2023-03-23 05:36:38',NULL,NULL,'fca06eda-8376-482a-accf-ef7286ac14fa'),(15567,NULL,NULL,NULL,3,'craft\\elements\\MatrixBlock',1,0,'2023-03-23 05:36:38','2023-03-23 05:36:38',NULL,NULL,'dbca202c-5b8d-4d70-aada-64cc47fc0cc1'),(15568,NULL,NULL,NULL,2,'craft\\elements\\MatrixBlock',1,0,'2023-03-23 05:36:38','2023-03-23 05:57:01',NULL,NULL,'277cdb4a-b649-40f2-9d64-2c770fa91672'),(15569,NULL,NULL,NULL,2,'craft\\elements\\MatrixBlock',1,0,'2023-03-23 05:36:38','2023-03-23 05:36:38',NULL,NULL,'44ea8ed5-15f0-4f68-8d95-5b9c7225a68c'),(15574,NULL,247,NULL,1,'craft\\elements\\Entry',1,0,'2023-06-07 22:37:11','2023-06-07 22:41:30',NULL,NULL,'5ce30f49-7feb-42ea-b327-031cdc9ae68c'),(15582,NULL,NULL,NULL,14,'craft\\elements\\MatrixBlock',1,0,'2023-06-07 22:41:30','2023-06-07 22:41:30',NULL,NULL,'fd8685f4-0e53-4f75-8247-97b42b56f2ed');
commit;

--
-- Dumping data for table `elements_sites`
--

set autocommit=0;
INSERT INTO `elements_sites` VALUES (1,1,1,NULL,NULL,1,'2022-11-16 03:15:01','2022-11-16 03:15:01','037d1468-c75f-4150-89bf-a6d8e9668285'),(16,16,1,NULL,NULL,1,'2022-11-16 16:49:21','2022-11-16 16:49:21','816442b4-08b6-41ec-99ad-c2f15b59343d'),(17,17,1,'about','about',1,'2022-11-16 16:54:09','2022-11-16 16:54:12','969a8a47-9a66-472f-8f15-a34102497ee8'),(20,20,1,'example',NULL,1,'2022-11-16 17:01:47','2022-11-16 17:01:50','59331b4e-3ef7-42c8-8987-8284fbff02ed'),(21,21,1,'styleguide','styleguide',1,'2022-11-16 17:06:08','2022-11-16 17:06:12','d872aaf7-682b-4ceb-8cab-881d4944e2e8'),(44,44,1,NULL,NULL,1,'2022-11-16 20:54:13','2022-11-16 20:54:13','51728cde-e0aa-44a4-ab83-a7b5bdfa4c20'),(53,53,1,NULL,NULL,1,'2022-11-17 00:56:10','2022-11-17 00:56:10','f33d60da-e0e9-4933-ae03-34ae9fc5f8fa'),(60,60,1,NULL,NULL,1,'2022-11-17 01:00:01','2022-11-17 01:00:01','6345f8c3-1c6e-42f0-93bb-06ba4373f514'),(61,61,1,NULL,NULL,1,'2022-11-17 01:01:15','2022-11-17 01:01:15','1660a3a1-56f9-49ae-887d-67bd31c576c4'),(65,65,1,NULL,NULL,1,'2022-11-17 01:20:02','2022-11-17 01:20:02','797390cd-1a9e-41f2-9391-7534e4515052'),(70,70,1,NULL,NULL,1,'2022-11-17 03:00:15','2022-11-17 03:00:15','5877c0b5-12ba-4a2a-8fbc-468b3e95fe57'),(74,74,1,NULL,NULL,1,'2023-02-07 02:32:05','2023-02-07 02:32:05','af58d059-fa9c-458e-8951-f0fd83518c28'),(78,78,1,NULL,NULL,1,'2023-02-07 16:23:31','2023-02-07 16:23:31','34830493-8dd1-43a2-8765-1f14a04a91a8'),(100,100,1,NULL,NULL,1,'2023-02-07 20:47:29','2023-02-07 20:47:29','b40038e0-1278-4ab7-b3a4-414da7bf57c0'),(101,101,1,NULL,NULL,1,'2023-02-07 20:47:29','2023-02-07 20:47:29','53e4bc66-47bd-4611-b960-e8b195183b42'),(106,106,1,NULL,NULL,1,'2023-02-07 21:53:02','2023-02-07 21:53:02','1dd90bf2-61b3-4a28-80d0-c8b3a0497dee'),(114,114,1,NULL,NULL,1,'2023-02-07 22:11:54','2023-02-07 22:11:54','11e0e098-a80f-4a5c-ac53-1ae9470a76b3'),(115,115,1,NULL,NULL,1,'2023-02-07 22:13:07','2023-02-07 22:13:07','553ca9eb-1111-403b-8623-b29867f6eae2'),(120,120,1,NULL,NULL,1,'2023-02-07 22:19:44','2023-02-07 22:19:44','d40ee69e-92b1-45fc-84bf-e045f49885ac'),(121,121,1,NULL,NULL,1,'2023-02-07 22:19:45','2023-02-07 22:19:45','f9b9d5d4-0299-4803-937d-ecf8825b3d85'),(123,123,1,NULL,NULL,1,'2023-02-07 22:19:51','2023-02-07 22:19:51','0b91785d-8cea-46ef-9bb0-f2b530c0619f'),(127,127,1,NULL,NULL,1,'2023-02-07 23:02:32','2023-02-07 23:02:32','b8f5b58e-02fe-4221-95db-35a2575ee662'),(146,146,1,NULL,NULL,1,'2023-02-07 23:07:40','2023-02-07 23:07:40','ebcb38cc-deb8-4f67-b6d3-d7748ad9165e'),(151,151,1,NULL,NULL,1,'2023-02-07 23:10:05','2023-02-07 23:10:05','2cd1a6e4-d245-4db1-a2b8-19c95b159190'),(152,152,1,NULL,NULL,1,'2023-02-07 23:10:06','2023-02-07 23:10:06','8d3f7a2c-508f-47ee-9f48-8545e6c4c2a9'),(157,157,1,NULL,NULL,1,'2023-02-07 23:11:05','2023-02-07 23:11:05','2fcffbf5-4f56-44a2-afed-0386d17d2879'),(158,158,1,NULL,NULL,1,'2023-02-07 23:11:05','2023-02-07 23:11:05','a7b29a20-ecee-4437-8823-43d1a8f2287e'),(168,168,1,NULL,NULL,1,'2023-02-08 03:29:58','2023-02-08 03:29:58','cafab3c3-4f33-4a72-a33d-cd389dcb5aa8'),(169,169,1,NULL,NULL,1,'2023-02-08 03:30:21','2023-02-08 03:30:21','203f7b2b-3f85-490c-8ac2-c136dcb6603f'),(185,185,1,'arc',NULL,1,'2023-02-08 14:01:33','2023-02-08 14:01:36','0051ceb1-20c0-474d-8343-6dc98b721959'),(186,186,1,'guest',NULL,1,'2023-02-08 14:01:49','2023-02-08 14:01:52','0d799f8b-d5f0-41ba-92f1-28b9be6b5f94'),(192,192,1,NULL,NULL,1,'2023-02-08 14:21:53','2023-02-08 14:21:53','adb82fc8-2396-4fa7-a8f5-d3e089a718fe'),(197,197,1,'how-i-use-blender-with-a-disability','how-i-use-blender-with-a-disability',1,'2023-02-09 18:26:36','2023-02-09 18:27:08','4c8abfb8-f31c-40e9-9242-41b283a8e044'),(199,199,1,NULL,NULL,1,'2023-02-09 18:33:02','2023-02-09 18:33:02','69d21758-1b08-44c4-aca7-f203447d8706'),(207,207,1,NULL,NULL,1,'2023-02-09 18:39:19','2023-02-09 18:39:19','ee4dbaed-72b1-46ed-8b54-5ab58ac06bb2'),(212,212,1,NULL,NULL,1,'2023-02-09 18:40:58','2023-02-09 18:40:58','a42c9746-ddf7-4b98-bb67-b3fd9e4270c8'),(213,213,1,NULL,NULL,1,'2023-02-09 18:40:58','2023-02-09 18:40:58','74c90f03-613b-4bc5-9e16-8eca020e05c3'),(215,215,1,NULL,NULL,1,'2023-02-09 19:01:25','2023-02-09 19:01:25','1a45d993-5e72-4dd2-a657-27325863408c'),(248,248,1,NULL,NULL,1,'2023-02-09 19:12:18','2023-02-09 19:12:18','611d6151-dbda-49d1-a39f-e5c4fe3cc7b0'),(252,252,1,NULL,NULL,1,'2023-02-09 19:12:52','2023-02-09 19:12:52','5f2382cf-6030-466c-b929-472323bcde4c'),(262,262,1,NULL,NULL,1,'2023-02-09 19:16:08','2023-02-09 19:16:08','88fbcc62-b9d8-422d-9951-3320a9374b21'),(269,269,1,NULL,NULL,1,'2023-02-09 19:30:35','2023-02-09 19:30:35','85647f66-7c88-41d8-95d3-ab6a6e13bf0f'),(271,271,1,NULL,NULL,1,'2023-02-09 19:36:51','2023-02-09 19:36:51','0601f665-48e2-4d89-bb1b-458205ae9e55'),(302,302,1,NULL,NULL,1,'2023-02-09 20:05:37','2023-02-09 20:05:37','791c3d60-06f8-4667-b6f8-a6f47e21c888'),(309,309,1,NULL,NULL,1,'2023-02-09 20:06:15','2023-02-09 20:06:15','a9b706ac-4487-4f17-8371-90be63ca2499'),(439,439,1,NULL,NULL,1,'2023-02-09 20:11:55','2023-02-09 20:11:55','d21337b9-2384-4230-9384-6acefe30e0a7'),(990,990,1,NULL,NULL,1,'2023-02-09 20:36:29','2023-02-09 20:36:29','c83067be-70cc-4308-95f3-87b8c1c21b0e'),(991,991,1,NULL,NULL,1,'2023-02-09 20:36:29','2023-02-09 20:36:29','c92eded4-419f-473c-9ad8-a2272d7a894f'),(992,992,1,NULL,NULL,1,'2023-02-09 20:36:29','2023-02-09 20:36:29','86f1c112-0c04-437a-9fd4-625427dc76a6'),(993,993,1,NULL,NULL,1,'2023-02-09 20:36:29','2023-02-09 20:36:29','67037982-e348-4e88-b91e-d07c1ae35f4f'),(994,994,1,NULL,NULL,1,'2023-02-09 20:36:29','2023-02-09 20:36:29','c3e2f328-934e-4431-a3de-30a2731bf26a'),(995,995,1,NULL,NULL,1,'2023-02-09 20:36:29','2023-02-09 20:36:29','184f84fd-adcc-4339-92ec-7555f6fd5c74'),(997,997,1,NULL,NULL,1,'2023-02-09 20:36:29','2023-02-09 20:36:29','811b9a2a-0c8b-49e9-9162-c286ed92b786'),(1031,1031,1,NULL,NULL,1,'2023-02-09 22:19:03','2023-02-09 22:19:03','b26fbe19-ac52-49bf-9d40-e2f77377143c'),(1048,1048,1,NULL,NULL,1,'2023-02-09 22:28:29','2023-02-09 22:28:29','bebaddd0-a5af-42da-81bf-beb170f8f496'),(1053,1053,1,NULL,NULL,1,'2023-02-09 22:29:02','2023-02-09 22:29:02','f918194c-a6b6-404f-b994-c7ce7799832e'),(1054,1054,1,NULL,NULL,1,'2023-02-09 22:29:02','2023-02-09 22:29:02','bb5c15d1-b4ef-4662-b441-d0bfd29d38b1'),(1064,1064,1,NULL,NULL,1,'2023-02-09 22:35:43','2023-02-09 22:35:43','7554df38-3248-4f18-9d1c-fbb3c31f2db5'),(1086,1086,1,NULL,NULL,1,'2023-02-09 22:50:40','2023-02-09 22:50:40','369ff26e-5ffa-419f-b239-879061c34ee3'),(1161,1161,1,NULL,NULL,1,'2023-02-09 22:53:35','2023-02-09 22:53:35','66c0c2cc-d6b0-4293-8201-7e5366109039'),(1162,1162,1,NULL,NULL,1,'2023-02-09 22:53:36','2023-02-09 22:53:36','028ab546-f114-4d70-bb82-52474868344f'),(1163,1163,1,NULL,NULL,1,'2023-02-09 22:53:36','2023-02-09 22:53:36','5ce84e54-c585-450b-b62f-e8f29712aa3f'),(1164,1164,1,NULL,NULL,1,'2023-02-09 22:53:36','2023-02-09 22:53:36','7045667c-58f2-493a-a370-226c24eb5565'),(1165,1165,1,NULL,NULL,1,'2023-02-09 22:53:36','2023-02-09 22:53:36','eca4d29a-148d-4806-91b5-4b99e8ce0d9b'),(1166,1166,1,NULL,NULL,1,'2023-02-09 22:53:36','2023-02-09 22:53:36','468d3d33-9ce0-4a26-b6b0-30f3ed242a3f'),(1167,1167,1,NULL,NULL,1,'2023-02-09 22:53:36','2023-02-09 22:53:36','4a966844-de02-440b-b59e-3b559623f808'),(1168,1168,1,NULL,NULL,1,'2023-02-09 22:53:36','2023-02-09 22:53:36','86aead5f-50a6-4a2b-8138-5be8b668f4b8'),(1169,1169,1,NULL,NULL,1,'2023-02-09 22:53:36','2023-02-09 22:53:36','5a98e869-3ab4-4755-bce0-955600d7eb7f'),(1172,1172,1,NULL,NULL,1,'2023-02-09 22:59:43','2023-02-09 22:59:43','f2ad4d50-5479-44ea-9301-4d2800b937b4'),(1173,1173,1,'my-talk-at-nft-in-america-presented-by-najd','my-talk-at-nft-in-america-presented-by-najd',1,'2023-02-10 14:01:36','2023-02-10 14:03:10','ee0ae094-fd14-468f-8c24-e7be254925f5'),(1174,1174,1,'najd',NULL,1,'2023-02-10 14:03:52','2023-02-10 14:04:05','5c5f7ff6-f375-4938-9f50-124c8f1447a8'),(1344,1344,1,NULL,NULL,1,'2023-02-10 14:18:40','2023-02-10 14:18:40','fa68f015-35b5-48a2-99d7-a0ca30729153'),(1345,1345,1,'800x80','800x80',1,'2023-02-10 14:22:15','2023-02-10 20:28:16','76119ad3-bcd7-41fd-8a61-87c556f0497b'),(1351,1351,1,NULL,NULL,1,'2023-02-10 14:24:27','2023-02-10 14:24:27','9a1237e0-db3d-4215-83f2-1d7800fcdbd8'),(1364,1364,1,NULL,NULL,1,'2023-02-10 14:25:59','2023-02-10 14:25:59','56e5452d-7924-4d59-a71f-a05ea6f66b0a'),(1380,1380,1,NULL,NULL,1,'2023-02-10 14:27:02','2023-02-10 14:27:02','3a9c7642-84d9-445a-a099-ad71d29f6157'),(1401,1401,1,NULL,NULL,1,'2023-02-10 14:28:28','2023-02-10 14:28:28','5c2b208f-03bd-437b-a4db-580ca7222e4d'),(1402,1402,1,NULL,NULL,1,'2023-02-10 14:28:28','2023-02-10 14:28:28','9cf096ea-b047-42fb-95a3-daed41b2afea'),(1403,1403,1,NULL,NULL,1,'2023-02-10 14:28:29','2023-02-10 14:28:29','cc619d28-49e6-4def-8048-c1e910f17719'),(1404,1404,1,NULL,NULL,1,'2023-02-10 14:28:29','2023-02-10 14:28:29','172e0cfa-4880-4f1e-9ece-2ff9c5096e28'),(1405,1405,1,NULL,NULL,1,'2023-02-10 14:28:29','2023-02-10 14:28:29','b45caf6c-32c3-49ca-a972-1e2fda4baa19'),(1406,1406,1,NULL,NULL,1,'2023-02-10 14:28:29','2023-02-10 14:28:29','636831e8-aaf6-4244-b6d0-ecb2d20abe24'),(1407,1407,1,NULL,NULL,1,'2023-02-10 14:28:29','2023-02-10 14:28:29','0fc1403f-9100-4d37-8e39-aed25e3a9222'),(1408,1408,1,NULL,NULL,1,'2023-02-10 14:28:29','2023-02-10 14:28:29','6ec935de-f585-4e8b-ab2c-ed53e632a220'),(1409,1409,1,NULL,NULL,1,'2023-02-10 14:28:57','2023-02-10 14:28:57','a6e82e06-77c6-4bc2-982c-79dbe4424172'),(1410,1410,1,NULL,NULL,1,'2023-02-10 14:37:48','2023-02-10 14:37:48','3105e173-5fa7-48d0-9ba9-f44f37ee6632'),(1411,1411,1,NULL,NULL,1,'2023-02-10 14:38:11','2023-02-10 14:38:11','8449dd8d-6345-44ec-873f-030f7bd5d150'),(1412,1412,1,NULL,NULL,1,'2023-02-10 14:38:34','2023-02-10 14:38:34','7c52a913-a0af-4def-b84d-e5414151bfd6'),(1413,1413,1,NULL,NULL,1,'2023-02-10 14:38:59','2023-02-10 14:38:59','8f59db61-9581-483b-a382-ad1ab4414ff9'),(1418,1418,1,NULL,NULL,1,'2023-02-10 14:40:15','2023-02-10 14:40:15','5607fee2-a1d1-4f1f-aa22-5f9d294df813'),(1427,1427,1,NULL,NULL,1,'2023-02-10 14:40:40','2023-02-10 14:40:40','62c631da-348e-4a0a-9daf-5577c36c1793'),(1428,1428,1,NULL,NULL,1,'2023-02-10 14:40:40','2023-02-10 14:40:40','8fad8fc1-395c-4d58-a977-3e1ae0a05aed'),(1429,1429,1,NULL,NULL,1,'2023-02-10 14:40:40','2023-02-10 14:40:40','3159b3b8-3cb8-4125-be04-727d3559110c'),(1430,1430,1,NULL,NULL,1,'2023-02-10 14:40:40','2023-02-10 14:40:40','c10b8353-a612-4834-ad09-c4d19b4456ac'),(1433,1433,1,NULL,NULL,1,'2023-02-10 19:58:17','2023-02-10 19:58:17','49b39d58-8256-4534-9029-dad7b41e8181'),(1509,1509,1,NULL,NULL,1,'2023-02-10 20:23:21','2023-02-10 20:23:21','f7ef93b1-dda3-4026-9296-44ed340ceb74'),(1570,1570,1,NULL,NULL,1,'2023-02-10 20:25:43','2023-02-10 20:25:43','dc86128e-eaed-4e44-99db-5da051b7f362'),(1572,1572,1,NULL,NULL,1,'2023-02-10 20:25:43','2023-02-10 20:25:43','28e12035-fc8f-4219-8c67-42a619e5265a'),(1574,1574,1,NULL,NULL,1,'2023-02-10 20:25:43','2023-02-10 20:25:43','adf45d4e-84f2-42e7-9c27-444bae114bd6'),(1575,1575,1,NULL,NULL,1,'2023-02-10 20:25:43','2023-02-10 20:25:43','4ba6c253-a059-4603-a771-06f3bd05467c'),(1576,1576,1,NULL,NULL,1,'2023-02-10 20:25:43','2023-02-10 20:25:43','673f94e9-7453-4d3d-882c-e20bfcd3ce05'),(1577,1577,1,NULL,NULL,1,'2023-02-10 20:25:43','2023-02-10 20:25:43','3add3ca9-a2a3-4877-bfb5-3a70ebe2ce1a'),(1585,1585,1,NULL,NULL,1,'2023-02-11 21:20:58','2023-02-11 21:20:58','ef69bc38-56f6-42d1-a4b8-0334e3128669'),(1599,1599,1,NULL,NULL,1,'2023-02-11 21:33:42','2023-02-11 21:33:42','cdf923e7-a83b-42d2-9bb8-d1ebd8d924e8'),(1600,1600,1,NULL,NULL,1,'2023-02-11 21:33:42','2023-02-11 21:33:42','996a11eb-2690-4eda-a57e-bce5e46559f9'),(1625,1625,1,'home','__home__',1,'2023-02-11 23:07:53','2023-02-11 23:07:53','74e7d9b3-b365-45c1-99c1-60c66960bb3b'),(1631,1631,1,NULL,NULL,1,'2023-02-11 23:11:47','2023-02-11 23:11:47','02ddcb25-8819-4585-b9fb-5f85bd07928e'),(1635,1635,1,NULL,NULL,1,'2023-02-11 23:34:26','2023-02-11 23:34:26','dcd48fbd-dced-4a32-989c-65e12b6982e1'),(1647,1647,1,NULL,NULL,1,'2023-02-11 23:59:07','2023-02-11 23:59:07','ea89bcab-9472-49c9-8eb9-a0f02c6c9982'),(1677,1677,1,NULL,NULL,1,'2023-02-12 23:18:36','2023-02-12 23:18:36','9fc06fcf-0b78-4ff7-a4d6-3115e61184f8'),(1678,1678,1,NULL,NULL,1,'2023-02-12 23:22:04','2023-02-12 23:22:04','5292d5b7-5039-4234-bf88-57d7392e5cba'),(1679,1679,1,'all-articles','articles',1,'2023-02-13 00:40:14','2023-02-13 00:40:14','08bd68fe-1c00-436d-8419-165f1d773b5e'),(1680,1680,1,NULL,NULL,1,'2023-02-16 09:27:36','2023-02-16 09:27:36','732b29c3-a7ef-4efc-a40c-121087d5524b'),(1681,1681,1,NULL,NULL,1,'2023-02-16 09:29:04','2023-02-16 09:29:04','af8ede62-401d-4a3f-8d3e-dec598a4e7b9'),(1682,1682,1,NULL,NULL,1,'2023-02-16 09:29:35','2023-02-16 09:29:35','5349e258-0b9d-472d-855c-5f8eee1cd8da'),(1683,1683,1,NULL,NULL,1,'2023-02-16 09:30:43','2023-02-16 09:30:43','4c6f3e01-fadf-488b-a706-4db7c2e938e6'),(1684,1684,1,'articles',NULL,1,'2023-02-17 05:09:01','2023-02-17 05:09:06','1b6cd8f9-0799-4864-8beb-c4c699ad4540'),(1697,1697,1,NULL,NULL,1,'2023-02-19 03:35:20','2023-02-19 03:35:20','b6c6b1f4-ba6e-4272-a749-282b7fb783cb'),(1704,1704,1,'the-wheelchair-project','the-wheelchair-project',1,'2023-02-19 09:57:40','2023-02-19 09:58:03','c98a9e58-465a-456f-ba31-c4a4f5666627'),(1706,1706,1,NULL,NULL,1,'2023-02-19 09:59:39','2023-02-19 09:59:39','d06dee09-eeaa-4d47-98cc-0770081bb4cf'),(2217,2217,1,NULL,NULL,1,'2023-02-19 10:09:09','2023-02-19 10:09:09','3d541ecb-9685-49f0-ab0b-d00afbb455c8'),(2708,2708,1,NULL,NULL,1,'2023-02-19 10:14:20','2023-02-19 10:14:20','21b420fc-4c7f-44a7-adcb-4f461e0d62d6'),(5439,5439,1,NULL,NULL,1,'2023-02-19 10:40:07','2023-02-19 10:40:07','ed148639-a06e-42ce-98ce-25c90e1a9656'),(5474,5474,1,NULL,NULL,1,'2023-02-19 10:44:57','2023-02-19 10:44:57','d8eda1cc-ffc0-4d04-a295-e931ad95ca98'),(5475,5475,1,NULL,NULL,1,'2023-02-19 10:44:57','2023-02-19 10:44:57','dd874951-6f3b-47db-90b8-7ecb00f1d9ac'),(5476,5476,1,NULL,NULL,1,'2023-02-19 10:44:57','2023-02-19 10:44:57','19e93d0a-4306-4d6b-9f7b-3e0356f96339'),(5477,5477,1,NULL,NULL,1,'2023-02-19 10:44:57','2023-02-19 10:44:57','55205312-4f58-4959-8a54-afb110dbe594'),(5478,5478,1,NULL,NULL,1,'2023-02-19 10:44:57','2023-02-19 10:44:57','5bd40a8c-575c-4e07-8681-641662229429'),(5479,5479,1,NULL,NULL,1,'2023-02-19 10:44:57','2023-02-19 10:44:57','ef3c8600-0a44-443a-9492-4a2d7c1cc583'),(5480,5480,1,NULL,NULL,1,'2023-02-19 10:44:57','2023-02-19 10:44:57','f49bff1a-9d35-4a62-bf05-0a92bec577f4'),(5481,5481,1,NULL,NULL,1,'2023-02-19 10:44:57','2023-02-19 10:44:57','681560c7-df21-4c5b-8431-b03179c54786'),(5489,5489,1,NULL,NULL,1,'2023-02-19 11:00:59','2023-02-19 11:00:59','8c7e8794-f933-4af9-bb3e-e60ce13eeedb'),(5491,5491,1,NULL,NULL,1,'2023-02-19 11:01:03','2023-02-19 11:01:03','e21e9de6-2e74-40f7-9f26-884d3fae628c'),(5495,5495,1,NULL,NULL,1,'2023-02-19 11:03:06','2023-02-19 11:03:06','43c26c93-17b5-4cf7-b876-72835adda971'),(5502,5502,1,'the-wheelchair-project','the-wheelchair-project',1,'2023-02-19 11:41:54','2023-02-19 11:41:54','a121ad8b-4498-401c-9708-8b2965619626'),(5503,5503,1,'preserving-energy-while-creating-art','preserving-energy-while-creating-art',1,'2023-02-20 01:45:24','2023-02-20 03:06:18','3556ba5e-5ae0-4d07-9309-644e6ec02daa'),(5509,5509,1,NULL,NULL,1,'2023-02-20 01:48:01','2023-02-20 01:48:01','7c4e98a1-d69d-469a-b369-9e5b36ee3afa'),(5756,5756,1,NULL,NULL,1,'2023-02-20 01:58:48','2023-02-20 01:58:48','697fe259-eed5-402e-873f-fde30146b94f'),(5757,5757,1,NULL,NULL,1,'2023-02-20 01:58:48','2023-02-20 01:58:48','ccdc5975-4156-480c-9697-afa8a499b3df'),(5833,5833,1,NULL,NULL,1,'2023-02-20 02:06:57','2023-02-20 02:06:57','fd71dd1c-22d2-4089-bdc6-696afab395a2'),(6023,6023,1,NULL,NULL,1,'2023-02-20 02:15:40','2023-02-20 02:15:40','efc86cc4-e1df-45f5-828b-ade459e1d603'),(6038,6038,1,NULL,NULL,1,'2023-02-20 02:16:49','2023-02-20 02:16:49','7ffe15d4-fbc2-4d29-9482-327593b0faaf'),(6039,6039,1,NULL,NULL,1,'2023-02-20 02:16:49','2023-02-20 02:16:49','a87a4ed4-4226-462a-82c8-94bdbb9fa09f'),(6040,6040,1,NULL,NULL,1,'2023-02-20 02:16:49','2023-02-20 02:16:49','0c6414e7-8e5d-4cb9-920a-9f498ed5a32f'),(6042,6042,1,NULL,NULL,1,'2023-02-20 02:16:49','2023-02-20 02:16:49','807a750c-f13c-4da9-898c-bf76c29756ed'),(6346,6346,1,NULL,NULL,1,'2023-02-20 02:31:58','2023-02-20 02:31:58','5d1fedda-1730-427c-bf6d-2ebe204a3533'),(7711,7711,1,NULL,NULL,1,'2023-02-20 02:50:32','2023-02-20 02:50:32','b55393ec-f525-4cb9-bfaf-df97609ca9ac'),(7712,7712,1,NULL,NULL,1,'2023-02-20 02:50:32','2023-02-20 02:50:32','e9614ff9-ccfb-4d2b-be93-e0f6e45f474f'),(7713,7713,1,NULL,NULL,1,'2023-02-20 02:50:32','2023-02-20 02:50:32','6a67219d-2736-4b6e-bac5-96cd816cb0a3'),(8350,8350,1,NULL,NULL,1,'2023-02-20 03:28:36','2023-02-20 03:28:36','8eed483d-26d8-4dc1-ba7c-d190b0d33292'),(8375,8375,1,NULL,NULL,1,'2023-02-20 03:35:12','2023-02-20 03:35:12','41b924ea-7289-4814-8025-d503c2fabb28'),(8378,8378,1,NULL,NULL,1,'2023-02-20 03:35:55','2023-02-20 03:35:55','8efc8ee3-3e9e-4235-bf8a-75d8197917c6'),(8379,8379,1,NULL,NULL,1,'2023-02-20 03:35:55','2023-02-20 03:35:55','3230ad97-4aa3-40da-8645-20db32c14751'),(8385,8385,1,NULL,NULL,1,'2023-02-20 17:26:35','2023-02-20 17:26:35','426ba998-8924-4cd4-9ab4-bc43ae2cc625'),(8399,8399,1,NULL,NULL,1,'2023-02-20 17:37:49','2023-02-20 17:37:49','81efd056-4041-41bc-a498-47e6bdddc09f'),(8400,8400,1,NULL,NULL,1,'2023-02-20 17:37:49','2023-02-20 17:37:49','bd008909-36be-4ba1-9bfc-52bb1fb9d505'),(8416,8416,1,NULL,NULL,1,'2023-02-22 04:07:28','2023-02-22 04:07:28','4275244e-8811-4d64-8d9d-0a97d27a77e5'),(8417,8417,1,'it-doesnt-have-to-be-ugly','it-doesnt-have-to-be-ugly',1,'2023-02-22 12:21:59','2023-03-14 09:25:23','a4117343-a4e8-4fac-8ac9-6a23dedff535'),(8419,8419,1,NULL,NULL,1,'2023-02-22 12:23:34','2023-02-22 12:23:34','14c6bddb-531f-4533-964e-a47d5b4d069c'),(8455,8455,1,NULL,NULL,1,'2023-02-22 12:28:57','2023-02-22 12:28:57','926da950-57ad-4c3f-9ef7-d76079cebc9e'),(8592,8592,1,NULL,NULL,1,'2023-02-22 12:41:36','2023-02-22 12:41:36','b07d3555-8d12-4415-b624-8dc997ff6e44'),(8593,8593,1,NULL,NULL,1,'2023-02-22 12:41:37','2023-02-22 12:41:37','3320ecc5-abae-47ca-9c48-063cba6ccefc'),(8594,8594,1,NULL,NULL,1,'2023-02-22 12:41:37','2023-02-22 12:41:37','8871d0de-0591-4e98-952d-85049d7f2348'),(8595,8595,1,NULL,NULL,1,'2023-02-22 12:41:37','2023-02-22 12:41:37','77a43adc-648f-4b44-9f4f-f6ebdb9e27b8'),(8596,8596,1,NULL,NULL,1,'2023-02-22 12:41:37','2023-02-22 12:41:37','2cbf818c-1a04-4bb8-9473-1f1dd2981a4c'),(8597,8597,1,NULL,NULL,1,'2023-02-22 12:41:37','2023-02-22 12:41:37','3efe9f2c-8973-4ad1-acf1-c8856375e686'),(8598,8598,1,NULL,NULL,1,'2023-02-22 12:41:37','2023-02-22 12:41:37','33bdd6e9-e6b5-4284-ad8f-36fa260addb5'),(8599,8599,1,NULL,NULL,1,'2023-02-22 12:41:37','2023-02-22 12:41:37','bdf14daa-de9c-448e-975d-bae36f7d0992'),(8600,8600,1,NULL,NULL,1,'2023-02-22 12:41:37','2023-02-22 12:41:37','1ed23778-7bb3-47e5-ac79-68ea0e76f0db'),(8610,8610,1,'arc-asks-leander-herzog-a-few-questions','arc-asks-leander-herzog-a-few-questions',1,'2023-03-14 09:25:29','2023-03-14 09:28:08','e28f0ed5-46ed-452d-85b4-e2dac85addcd'),(8612,8612,1,NULL,NULL,1,'2023-03-14 09:35:39','2023-03-14 09:35:39','cb2921b4-5978-4df1-8f0d-244dd8a86dfa'),(8877,8877,1,NULL,NULL,1,'2023-03-14 09:45:47','2023-03-14 09:45:47','1c6ea33f-bc7e-42f6-ab95-cc1c64db4d97'),(8878,8878,1,NULL,NULL,1,'2023-03-14 09:45:47','2023-03-14 09:45:47','6d10099b-96f0-473a-b127-78ae39ee78f3'),(8879,8879,1,NULL,NULL,1,'2023-03-14 09:45:47','2023-03-14 09:45:47','d14fb9a6-8756-4f2f-b2e5-dcd748c21c19'),(8880,8880,1,NULL,NULL,1,'2023-03-14 09:45:47','2023-03-14 09:45:47','dc7592c0-a91c-48cf-93bf-749e3b8ad16a'),(8881,8881,1,NULL,NULL,1,'2023-03-14 09:45:47','2023-03-14 09:45:47','d2577c26-9d50-4c2f-87ed-1d4cef0c1f0b'),(8882,8882,1,NULL,NULL,1,'2023-03-14 09:45:47','2023-03-14 09:45:47','596ec07a-fcaa-499b-ab04-6c29c864bfa3'),(8883,8883,1,NULL,NULL,1,'2023-03-14 09:45:47','2023-03-14 09:45:47','443d34b7-9f62-449b-ac1a-2f9c9a094652'),(8884,8884,1,NULL,NULL,1,'2023-03-14 09:45:47','2023-03-14 09:45:47','4ebbb70e-4af6-4d93-9b20-b73417c0944a'),(8885,8885,1,NULL,NULL,1,'2023-03-14 09:45:47','2023-03-14 09:45:47','697b37da-2780-4939-9942-d39fe70a3025'),(8886,8886,1,NULL,NULL,1,'2023-03-14 09:45:47','2023-03-14 09:45:47','db9692e3-7f58-459c-83ed-01e9941c8c26'),(8887,8887,1,NULL,NULL,1,'2023-03-14 09:45:47','2023-03-14 09:45:47','6e00eb57-0acb-47df-af9e-58b4dec4ff5f'),(8898,8898,1,'ai','ai',1,'2023-03-23 04:21:05','2023-03-23 07:14:49','c07d5aed-cf5b-4aaa-a161-27ebf04edde9'),(9225,9225,1,NULL,NULL,1,'2023-03-23 04:41:55','2023-03-23 04:41:55','05c26055-cb37-4bdf-8c80-31d51298d1a4'),(10338,10338,1,NULL,NULL,1,'2023-03-23 05:00:06','2023-03-23 05:00:06','4f13bc4c-cfce-4766-aa0a-2dfda7471d34'),(10350,10350,1,NULL,NULL,1,'2023-03-23 05:01:19','2023-03-23 05:01:19','9e451c37-3ff9-4da0-ae45-34a90b68e179'),(12626,12626,1,NULL,NULL,1,'2023-03-23 05:19:50','2023-03-23 05:19:50','ee36de29-9d6d-4615-932c-da78209f5a1b'),(15560,15560,1,NULL,NULL,1,'2023-03-23 05:36:38','2023-03-23 05:36:38','9a1be894-46b2-4fe9-8cc3-518d3b5f0eaf'),(15561,15561,1,NULL,NULL,1,'2023-03-23 05:36:38','2023-03-23 05:36:38','ce8a6e96-d8ae-439b-809f-7e82d27d6496'),(15562,15562,1,NULL,NULL,1,'2023-03-23 05:36:38','2023-03-23 05:36:38','bb9510e8-6f97-4ea6-9f2c-d1b765984f1a'),(15563,15563,1,NULL,NULL,1,'2023-03-23 05:36:38','2023-03-23 05:36:38','fe2e2529-5cf5-4b95-b430-91fad407d4a1'),(15564,15564,1,NULL,NULL,1,'2023-03-23 05:36:38','2023-03-23 05:36:38','fbe0bbdd-50bc-40a9-9e12-45300df479cc'),(15565,15565,1,NULL,NULL,1,'2023-03-23 05:36:38','2023-03-23 05:36:38','21afb24b-4e48-4cc0-a0f1-26c39d54c87f'),(15566,15566,1,NULL,NULL,1,'2023-03-23 05:36:38','2023-03-23 05:36:38','091739dc-66e8-4a61-bf6a-58fe0c8faa3e'),(15567,15567,1,NULL,NULL,1,'2023-03-23 05:36:38','2023-03-23 05:36:38','963898d3-8bc3-4ba0-bc03-5996fbb026fa'),(15568,15568,1,NULL,NULL,1,'2023-03-23 05:36:38','2023-03-23 05:36:38','e77db40b-ef92-4dcf-9759-f3589262aaf1'),(15569,15569,1,NULL,NULL,1,'2023-03-23 05:36:38','2023-03-23 05:36:38','15306eab-b6c7-47c4-865f-a2c1edd41c18'),(15574,15574,1,'html-embed-test','html-embed-test',1,'2023-06-07 22:37:11','2023-06-07 22:37:25','704e787f-e5c1-455d-bf4e-9179ed256409'),(15582,15582,1,NULL,NULL,1,'2023-06-07 22:41:30','2023-06-07 22:41:30','474f9a53-74a6-43db-bde6-87d80a78aac6');
commit;

--
-- Dumping data for table `entries`
--

set autocommit=0;
INSERT INTO `entries` VALUES (17,2,NULL,2,1,'2022-11-16 16:54:00',NULL,NULL,'2022-11-16 16:54:09','2022-11-16 16:54:13'),(20,3,NULL,3,1,'2022-11-16 17:01:00',NULL,NULL,'2022-11-16 17:01:47','2022-11-16 17:01:57'),(21,2,NULL,2,1,'2022-11-16 17:06:00',NULL,NULL,'2022-11-16 17:06:08','2022-11-16 17:06:14'),(185,4,NULL,4,1,'2023-02-08 14:01:00',NULL,1,'2023-02-08 14:01:33','2023-02-08 14:01:47'),(186,4,NULL,4,1,'2023-02-08 14:02:00',NULL,1,'2023-02-08 14:01:49','2023-02-08 14:02:02'),(197,1,NULL,1,1,'2023-02-09 20:37:00',NULL,NULL,'2023-02-09 18:26:36','2023-02-09 20:37:16'),(1173,1,NULL,1,1,'2023-02-10 14:18:00',NULL,NULL,'2023-02-10 14:01:36','2023-02-10 14:18:40'),(1174,4,NULL,4,1,'2023-02-10 14:03:52',NULL,NULL,'2023-02-10 14:03:52','2023-02-10 14:03:52'),(1345,1,NULL,1,1,'2023-02-10 20:25:00',NULL,NULL,'2023-02-10 14:22:15','2023-02-10 20:25:43'),(1625,5,NULL,5,NULL,'2023-02-11 23:07:00',NULL,NULL,'2023-02-11 23:07:53','2023-02-11 23:07:53'),(1679,6,NULL,6,NULL,'2023-02-13 00:40:00',NULL,NULL,'2023-02-13 00:40:14','2023-02-13 00:40:14'),(1684,3,NULL,3,1,'2023-02-17 05:09:00',NULL,NULL,'2023-02-17 05:09:01','2023-02-17 05:09:24'),(1704,1,NULL,1,1,'2023-02-19 10:45:00',NULL,NULL,'2023-02-19 09:57:40','2023-02-19 10:45:37'),(5502,1,NULL,1,1,'2023-02-19 10:45:00',NULL,NULL,'2023-02-19 11:41:54','2023-02-19 11:41:54'),(5503,1,NULL,1,1,'2023-02-20 01:58:00',NULL,NULL,'2023-02-20 01:45:24','2023-02-20 01:58:48'),(8417,1,NULL,1,1,'2023-02-22 12:42:00',NULL,NULL,'2023-02-22 12:21:59','2023-02-22 12:42:18'),(8610,1,NULL,1,1,'2023-03-23 05:42:00',NULL,NULL,'2023-03-14 09:25:29','2023-03-23 05:42:15'),(8898,1,NULL,1,1,'2023-03-23 05:41:00',NULL,NULL,'2023-03-23 04:21:05','2023-03-23 05:41:43'),(15574,1,NULL,1,1,'2023-06-07 22:37:11',NULL,NULL,'2023-06-07 22:37:11','2023-06-07 22:37:11');
commit;

--
-- Dumping data for table `entrytypes`
--

set autocommit=0;
INSERT INTO `entrytypes` VALUES (1,1,1,'Default','default',1,'site',NULL,NULL,1,'2022-11-16 03:16:19','2022-11-16 03:16:19',NULL,'94e17ac6-cf84-42d6-8248-21554c38f659'),(2,2,6,'Default','default',1,'site',NULL,NULL,1,'2022-11-16 16:49:05','2022-11-16 16:49:05',NULL,'5316a301-aa5b-40e9-8de9-8c3d231588f5'),(3,3,7,'Default','default',1,'site',NULL,NULL,1,'2022-11-16 16:54:46','2022-11-16 16:54:46',NULL,'9e750a1d-7f6d-43ef-afcb-027ca0ba99a3'),(4,4,13,'Default','default',1,'site',NULL,NULL,1,'2023-02-08 13:58:27','2023-02-09 19:54:37',NULL,'cf9ace41-012b-433e-a521-ff5c363aae61'),(5,5,15,'Art without limits','awl',0,'site',NULL,'{section.name|raw}',1,'2023-02-11 23:07:53','2023-02-11 23:18:30',NULL,'57024b53-1884-466d-bcc3-a03585a8fa2a'),(6,6,16,'All Articles','index',0,'site',NULL,'{section.name|raw}',1,'2023-02-13 00:40:14','2023-02-13 00:40:14',NULL,'239a5d0c-da80-43d4-9033-9ceda27b99b0');
commit;

--
-- Dumping data for table `fieldgroups`
--

set autocommit=0;
INSERT INTO `fieldgroups` VALUES (1,'Common','2022-11-16 03:15:01','2022-11-16 03:15:01',NULL,'c858b8c0-ecdb-4728-b143-07da244e0621');
commit;

--
-- Dumping data for table `fieldlayoutfields`
--

set autocommit=0;
INSERT INTO `fieldlayoutfields` VALUES (59,8,57,6,0,0,'2023-02-09 19:54:38','2023-02-09 19:54:38','bd26b93c-e288-4299-9a51-48e607b0ce75'),(61,2,59,2,1,0,'2023-02-09 19:54:38','2023-02-09 19:54:38','e6cf0dc3-e7a1-4f22-96f5-98f85837a559'),(64,11,61,20,0,0,'2023-02-09 19:54:39','2023-02-09 19:54:39','438d4aaa-989e-40c4-a735-9e2002a9a9c1'),(65,11,61,19,0,1,'2023-02-09 19:54:39','2023-02-09 19:54:39','3d72d487-db38-45a6-a42f-680b1122a4c2'),(67,5,63,5,1,0,'2023-02-09 19:54:39','2023-02-09 19:54:39','7ff9fbcf-ad61-4abd-bd12-22ccf97a533f'),(69,12,65,15,0,0,'2023-02-09 19:54:40','2023-02-09 19:54:40','f6d6d1a4-3eaf-4f3b-b9e9-5e8a4d5a35e1'),(71,4,67,4,0,0,'2023-02-09 19:54:40','2023-02-09 19:54:40','a302ab75-34bf-4602-9b30-0640c5e11d90'),(73,3,69,3,1,0,'2023-02-09 19:54:40','2023-02-09 19:54:40','3b485788-919e-47d6-b6c0-6a4c30ad8157'),(80,13,75,18,1,1,'2023-02-09 19:54:40','2023-02-09 19:54:40','dc864afb-815e-4e4f-b280-8abbf21ffc75'),(81,13,75,16,1,2,'2023-02-09 19:54:40','2023-02-09 19:54:40','89f0597d-d292-4ee8-b616-4e85ec9cbc47'),(85,7,79,7,1,1,'2023-02-09 19:54:40','2023-02-09 19:54:40','06f71716-04ea-4442-8619-4e97013a6f92'),(86,9,80,21,0,1,'2023-02-09 22:51:48','2023-02-09 22:51:48','9e9c91c6-4c59-4dbf-ad61-2b7e26c5884b'),(87,14,81,22,1,0,'2023-02-11 21:20:25','2023-02-11 21:20:25','128c63b6-fae9-49bf-93db-768998f39737'),(89,15,84,1,1,1,'2023-02-11 23:18:30','2023-02-11 23:18:30','ff98332b-2000-4d44-b4ea-a600e118fd80'),(92,10,87,8,1,0,'2023-02-19 03:52:00','2023-02-19 03:52:00','c82dcadb-d508-474f-8035-d5514721bc4f'),(93,10,87,23,1,1,'2023-02-19 03:52:00','2023-02-19 03:52:00','f8442738-2822-4c82-86f6-8943f6af5174'),(94,1,88,24,0,1,'2023-02-19 04:16:51','2023-02-19 04:16:51','dc267c2d-4f11-49a0-b219-dd3c790be295'),(95,1,88,17,1,2,'2023-02-19 04:16:51','2023-02-19 04:16:51','c5f44613-7c49-4864-afef-fc2c9f7a00e4'),(96,1,88,1,1,3,'2023-02-19 04:16:51','2023-02-19 04:16:51','5f188645-4035-435d-9582-97ac412c2bfd'),(97,6,89,24,0,1,'2023-02-19 04:17:36','2023-02-19 04:17:36','451ac18d-fb09-4d54-a632-a86c2b6615b3'),(98,6,89,1,1,2,'2023-02-19 04:17:36','2023-02-19 04:17:36','547aa9c4-391b-4ba4-a4da-b527ccb1e58e');
commit;

--
-- Dumping data for table `fieldlayouts`
--

set autocommit=0;
INSERT INTO `fieldlayouts` VALUES (1,'craft\\elements\\Entry','2022-11-16 03:16:19','2022-11-16 03:16:19',NULL,'9f4d0442-0fef-4af8-8544-088a51a48665'),(2,'craft\\elements\\MatrixBlock','2022-11-16 03:18:37','2022-11-16 03:18:37',NULL,'ba685385-c9be-486e-bd79-1983af3d2f0a'),(3,'craft\\elements\\MatrixBlock','2022-11-16 03:19:23','2022-11-16 03:19:23',NULL,'add7d258-d89e-4468-9b2a-b7aa91aeac0a'),(4,'craft\\elements\\MatrixBlock','2022-11-16 03:21:05','2022-11-16 03:21:05',NULL,'92e396f0-b348-43ea-be38-9c7f27194e67'),(5,'craft\\elements\\MatrixBlock','2022-11-16 03:21:05','2022-11-16 03:21:05',NULL,'b07e47e6-95dc-40d1-82ee-a91041fa5cfd'),(6,'craft\\elements\\Entry','2022-11-16 16:49:05','2022-11-16 16:49:05',NULL,'2ecc1734-bc85-460e-8948-f773616906be'),(7,'craft\\elements\\Entry','2022-11-16 16:54:46','2022-11-16 16:54:46',NULL,'9bf72375-8b58-4829-b583-de1ff05224be'),(8,'craft\\elements\\GlobalSet','2022-11-16 17:09:21','2022-11-16 17:09:21',NULL,'e2e064f0-56ef-4ee8-af1a-92d1d5893505'),(9,'craft\\elements\\Asset','2022-11-16 19:14:31','2022-11-16 19:14:31',NULL,'ef9f1e46-4b0c-4ffb-9bf9-7f7e161d3f1d'),(10,'craft\\elements\\GlobalSet','2023-02-07 02:32:05','2023-02-07 02:32:05',NULL,'292a8105-a3cd-4ad2-86dc-88aa965d4762'),(11,'craft\\elements\\MatrixBlock','2023-02-08 03:50:51','2023-02-09 19:54:36',NULL,'bd53a2d7-3696-49c0-9d3b-41ed14a75c83'),(12,'craft\\elements\\MatrixBlock','2023-02-08 03:50:51','2023-02-09 19:54:34',NULL,'a1d7193b-27c5-4c93-9d0a-eed26fa82bfd'),(13,'craft\\elements\\Entry','2023-02-08 13:58:27','2023-02-09 19:54:37',NULL,'e28cfa20-33df-4647-9fc8-9ac919e4fecc'),(14,'craft\\elements\\MatrixBlock','2023-02-11 21:20:25','2023-02-11 21:20:25',NULL,'e6669a34-c3ef-46b6-87e9-a5d8bc5524c3'),(15,'craft\\elements\\Entry','2023-02-11 23:07:53','2023-02-11 23:07:53',NULL,'c6031c1d-29a5-4d2d-98e4-9e2dc47b5b7c'),(16,'craft\\elements\\Entry','2023-02-13 00:40:14','2023-02-13 00:40:14',NULL,'8606e619-2e4e-4836-b797-26d5db3ede8e');
commit;

--
-- Dumping data for table `fieldlayouttabs`
--

set autocommit=0;
INSERT INTO `fieldlayouttabs` VALUES (57,8,'Service Nav','{\"userCondition\":null,\"elementCondition\":null}','[{\"type\":\"craft\\\\fieldlayoutelements\\\\CustomField\",\"label\":null,\"instructions\":null,\"tip\":null,\"warning\":null,\"required\":false,\"width\":100,\"uid\":\"1d1fbd6b-e652-48a6-91a0-c7d81ab545c3\",\"userCondition\":null,\"elementCondition\":null,\"fieldUid\":\"a8ed1ea3-a10f-48f8-ad3f-937f55b53828\"}]',1,'2023-02-09 19:54:38','2023-02-09 19:54:38','b5b47b56-a279-4082-b9a9-9e1d6602af88'),(59,2,'Content','{\"userCondition\":null,\"elementCondition\":null}','[{\"type\":\"craft\\\\fieldlayoutelements\\\\CustomField\",\"label\":null,\"instructions\":null,\"tip\":null,\"warning\":null,\"required\":true,\"width\":100,\"uid\":\"a6b44e2f-0f86-4e33-9d04-09f849f2ee4c\",\"userCondition\":null,\"elementCondition\":null,\"fieldUid\":\"c93126a1-714c-46ba-a40a-f0fa1079aa18\"}]',1,'2023-02-09 19:54:38','2023-02-09 19:54:38','688d414a-3c33-458d-a6a5-bad2dba52296'),(61,11,'Content','{\"userCondition\":null,\"elementCondition\":null}','[{\"type\":\"craft\\\\fieldlayoutelements\\\\CustomField\",\"label\":null,\"instructions\":null,\"tip\":null,\"warning\":null,\"required\":false,\"width\":100,\"uid\":\"863ef362-6738-4643-b77b-184851bbe5b3\",\"userCondition\":null,\"elementCondition\":null,\"fieldUid\":\"62d34a92-b55e-4808-96af-4c3b079435b4\"},{\"type\":\"craft\\\\fieldlayoutelements\\\\CustomField\",\"label\":null,\"instructions\":null,\"tip\":null,\"warning\":null,\"required\":false,\"width\":100,\"uid\":\"635bc559-4cc9-449c-81fd-1acecb48c758\",\"userCondition\":null,\"elementCondition\":null,\"fieldUid\":\"6e24cd37-8102-4045-baa9-f737aa947664\"}]',1,'2023-02-09 19:54:39','2023-02-09 19:54:39','41d98d83-e80e-4194-813c-efaa68f33e6d'),(63,5,'Content','{\"userCondition\":null,\"elementCondition\":null}','[{\"type\":\"craft\\\\fieldlayoutelements\\\\CustomField\",\"label\":null,\"instructions\":null,\"tip\":null,\"warning\":null,\"required\":true,\"width\":100,\"uid\":\"2e64e76a-4469-4031-adaa-a553efce0776\",\"userCondition\":null,\"elementCondition\":null,\"fieldUid\":\"997602dc-573a-4b47-97f6-52c9a6f2baee\"}]',1,'2023-02-09 19:54:39','2023-02-09 19:54:39','c3b75f75-000a-4158-be9f-b1d06f941a85'),(65,12,'Content','{\"userCondition\":null,\"elementCondition\":null}','[{\"type\":\"craft\\\\fieldlayoutelements\\\\CustomField\",\"label\":null,\"instructions\":null,\"tip\":null,\"warning\":null,\"required\":false,\"width\":100,\"uid\":\"7256f43d-b3f7-4225-aadf-88ec7c1ecbd0\",\"userCondition\":null,\"elementCondition\":null,\"fieldUid\":\"e7d05152-fb94-4684-9c81-12d15bb47634\"}]',1,'2023-02-09 19:54:40','2023-02-09 19:54:40','8943b25a-4d9c-4593-a991-0f87ebc99de6'),(67,4,'Content','{\"userCondition\":null,\"elementCondition\":null}','[{\"type\":\"craft\\\\fieldlayoutelements\\\\CustomField\",\"label\":null,\"instructions\":null,\"tip\":null,\"warning\":null,\"required\":false,\"width\":100,\"uid\":\"2f23d0e3-4811-49bf-81f9-820ad75b8fdf\",\"userCondition\":null,\"elementCondition\":null,\"fieldUid\":\"f4eaf466-dac3-40b0-ae71-f7ea40919e9e\"}]',1,'2023-02-09 19:54:40','2023-02-09 19:54:40','9d3be027-04ce-42d7-bea6-e151cc2938da'),(69,3,'Content','{\"userCondition\":null,\"elementCondition\":null}','[{\"type\":\"craft\\\\fieldlayoutelements\\\\CustomField\",\"label\":null,\"instructions\":null,\"tip\":null,\"warning\":null,\"required\":true,\"width\":100,\"uid\":\"dfadddcb-4c01-445c-9ea5-606b802f71c6\",\"userCondition\":null,\"elementCondition\":null,\"fieldUid\":\"8d05e9c2-d014-47a3-94a2-5779092a32a5\"}]',1,'2023-02-09 19:54:40','2023-02-09 19:54:40','15ff9e55-e420-4231-9a11-ac64b87313ec'),(75,13,'Content','{\"userCondition\":null,\"elementCondition\":null}','[{\"type\":\"craft\\\\fieldlayoutelements\\\\entries\\\\EntryTitleField\",\"autocomplete\":false,\"class\":null,\"size\":null,\"name\":null,\"autocorrect\":true,\"autocapitalize\":true,\"disabled\":false,\"readonly\":false,\"title\":null,\"placeholder\":null,\"step\":null,\"min\":null,\"max\":null,\"requirable\":false,\"id\":null,\"containerAttributes\":[],\"inputContainerAttributes\":[],\"labelAttributes\":[],\"orientation\":null,\"label\":null,\"instructions\":null,\"tip\":null,\"warning\":null,\"width\":100,\"uid\":\"18407a30-9214-45d1-b161-98703dcd7729\",\"userCondition\":null,\"elementCondition\":null},{\"type\":\"craft\\\\fieldlayoutelements\\\\CustomField\",\"label\":null,\"instructions\":null,\"tip\":null,\"warning\":null,\"required\":true,\"width\":50,\"uid\":\"49e4cc61-89a3-43cb-a4f8-3f8d3497f71f\",\"userCondition\":null,\"elementCondition\":null,\"fieldUid\":\"6eedab0e-b28e-4d40-89a4-d6448cf48d36\"},{\"type\":\"craft\\\\fieldlayoutelements\\\\CustomField\",\"label\":null,\"instructions\":null,\"tip\":null,\"warning\":null,\"required\":true,\"width\":50,\"uid\":\"681d02e2-db68-41aa-b6c0-3bff63e41870\",\"userCondition\":null,\"elementCondition\":null,\"fieldUid\":\"86ce2c00-1019-4f85-a1d3-f8b4e861af74\"}]',1,'2023-02-09 19:54:40','2023-02-09 19:54:40','cd9d5322-2851-4833-b0d5-794bb06c9749'),(79,7,'Content','{\"userCondition\":null,\"elementCondition\":null}','[{\"type\":\"craft\\\\fieldlayoutelements\\\\entries\\\\EntryTitleField\",\"autocomplete\":false,\"class\":null,\"size\":null,\"name\":null,\"autocorrect\":true,\"autocapitalize\":true,\"disabled\":false,\"readonly\":false,\"title\":null,\"placeholder\":null,\"step\":null,\"min\":null,\"max\":null,\"requirable\":false,\"id\":null,\"containerAttributes\":[],\"inputContainerAttributes\":[],\"labelAttributes\":[],\"orientation\":null,\"label\":null,\"instructions\":null,\"tip\":null,\"warning\":null,\"width\":100,\"uid\":\"1ae0ab41-514e-4aca-96c0-5148646e7ef7\",\"userCondition\":null,\"elementCondition\":null},{\"type\":\"craft\\\\fieldlayoutelements\\\\CustomField\",\"label\":null,\"instructions\":null,\"tip\":null,\"warning\":null,\"required\":true,\"width\":100,\"uid\":\"8c4ec53c-d8be-42b9-8665-cecdb4265a58\",\"userCondition\":null,\"elementCondition\":null,\"fieldUid\":\"8b231235-90bc-4b16-90b1-2a0dd8356a07\"}]',1,'2023-02-09 19:54:40','2023-02-09 19:54:40','ebef82ac-6f10-49db-957b-c8933a7d33b7'),(80,9,'Content','{\"userCondition\":null,\"elementCondition\":null}','[{\"type\":\"craft\\\\fieldlayoutelements\\\\assets\\\\AssetTitleField\",\"autocomplete\":false,\"class\":null,\"size\":null,\"name\":null,\"autocorrect\":true,\"autocapitalize\":true,\"disabled\":false,\"readonly\":false,\"title\":null,\"placeholder\":null,\"step\":null,\"min\":null,\"max\":null,\"requirable\":false,\"id\":null,\"containerAttributes\":[],\"inputContainerAttributes\":[],\"labelAttributes\":[],\"orientation\":null,\"label\":null,\"instructions\":null,\"tip\":null,\"warning\":null,\"width\":100,\"uid\":\"7f663b80-454c-41cd-b1d2-3dbc804a11eb\",\"userCondition\":null,\"elementCondition\":null},{\"type\":\"craft\\\\fieldlayoutelements\\\\CustomField\",\"label\":null,\"instructions\":null,\"tip\":null,\"warning\":null,\"required\":false,\"width\":100,\"uid\":\"881b8652-ab71-4f45-8bac-630e4f9c24a6\",\"userCondition\":null,\"elementCondition\":null,\"fieldUid\":\"5bce0251-fac3-4898-b5d1-6edc82fe6cbe\"}]',1,'2023-02-09 22:51:48','2023-02-09 22:51:48','b634f568-6e14-44cb-836d-d2649be9c686'),(81,14,'Content','{\"userCondition\":null,\"elementCondition\":null}','[{\"type\":\"craft\\\\fieldlayoutelements\\\\CustomField\",\"label\":null,\"instructions\":null,\"tip\":null,\"warning\":null,\"required\":true,\"width\":100,\"uid\":\"39d68be4-9ad3-4323-a4d2-444370d8f3e2\",\"userCondition\":null,\"elementCondition\":null,\"fieldUid\":\"a9bdda7e-29cc-4d85-abfd-b6634cc86cb1\"}]',1,'2023-02-11 21:20:25','2023-02-11 21:20:25','0825865e-04f5-4231-800a-8f08dd51c31a'),(84,15,'Content','{\"userCondition\":null,\"elementCondition\":null}','[{\"type\":\"craft\\\\fieldlayoutelements\\\\entries\\\\EntryTitleField\",\"autocomplete\":false,\"class\":null,\"size\":null,\"name\":null,\"autocorrect\":true,\"autocapitalize\":true,\"disabled\":false,\"readonly\":false,\"title\":null,\"placeholder\":null,\"step\":null,\"min\":null,\"max\":null,\"requirable\":false,\"id\":null,\"containerAttributes\":[],\"inputContainerAttributes\":[],\"labelAttributes\":[],\"orientation\":null,\"label\":null,\"instructions\":null,\"tip\":null,\"warning\":null,\"width\":100,\"uid\":\"a6b80342-fde9-429f-9508-683ece0a28cc\",\"userCondition\":null,\"elementCondition\":null},{\"type\":\"craft\\\\fieldlayoutelements\\\\CustomField\",\"label\":null,\"instructions\":null,\"tip\":null,\"warning\":null,\"required\":true,\"width\":100,\"uid\":\"c8bb828f-21ea-4f87-a933-b71ea61af225\",\"userCondition\":null,\"elementCondition\":null,\"fieldUid\":\"1868147e-f313-447c-8be6-69a4e7a80ccd\"}]',1,'2023-02-11 23:18:30','2023-02-11 23:18:30','b37c51ec-3bd9-4eb0-afe8-e64f25c8fbcf'),(86,16,'Content','{\"userCondition\":null,\"elementCondition\":null}','[{\"type\":\"craft\\\\fieldlayoutelements\\\\entries\\\\EntryTitleField\",\"autocomplete\":false,\"class\":null,\"size\":null,\"name\":null,\"autocorrect\":true,\"autocapitalize\":true,\"disabled\":false,\"readonly\":false,\"title\":null,\"placeholder\":null,\"step\":null,\"min\":null,\"max\":null,\"requirable\":false,\"id\":null,\"containerAttributes\":[],\"inputContainerAttributes\":[],\"labelAttributes\":[],\"orientation\":null,\"label\":null,\"instructions\":null,\"tip\":null,\"warning\":null,\"width\":100,\"uid\":\"d1538429-30e2-443c-9c8d-42cbe58fad7c\",\"userCondition\":null,\"elementCondition\":null}]',1,'2023-02-13 00:40:14','2023-02-13 00:40:14','96c083e8-6da8-4c02-b0c9-13dd640c16c3'),(87,10,'Hi','{\"userCondition\":null,\"elementCondition\":null}','[{\"type\":\"craft\\\\fieldlayoutelements\\\\CustomField\",\"label\":null,\"instructions\":null,\"tip\":null,\"warning\":null,\"required\":true,\"width\":100,\"uid\":\"9e5e21ba-f547-47b9-a932-15ee40245c3c\",\"userCondition\":null,\"elementCondition\":null,\"fieldUid\":\"306ea57d-2dee-4a08-919d-be18633dd592\"},{\"type\":\"craft\\\\fieldlayoutelements\\\\CustomField\",\"label\":null,\"instructions\":null,\"tip\":null,\"warning\":null,\"required\":true,\"width\":100,\"uid\":\"92772fd6-4941-44b9-9f1f-4912caab462e\",\"userCondition\":null,\"elementCondition\":null,\"fieldUid\":\"86f728c2-3b60-4a00-83c8-9d6b71be157a\"}]',1,'2023-02-19 03:52:00','2023-02-19 03:52:00','afa23ffd-38ad-4718-8a60-5eb533f9ea18'),(88,1,'Content','{\"userCondition\":null,\"elementCondition\":null}','[{\"type\":\"craft\\\\fieldlayoutelements\\\\entries\\\\EntryTitleField\",\"autocomplete\":false,\"class\":null,\"size\":null,\"name\":null,\"autocorrect\":true,\"autocapitalize\":true,\"disabled\":false,\"readonly\":false,\"title\":null,\"placeholder\":null,\"step\":null,\"min\":null,\"max\":null,\"requirable\":false,\"id\":null,\"containerAttributes\":[],\"inputContainerAttributes\":[],\"labelAttributes\":[],\"orientation\":null,\"label\":null,\"instructions\":null,\"tip\":null,\"warning\":null,\"width\":100,\"uid\":\"9b901083-6202-4fb7-bf93-b8ce44cfb33a\",\"userCondition\":null,\"elementCondition\":null},{\"type\":\"craft\\\\fieldlayoutelements\\\\CustomField\",\"label\":null,\"instructions\":null,\"tip\":null,\"warning\":null,\"required\":false,\"width\":100,\"uid\":\"0d2f4f00-fea0-4e28-9344-9b8ef51ee29b\",\"userCondition\":null,\"elementCondition\":null,\"fieldUid\":\"48393cf9-22b5-4bfc-b259-819898c33869\"},{\"type\":\"craft\\\\fieldlayoutelements\\\\CustomField\",\"label\":null,\"instructions\":null,\"tip\":null,\"warning\":null,\"required\":true,\"width\":100,\"uid\":\"346df999-c747-460f-afe7-8a1ee3242b9f\",\"userCondition\":null,\"elementCondition\":null,\"fieldUid\":\"14b41792-c7a9-4fcc-b070-d20d17d95c48\"},{\"type\":\"craft\\\\fieldlayoutelements\\\\CustomField\",\"label\":null,\"instructions\":null,\"tip\":null,\"warning\":null,\"required\":true,\"width\":100,\"uid\":\"64ad988b-2db8-4991-ae48-f4f6b10a70d9\",\"userCondition\":null,\"elementCondition\":null,\"fieldUid\":\"1868147e-f313-447c-8be6-69a4e7a80ccd\"}]',1,'2023-02-19 04:16:51','2023-02-19 04:16:51','a9cdbf8e-d3ed-428e-897b-50e754782080'),(89,6,'Content','{\"userCondition\":null,\"elementCondition\":null}','[{\"type\":\"craft\\\\fieldlayoutelements\\\\entries\\\\EntryTitleField\",\"autocomplete\":false,\"class\":null,\"size\":null,\"name\":null,\"autocorrect\":true,\"autocapitalize\":true,\"disabled\":false,\"readonly\":false,\"title\":null,\"placeholder\":null,\"step\":null,\"min\":null,\"max\":null,\"requirable\":false,\"id\":null,\"containerAttributes\":[],\"inputContainerAttributes\":[],\"labelAttributes\":[],\"orientation\":null,\"label\":null,\"instructions\":null,\"tip\":null,\"warning\":null,\"width\":100,\"uid\":\"39831883-ebf5-4ac9-89c3-a6ab1c0a2637\",\"userCondition\":null,\"elementCondition\":null},{\"type\":\"craft\\\\fieldlayoutelements\\\\CustomField\",\"label\":null,\"instructions\":null,\"tip\":null,\"warning\":null,\"required\":false,\"width\":100,\"uid\":\"eb916e60-57ef-41c2-8bf8-8087a69ec0f1\",\"userCondition\":null,\"elementCondition\":null,\"fieldUid\":\"48393cf9-22b5-4bfc-b259-819898c33869\"},{\"type\":\"craft\\\\fieldlayoutelements\\\\CustomField\",\"label\":null,\"instructions\":null,\"tip\":null,\"warning\":null,\"required\":true,\"width\":100,\"uid\":\"74e1ff99-33bd-4295-a14c-96dbb2799f4b\",\"userCondition\":null,\"elementCondition\":null,\"fieldUid\":\"1868147e-f313-447c-8be6-69a4e7a80ccd\"}]',1,'2023-02-19 04:17:36','2023-02-19 04:17:36','ef8bcce3-e7e8-499f-8bc4-8a0882a6b760');
commit;

--
-- Dumping data for table `fields`
--

set autocommit=0;
INSERT INTO `fields` VALUES (1,1,'Story','story','global',NULL,NULL,0,'site',NULL,'craft\\fields\\Matrix','{\"minBlocks\":null,\"maxBlocks\":null,\"contentTable\":\"{{%matrixcontent_story}}\",\"propagationMethod\":\"all\",\"propagationKeyFormat\":null}','2022-11-16 03:18:37','2023-02-11 21:20:25','1868147e-f313-447c-8be6-69a4e7a80ccd'),(2,NULL,'Text','text','matrixBlockType:5b812ee9-8a7b-4a54-8a2c-a044ba9ab773','nttidlzh',NULL,0,'none',NULL,'craft\\redactor\\Field','{\"availableTransforms\":\"\",\"availableVolumes\":\"\",\"columnType\":\"text\",\"configSelectionMode\":\"choose\",\"defaultTransform\":\"\",\"manualConfig\":\"\",\"purifierConfig\":null,\"purifyHtml\":true,\"redactorConfig\":\"Simple.json\",\"removeEmptyTags\":true,\"removeInlineStyles\":false,\"removeNbsp\":false,\"showHtmlButtonForNonAdmins\":false,\"showUnpermittedFiles\":false,\"showUnpermittedVolumes\":false,\"uiMode\":\"enlarged\"}','2022-11-16 03:18:37','2023-02-07 16:48:20','c93126a1-714c-46ba-a40a-f0fa1079aa18'),(3,NULL,'Visual','visual','matrixBlockType:fad79abe-8331-4f6b-bc9f-db61863a614a',NULL,NULL,0,'site',NULL,'craft\\fields\\Assets','{\"allowSelfRelations\":false,\"allowSubfolders\":false,\"allowUploads\":true,\"allowedKinds\":[\"image\",\"video\"],\"defaultUploadLocationSource\":\"volume:95519e50-db71-4371-a271-5a9d9b117816\",\"defaultUploadLocationSubpath\":null,\"localizeRelations\":false,\"maxRelations\":3,\"minRelations\":1,\"previewMode\":\"full\",\"restrictFiles\":true,\"restrictLocation\":false,\"restrictedDefaultUploadSubpath\":null,\"restrictedLocationSource\":\"volume:95519e50-db71-4371-a271-5a9d9b117816\",\"restrictedLocationSubpath\":null,\"selectionCondition\":{\"elementType\":\"craft\\\\elements\\\\Asset\",\"fieldContext\":\"global\",\"class\":\"craft\\\\elements\\\\conditions\\\\assets\\\\AssetCondition\"},\"selectionLabel\":null,\"showSiteMenu\":true,\"showUnpermittedFiles\":false,\"showUnpermittedVolumes\":false,\"source\":null,\"sources\":\"*\",\"targetSiteId\":null,\"validateRelatedElements\":true,\"viewMode\":\"large\"}','2022-11-16 03:19:23','2023-02-08 13:11:49','8d05e9c2-d014-47a3-94a2-5779092a32a5'),(4,NULL,'Quote','quote','matrixBlockType:953eb59b-717b-4ad7-bcf7-cb6e62733736','qkbxjdbq',NULL,0,'none',NULL,'craft\\redactor\\Field','{\"availableTransforms\":\"\",\"availableVolumes\":\"\",\"columnType\":\"text\",\"configSelectionMode\":\"choose\",\"defaultTransform\":\"\",\"manualConfig\":\"\",\"purifierConfig\":null,\"purifyHtml\":true,\"redactorConfig\":\"Simple.json\",\"removeEmptyTags\":false,\"removeInlineStyles\":false,\"removeNbsp\":false,\"showHtmlButtonForNonAdmins\":false,\"showUnpermittedFiles\":false,\"showUnpermittedVolumes\":false,\"uiMode\":\"enlarged\"}','2022-11-16 03:21:05','2022-11-16 03:21:05','f4eaf466-dac3-40b0-ae71-f7ea40919e9e'),(5,NULL,'Title','atitle','matrixBlockType:81ab74a9-3abe-4d21-a42a-198a7e5c3396','quicklpb',NULL,0,'none',NULL,'craft\\fields\\PlainText','{\"byteLimit\":null,\"charLimit\":1000,\"code\":false,\"columnType\":null,\"initialRows\":4,\"multiline\":false,\"placeholder\":null,\"uiMode\":\"normal\"}','2022-11-16 03:21:05','2022-11-16 03:21:05','997602dc-573a-4b47-97f6-52c9a6f2baee'),(6,1,'Pages and Links','pages','global',NULL,NULL,0,'site',NULL,'craft\\fields\\Entries','{\"allowSelfRelations\":false,\"localizeRelations\":false,\"maxRelations\":null,\"minRelations\":null,\"selectionCondition\":{\"elementType\":\"craft\\\\elements\\\\Entry\",\"fieldContext\":\"global\",\"class\":\"craft\\\\elements\\\\conditions\\\\entries\\\\EntryCondition\"},\"selectionLabel\":null,\"showSiteMenu\":true,\"source\":null,\"sources\":[\"section:bb9bbfd9-b5e6-4fa7-b701-d5fc62eaf6b8\",\"section:8c24f15c-5660-4abe-aaba-7db600c93439\",\"singles\"],\"targetSiteId\":null,\"validateRelatedElements\":true,\"viewMode\":null}','2022-11-16 16:49:58','2023-02-11 23:19:26','a8ed1ea3-a10f-48f8-ad3f-937f55b53828'),(7,1,'Link URL','linkUrl','global','bwimrqjr',NULL,0,'none',NULL,'craft\\fields\\Url','{\"maxLength\":255,\"types\":[\"url\",\"email\"]}','2022-11-16 16:55:16','2022-11-16 16:55:16','8b231235-90bc-4b16-90b1-2a0dd8356a07'),(8,1,'Tagline','tagline','global','lxzerrzs',NULL,0,'none',NULL,'craft\\fields\\PlainText','{\"byteLimit\":null,\"charLimit\":500,\"code\":false,\"columnType\":null,\"initialRows\":4,\"multiline\":false,\"placeholder\":null,\"uiMode\":\"normal\"}','2023-02-07 02:31:32','2023-02-07 02:31:32','306ea57d-2dee-4a08-919d-be18633dd592'),(15,NULL,'Size','size','matrixBlockType:c2d0d2bc-1513-4fc7-baa0-63a91166154a','wlmasuqo',NULL,0,'none',NULL,'craft\\fields\\Dropdown','{\"options\":[{\"optgroup\":\"s\"},{\"label\":\"m\",\"value\":\"m\",\"default\":\"\"},{\"label\":\"l\",\"value\":\"l\",\"default\":\"\"}]}','2023-02-09 19:54:34','2023-02-09 19:54:34','e7d05152-fb94-4684-9c81-12d15bb47634'),(16,1,'Bio','bio','global','iupxljzr',NULL,0,'none',NULL,'craft\\redactor\\Field','{\"availableTransforms\":\"*\",\"availableVolumes\":\"*\",\"columnType\":\"text\",\"configSelectionMode\":\"choose\",\"defaultTransform\":\"\",\"manualConfig\":\"\",\"purifierConfig\":null,\"purifyHtml\":true,\"redactorConfig\":\"Simple.json\",\"removeEmptyTags\":false,\"removeInlineStyles\":false,\"removeNbsp\":false,\"showHtmlButtonForNonAdmins\":false,\"showUnpermittedFiles\":false,\"showUnpermittedVolumes\":false,\"uiMode\":\"enlarged\"}','2023-02-09 19:54:34','2023-02-09 19:54:34','86ce2c00-1019-4f85-a1d3-f8b4e861af74'),(17,1,'Author','articleauthor','global',NULL,NULL,0,'site',NULL,'craft\\fields\\Entries','{\"allowSelfRelations\":false,\"localizeRelations\":false,\"maxRelations\":1,\"minRelations\":1,\"selectionCondition\":{\"elementType\":\"craft\\\\elements\\\\Entry\",\"fieldContext\":\"global\",\"class\":\"craft\\\\elements\\\\conditions\\\\entries\\\\EntryCondition\"},\"selectionLabel\":null,\"showSiteMenu\":true,\"source\":null,\"sources\":[\"section:49d2ed2c-2cb6-4943-a958-e0d01091ddad\"],\"targetSiteId\":null,\"validateRelatedElements\":true,\"viewMode\":null}','2023-02-09 19:54:35','2023-02-09 19:54:35','14b41792-c7a9-4fcc-b070-d20d17d95c48'),(18,1,'pfp','pfp','global',NULL,NULL,0,'site',NULL,'craft\\fields\\Assets','{\"allowSelfRelations\":false,\"allowSubfolders\":false,\"allowUploads\":true,\"allowedKinds\":[\"image\"],\"defaultUploadLocationSource\":\"volume:95519e50-db71-4371-a271-5a9d9b117816\",\"defaultUploadLocationSubpath\":null,\"localizeRelations\":false,\"maxRelations\":null,\"minRelations\":null,\"previewMode\":\"full\",\"restrictFiles\":true,\"restrictLocation\":false,\"restrictedDefaultUploadSubpath\":null,\"restrictedLocationSource\":\"volume:95519e50-db71-4371-a271-5a9d9b117816\",\"restrictedLocationSubpath\":null,\"selectionCondition\":{\"elementType\":\"craft\\\\elements\\\\Asset\",\"fieldContext\":\"global\",\"class\":\"craft\\\\elements\\\\conditions\\\\assets\\\\AssetCondition\"},\"selectionLabel\":null,\"showSiteMenu\":false,\"showUnpermittedFiles\":false,\"showUnpermittedVolumes\":false,\"source\":null,\"sources\":\"*\",\"targetSiteId\":null,\"validateRelatedElements\":false,\"viewMode\":\"list\"}','2023-02-09 19:54:35','2023-02-09 19:54:35','6eedab0e-b28e-4d40-89a4-d6448cf48d36'),(19,NULL,'URL','buttonurl','matrixBlockType:447d8c6c-5818-4030-9063-ce6aaea58cc5','vosbzgll',NULL,0,'none',NULL,'craft\\fields\\Url','{\"maxLength\":255,\"types\":[\"url\",\"tel\",\"email\"]}','2023-02-09 19:54:36','2023-02-09 19:54:36','6e24cd37-8102-4045-baa9-f737aa947664'),(20,NULL,'Label','label','matrixBlockType:447d8c6c-5818-4030-9063-ce6aaea58cc5','eravyixc',NULL,0,'none',NULL,'craft\\fields\\PlainText','{\"byteLimit\":null,\"charLimit\":null,\"code\":false,\"columnType\":null,\"initialRows\":4,\"multiline\":false,\"placeholder\":null,\"uiMode\":\"normal\"}','2023-02-09 19:54:36','2023-02-09 19:54:36','62d34a92-b55e-4808-96af-4c3b079435b4'),(21,1,'Caption','caption','global','cndwyvsj',NULL,0,'none',NULL,'craft\\fields\\PlainText','{\"byteLimit\":null,\"charLimit\":500,\"code\":false,\"columnType\":null,\"initialRows\":4,\"multiline\":false,\"placeholder\":null,\"uiMode\":\"normal\"}','2023-02-09 22:51:33','2023-02-09 22:51:33','5bce0251-fac3-4898-b5d1-6edc82fe6cbe'),(22,NULL,'html','html','matrixBlockType:ad625bf4-4eff-47fc-8109-a2273e28024e','pidpvhgc',NULL,0,'none',NULL,'craft\\fields\\PlainText','{\"byteLimit\":null,\"charLimit\":1000,\"code\":false,\"columnType\":null,\"initialRows\":4,\"multiline\":false,\"placeholder\":null,\"uiMode\":\"normal\"}','2023-02-11 21:20:25','2023-02-11 21:20:25','a9bdda7e-29cc-4d85-abfd-b6634cc86cb1'),(23,1,'Art','art','global',NULL,NULL,0,'site',NULL,'craft\\fields\\Assets','{\"allowSelfRelations\":false,\"allowSubfolders\":false,\"allowUploads\":true,\"allowedKinds\":[\"image\",\"video\"],\"defaultUploadLocationSource\":\"volume:95519e50-db71-4371-a271-5a9d9b117816\",\"defaultUploadLocationSubpath\":null,\"localizeRelations\":false,\"maxRelations\":7,\"minRelations\":1,\"previewMode\":\"full\",\"restrictFiles\":true,\"restrictLocation\":false,\"restrictedDefaultUploadSubpath\":null,\"restrictedLocationSource\":\"volume:95519e50-db71-4371-a271-5a9d9b117816\",\"restrictedLocationSubpath\":null,\"selectionCondition\":{\"elementType\":\"craft\\\\elements\\\\Asset\",\"fieldContext\":\"global\",\"class\":\"craft\\\\elements\\\\conditions\\\\assets\\\\AssetCondition\"},\"selectionLabel\":null,\"showSiteMenu\":false,\"showUnpermittedFiles\":false,\"showUnpermittedVolumes\":false,\"source\":null,\"sources\":\"*\",\"targetSiteId\":null,\"validateRelatedElements\":true,\"viewMode\":\"large\"}','2023-02-12 23:03:34','2023-02-12 23:03:34','86f728c2-3b60-4a00-83c8-9d6b71be157a'),(24,1,'Description','description','global','ilbyjrei',NULL,0,'none',NULL,'craft\\fields\\PlainText','{\"byteLimit\":null,\"charLimit\":300,\"code\":false,\"columnType\":null,\"initialRows\":4,\"multiline\":false,\"placeholder\":null,\"uiMode\":\"normal\"}','2023-02-19 04:15:55','2023-02-19 04:15:55','48393cf9-22b5-4bfc-b259-819898c33869');
commit;

--
-- Dumping data for table `globalsets`
--

set autocommit=0;
INSERT INTO `globalsets` VALUES (16,'Nav','nav',8,1,'2022-11-16 16:49:21','2022-11-16 17:09:21','1bd6f4bb-8564-420c-9ef9-dff1adeab299'),(74,'Info','info',10,2,'2023-02-07 02:32:05','2023-02-07 02:32:05','46330ceb-0db7-4317-8393-41dcb032ef9d');
commit;

--
-- Dumping data for table `gqlschemas`
--

set autocommit=0;
commit;
set autocommit=0;
commit;

--
-- Dumping data for table `imagetransforms`
--

set autocommit=0;
INSERT INTO `imagetransforms` VALUES (1,'Medium','medium','crop','center-center',1000,NULL,NULL,80,'none',NULL,1,'2023-03-13 18:50:54','2023-02-08 03:39:12','2023-03-13 18:50:54','b0fbbaeb-9c73-4c44-a6e4-45d391aa667b'),(2,'Small','small','crop','center-center',700,NULL,NULL,60,'none',NULL,1,'2023-03-13 18:50:54','2023-02-08 03:39:29','2023-03-13 18:50:54','2ec436ce-93e2-405d-80c2-0f104496c1d9'),(3,'Large','large','crop','center-center',2000,NULL,NULL,80,'none',NULL,1,'2023-03-13 18:50:54','2023-02-08 03:39:41','2023-03-13 18:50:54','349cf4c5-cc10-453e-a91a-a757683ab93b');
commit;

--
-- Dumping data for table `info`
--

set autocommit=0;
INSERT INTO `info` VALUES (1,'4.4.2','4.4.0.4',0,'qgrjnhlzohhr','3@ztvniryruw','2022-11-16 03:15:01','2023-03-15 02:31:43','e8965c79-2e31-4d17-ab20-97a5c11f53aa');
commit;

--
-- Dumping data for table `matrixblocks`
--

set autocommit=0;
INSERT INTO `matrixblocks` VALUES (78,21,1,1,NULL,'2023-02-07 16:23:31','2023-02-07 16:23:31'),(100,21,1,3,NULL,'2023-02-07 20:47:29','2023-02-07 20:47:29'),(101,21,1,2,NULL,'2023-02-07 20:47:29','2023-02-07 20:47:29'),(106,21,1,1,NULL,'2023-02-07 21:53:02','2023-02-07 21:53:02'),(114,21,1,1,NULL,'2023-02-07 22:11:54','2023-02-07 22:11:54'),(123,21,1,2,NULL,'2023-02-07 22:19:51','2023-02-07 22:19:51'),(127,17,1,1,NULL,'2023-02-07 23:02:32','2023-02-07 23:02:32'),(169,21,1,2,NULL,'2023-02-08 03:30:21','2023-02-08 03:30:21'),(212,197,1,2,NULL,'2023-02-09 18:40:58','2023-02-09 18:40:58'),(213,197,1,1,NULL,'2023-02-09 18:40:58','2023-02-09 18:40:58'),(271,21,1,2,NULL,'2023-02-09 19:36:51','2023-02-09 19:36:51'),(990,197,1,2,NULL,'2023-02-09 20:36:29','2023-02-09 20:36:29'),(991,197,1,1,NULL,'2023-02-09 20:36:29','2023-02-09 20:36:29'),(992,197,1,2,NULL,'2023-02-09 20:36:29','2023-02-09 20:36:29'),(993,197,1,1,NULL,'2023-02-09 20:36:29','2023-02-09 20:36:29'),(994,197,1,2,NULL,'2023-02-09 20:36:29','2023-02-09 20:36:29'),(995,197,1,1,NULL,'2023-02-09 20:36:29','2023-02-09 20:36:29'),(997,197,1,1,NULL,'2023-02-09 20:36:29','2023-02-09 20:36:29'),(1053,21,1,1,NULL,'2023-02-09 22:29:02','2023-02-09 22:29:02'),(1054,21,1,2,NULL,'2023-02-09 22:29:02','2023-02-09 22:29:02'),(1161,197,1,3,NULL,'2023-02-09 22:53:35','2023-02-09 22:53:35'),(1162,197,1,3,NULL,'2023-02-09 22:53:36','2023-02-09 22:53:36'),(1163,197,1,2,NULL,'2023-02-09 22:53:36','2023-02-09 22:53:36'),(1164,197,1,1,NULL,'2023-02-09 22:53:36','2023-02-09 22:53:36'),(1165,197,1,2,NULL,'2023-02-09 22:53:36','2023-02-09 22:53:36'),(1166,197,1,1,NULL,'2023-02-09 22:53:36','2023-02-09 22:53:36'),(1167,197,1,1,NULL,'2023-02-09 22:53:36','2023-02-09 22:53:36'),(1168,197,1,2,NULL,'2023-02-09 22:53:36','2023-02-09 22:53:36'),(1169,197,1,1,NULL,'2023-02-09 22:53:36','2023-02-09 22:53:36'),(1344,1173,1,1,NULL,'2023-02-10 14:18:40','2023-02-10 14:18:40'),(1401,1345,1,1,NULL,'2023-02-10 14:28:28','2023-02-10 14:28:28'),(1402,1345,1,2,NULL,'2023-02-10 14:28:28','2023-02-10 14:28:28'),(1403,1345,1,1,NULL,'2023-02-10 14:28:29','2023-02-10 14:28:29'),(1404,1345,1,2,NULL,'2023-02-10 14:28:29','2023-02-10 14:28:29'),(1405,1345,1,1,NULL,'2023-02-10 14:28:29','2023-02-10 14:28:29'),(1406,1345,1,2,NULL,'2023-02-10 14:28:29','2023-02-10 14:28:29'),(1407,1345,1,1,NULL,'2023-02-10 14:28:29','2023-02-10 14:28:29'),(1408,1345,1,2,NULL,'2023-02-10 14:28:29','2023-02-10 14:28:29'),(1427,1345,1,1,NULL,'2023-02-10 14:40:40','2023-02-10 14:40:40'),(1428,1345,1,2,NULL,'2023-02-10 14:40:40','2023-02-10 14:40:40'),(1429,1345,1,1,NULL,'2023-02-10 14:40:40','2023-02-10 14:40:40'),(1430,1345,1,2,NULL,'2023-02-10 14:40:40','2023-02-10 14:40:40'),(1570,1345,1,1,NULL,'2023-02-10 20:25:43','2023-02-10 20:25:43'),(1572,1345,1,1,NULL,'2023-02-10 20:25:43','2023-02-10 20:25:43'),(1574,1345,1,1,NULL,'2023-02-10 20:25:43','2023-02-10 20:25:43'),(1575,1345,1,2,NULL,'2023-02-10 20:25:43','2023-02-10 20:25:43'),(1576,1345,1,1,NULL,'2023-02-10 20:25:43','2023-02-10 20:25:43'),(1577,1345,1,1,NULL,'2023-02-10 20:25:43','2023-02-10 20:25:43'),(1585,21,1,9,NULL,'2023-02-11 21:20:58','2023-02-11 21:20:58'),(1599,1345,1,9,NULL,'2023-02-11 21:33:42','2023-02-11 21:33:42'),(1600,1345,1,9,NULL,'2023-02-11 21:33:42','2023-02-11 21:33:42'),(1631,1625,1,1,NULL,'2023-02-11 23:11:47','2023-02-11 23:11:47'),(1647,1173,1,9,NULL,'2023-02-11 23:59:07','2023-02-11 23:59:07'),(1697,17,1,1,NULL,'2023-02-19 03:35:20','2023-02-19 03:35:20'),(5474,1704,1,2,NULL,'2023-02-19 10:44:57','2023-02-19 10:44:57'),(5475,1704,1,1,NULL,'2023-02-19 10:44:57','2023-02-19 10:44:57'),(5476,1704,1,1,NULL,'2023-02-19 10:44:57','2023-02-19 10:44:57'),(5477,1704,1,2,NULL,'2023-02-19 10:44:57','2023-02-19 10:44:57'),(5478,1704,1,1,NULL,'2023-02-19 10:44:57','2023-02-19 10:44:57'),(5479,1704,1,1,NULL,'2023-02-19 10:44:57','2023-02-19 10:44:57'),(5480,1704,1,2,NULL,'2023-02-19 10:44:57','2023-02-19 10:44:57'),(5481,1704,1,1,NULL,'2023-02-19 10:44:57','2023-02-19 10:44:57'),(5491,1704,1,2,NULL,'2023-02-19 11:01:03','2023-02-19 11:01:03'),(5495,17,1,2,NULL,'2023-02-19 11:03:06','2023-02-19 11:03:06'),(5756,5503,1,2,NULL,'2023-02-20 01:58:48','2023-02-20 01:58:48'),(5757,5503,1,1,NULL,'2023-02-20 01:58:48','2023-02-20 01:58:48'),(6038,5503,1,1,NULL,'2023-02-20 02:16:49','2023-02-20 02:16:49'),(6039,5503,1,2,NULL,'2023-02-20 02:16:49','2023-02-20 02:16:49'),(6040,5503,1,1,NULL,'2023-02-20 02:16:49','2023-02-20 02:16:49'),(6042,5503,1,2,NULL,'2023-02-20 02:16:49','2023-02-20 02:16:49'),(7711,5503,1,1,NULL,'2023-02-20 02:50:32','2023-02-20 02:50:32'),(7712,5503,1,2,NULL,'2023-02-20 02:50:32','2023-02-20 02:50:32'),(7713,5503,1,1,NULL,'2023-02-20 02:50:32','2023-02-20 02:50:32'),(8350,5503,1,1,NULL,'2023-02-20 03:28:36','2023-02-20 03:28:36'),(8378,5503,1,2,NULL,'2023-02-20 03:35:55','2023-02-20 03:35:55'),(8379,5503,1,1,NULL,'2023-02-20 03:35:55','2023-02-20 03:35:55'),(8385,5503,1,4,NULL,'2023-02-20 17:26:35','2023-02-20 17:26:35'),(8399,5503,1,4,NULL,'2023-02-20 17:37:49','2023-02-20 17:37:49'),(8400,5503,1,4,NULL,'2023-02-20 17:37:49','2023-02-20 17:37:49'),(8593,8417,1,2,NULL,'2023-02-22 12:41:37','2023-02-22 12:41:37'),(8594,8417,1,1,NULL,'2023-02-22 12:41:37','2023-02-22 12:41:37'),(8595,8417,1,1,NULL,'2023-02-22 12:41:37','2023-02-22 12:41:37'),(8596,8417,1,2,NULL,'2023-02-22 12:41:37','2023-02-22 12:41:37'),(8597,8417,1,1,NULL,'2023-02-22 12:41:37','2023-02-22 12:41:37'),(8598,8417,1,1,NULL,'2023-02-22 12:41:37','2023-02-22 12:41:37'),(8599,8417,1,2,NULL,'2023-02-22 12:41:37','2023-02-22 12:41:37'),(8600,8417,1,1,NULL,'2023-02-22 12:41:37','2023-02-22 12:41:37'),(8877,8610,1,2,NULL,'2023-03-14 09:45:47','2023-03-14 09:45:47'),(8878,8610,1,1,NULL,'2023-03-14 09:45:47','2023-03-14 09:45:47'),(8879,8610,1,7,NULL,'2023-03-14 09:45:47','2023-03-14 09:45:47'),(8880,8610,1,1,NULL,'2023-03-14 09:45:47','2023-03-14 09:45:47'),(8881,8610,1,1,NULL,'2023-03-14 09:45:47','2023-03-14 09:45:47'),(8882,8610,1,1,NULL,'2023-03-14 09:45:47','2023-03-14 09:45:47'),(8883,8610,1,1,NULL,'2023-03-14 09:45:47','2023-03-14 09:45:47'),(8884,8610,1,1,NULL,'2023-03-14 09:45:47','2023-03-14 09:45:47'),(8885,8610,1,1,NULL,'2023-03-14 09:45:47','2023-03-14 09:45:47'),(8886,8610,1,1,NULL,'2023-03-14 09:45:47','2023-03-14 09:45:47'),(8887,8610,1,1,NULL,'2023-03-14 09:45:47','2023-03-14 09:45:47'),(15560,8898,1,2,NULL,'2023-03-23 05:36:38','2023-03-23 05:36:38'),(15561,8898,1,1,NULL,'2023-03-23 05:36:38','2023-03-23 05:36:38'),(15562,8898,1,2,NULL,'2023-03-23 05:36:38','2023-03-23 05:36:38'),(15563,8898,1,1,NULL,'2023-03-23 05:36:38','2023-03-23 05:36:38'),(15564,8898,1,1,NULL,'2023-03-23 05:36:38','2023-03-23 05:36:38'),(15565,8898,1,2,NULL,'2023-03-23 05:36:38','2023-03-23 05:36:38'),(15566,8898,1,1,NULL,'2023-03-23 05:36:38','2023-03-23 05:36:38'),(15567,8898,1,2,NULL,'2023-03-23 05:36:38','2023-03-23 05:36:38'),(15568,8898,1,1,NULL,'2023-03-23 05:36:38','2023-03-23 05:36:38'),(15569,8898,1,1,NULL,'2023-03-23 05:36:38','2023-03-23 05:36:38'),(15582,15574,1,9,NULL,'2023-06-07 22:41:30','2023-06-07 22:41:30');
commit;

--
-- Dumping data for table `matrixblocks_owners`
--

set autocommit=0;
INSERT INTO `matrixblocks_owners` VALUES (78,21,1),(100,21,3),(101,21,4),(106,21,5),(114,21,7),(123,21,8),(127,17,1),(169,21,9),(212,197,1),(213,197,2),(271,21,6),(990,197,3),(991,197,4),(992,197,5),(993,197,6),(994,197,7),(995,197,8),(997,197,10),(1053,21,10),(1054,21,11),(1161,197,9),(1162,197,11),(1163,197,12),(1164,197,13),(1165,197,14),(1166,197,15),(1167,197,16),(1168,197,17),(1169,197,18),(1344,1173,1),(1401,1345,1),(1402,1345,2),(1403,1345,3),(1404,1345,4),(1405,1345,5),(1406,1345,6),(1407,1345,7),(1408,1345,8),(1427,1345,9),(1428,1345,10),(1429,1345,11),(1430,1345,12),(1570,1345,13),(1572,1345,15),(1574,1345,17),(1575,1345,18),(1576,1345,19),(1577,1345,20),(1585,21,2),(1599,1345,14),(1600,1345,16),(1631,1625,1),(1647,1173,2),(1697,17,2),(5474,1704,4),(5474,5502,4),(5475,1704,2),(5475,5502,2),(5476,1704,3),(5476,5502,3),(5477,1704,6),(5477,5502,6),(5478,1704,5),(5478,5502,5),(5479,1704,7),(5479,5502,7),(5480,1704,8),(5480,5502,8),(5481,1704,9),(5481,5502,9),(5491,1704,1),(5491,5502,1),(5495,17,3),(5756,5503,1),(5757,5503,2),(6038,5503,4),(6039,5503,5),(6040,5503,6),(6042,5503,7),(7711,5503,9),(7712,5503,10),(7713,5503,11),(8350,5503,13),(8378,5503,14),(8379,5503,15),(8385,5503,3),(8399,5503,8),(8400,5503,12),(8593,8417,1),(8594,8417,2),(8595,8417,3),(8596,8417,4),(8597,8417,5),(8598,8417,6),(8599,8417,7),(8600,8417,8),(8877,8610,1),(8878,8610,2),(8879,8610,3),(8880,8610,4),(8881,8610,5),(8882,8610,6),(8883,8610,7),(8884,8610,8),(8885,8610,9),(8886,8610,10),(8887,8610,11),(15560,8898,1),(15561,8898,2),(15562,8898,3),(15563,8898,4),(15564,8898,5),(15565,8898,6),(15566,8898,7),(15567,8898,8),(15568,8898,9),(15569,8898,10),(15582,15574,1);
commit;

--
-- Dumping data for table `matrixblocktypes`
--

set autocommit=0;
INSERT INTO `matrixblocktypes` VALUES (1,1,2,'Text','text',1,'2022-11-16 03:18:37','2022-11-16 03:18:37','5b812ee9-8a7b-4a54-8a2c-a044ba9ab773'),(2,1,3,'Visual','visual',2,'2022-11-16 03:19:23','2023-02-08 13:11:49','fad79abe-8331-4f6b-bc9f-db61863a614a'),(3,1,4,'Quote','quote',3,'2022-11-16 03:21:05','2022-11-16 03:21:05','953eb59b-717b-4ad7-bcf7-cb6e62733736'),(4,1,5,'Title','atitle',4,'2022-11-16 03:21:05','2022-11-16 03:21:05','81ab74a9-3abe-4d21-a42a-198a7e5c3396'),(7,1,12,'Space','space',6,'2023-02-09 19:54:34','2023-02-09 19:54:34','c2d0d2bc-1513-4fc7-baa0-63a91166154a'),(8,1,11,'Button','button',5,'2023-02-09 19:54:36','2023-02-09 19:54:36','447d8c6c-5818-4030-9063-ce6aaea58cc5'),(9,1,14,'Embed','embed',7,'2023-02-11 21:20:25','2023-02-11 21:20:25','ad625bf4-4eff-47fc-8109-a2273e28024e');
commit;

--
-- Dumping data for table `matrixcontent_story`
--

set autocommit=0;
INSERT INTO `matrixcontent_story` VALUES (37,78,1,'2023-02-07 16:23:31','2023-02-07 22:06:30','99b2411d-9070-4a36-8278-5c51fa1fae5c','<p>I use a PC and the <a href=\"https://example.com\">Apple trackpad doesn’t support it fully</a>. so I need to use a 3rd party <em>driver</em> to get it to work, which is not a big deal but it turns out to be more complicated than I thought.</p>\n<p>Basically I bought the <em>3rd party software that allows my Apple trackpad to work</em> on my PC a long time ago and got super used to it, and the problem with SMA is when you get used to a repetitive task you have a really really hard time switching to something else because your muscles dexterity gets used to that specific behavior.</p>\n<p>And when I upgraded my PC to a new one, I went to the site to <strong>download the driver </strong>for my Apple trackpad and i discovered the developer has updated it and slightly changed the behavior of how you can drag, click, right click etc.<br /></p>\n<p>The <strong>scary thing is if this app gets discontinued</strong> or my phone stops supporting it I’ll be in real trouble, I tried looking for other similar apps to have as backup but it’s horrifying how bad most of them are, so currently I only have <a href=\"https://www.unifiedremote.com/\" target=\"_blank\" rel=\"noreferrer noopener\">Unified Remote</a></p>\n<ul><li><p>The New York artist Felix Gonzalez-Torres\n was learning it then too, from intimate experience. In 1991, he watched\n the man who was the love of his life waste away and die of AIDS. Five \nyears later, the artist himself succumbed to complications from the \ndisease.</p></li><li><p>An ultra-polished \nsurvey of the artist’s works at David Zwirner — some not seen before — \ndemonstrate how preservation and change can coexist. </p></li><li><p>The love of material form and the \nawareness of loss were the closely synced engines of Gonzalez-Torres’s \nart. By his own account, loss in his life started early. Born in 1957 in\n pre-revolutionary Cuba, he was shipped off by his family to live with \nunwelcoming relatives in Spain, then sent to Puerto Rico, and then to \nthe United States, landing in New York in 1979.</p></li></ul>',NULL,NULL,NULL,NULL,NULL,NULL),(51,100,1,'2023-02-07 20:47:29','2023-02-09 20:42:35','06067887-f45f-490a-b964-7ffec0b3ebcf',NULL,'<p>I don’t fully see, or feel, the artist \nwho wrote those words in the cool, ultra-polished Zwirner show. But he’s\n an artist I love, and that doesn’t change.</p>\n<p>You can can deploy your contract using the deploy form. For the artwork, please use the provided template.</p>',NULL,NULL,NULL,NULL,NULL),(52,101,1,'2023-02-07 20:47:29','2023-02-07 22:13:19','1eceff69-7021-4c87-94fc-7475a6b0ef95',NULL,NULL,NULL,NULL,NULL,NULL,NULL),(56,106,1,'2023-02-07 21:53:02','2023-02-07 21:53:02','996e67d9-8221-4a7c-9079-d894f0ec83ee','<p>For\n the second “new” piece, two billboard-size photographs of clouds and \nsoaring birds stand in a shadowy gallery. The installation’s only other \ncomponent is an audio element: a periodic burst of harsh noise, like a \nroaring wind or an explosion. (In fact, it’s a recording of frenzied \napplause that greeted a 1990 concert by Kathleen Battle and Jessye \nNorman at Carnegie Hall.)</p>\n<p>Both\n realizations are pristinely beautiful. But both feel museum-style \nstatic. (The bird images had greater impact when, mysteriously, they \nshowed up on public billboards around the city some years ago.) For me, \nthe emphasis on fixity as a measure of authenticity, as implied by the \nFoundation’s “core tenets,” deflects attention from the emotional \nprobing that makes Gonzalez-Torres’s art so moving.</p>',NULL,NULL,NULL,NULL,NULL,NULL),(62,114,1,'2023-02-07 22:11:54','2023-02-07 22:11:54','e7ebb25f-027f-4ba4-bd1a-50c814289a22','<p>The crucial \nconceptual feature of such work, though, is that it’s designed for \ndisappearance. Visitors are invited to take printed sheets of paper from\n the stacks, roll them up and carry them home. Candy is free for the \ngrabbing. Pick up a piece, put it in your pocket, pop it in your mouth, \nmaybe take another.</p>\n<p><strong>Mutability is \nbuilt into most of this artist’s work.</strong> This is true of the text-based \ninstallations generically called portraits, three examples of which are \nhere. Each takes the form of a run-on list of cultural references — \n“Jaws 1975 Black Monday 1987 Grace 2021 Thelma 1989 Lockdown 2020” — \npresumably pertinent to the portrait’s “sitter,” with the list painted \nin horizontal sequence high on the wall of a room or gallery.</p>',NULL,NULL,NULL,NULL,NULL,NULL),(66,123,1,'2023-02-07 22:19:51','2023-02-07 22:19:51','7d68b064-80ba-4ae2-9e1a-b4a3b582f815',NULL,NULL,NULL,NULL,NULL,NULL,NULL),(69,127,1,'2023-02-07 23:02:32','2023-02-23 13:38:40','17090e28-f62a-4aa8-b959-cb66519c784b','<p>Art without limits is an art studio focused on empowering artists with disabilities to unlock their full artistic potential founded by ARC (Abdullah) and his sister Najd.</p>',NULL,NULL,NULL,NULL,NULL,NULL),(93,169,1,'2023-02-08 03:30:21','2023-02-08 03:30:21','2dd3b96e-3cc7-42e6-b7d7-2cd463697e11',NULL,NULL,NULL,NULL,NULL,NULL,NULL),(117,212,1,'2023-02-09 18:40:58','2023-02-09 22:59:47','90dfd0e1-d1bd-49fe-b83e-b3df9db6e98b',NULL,NULL,NULL,NULL,NULL,NULL,NULL),(118,213,1,'2023-02-09 18:40:58','2023-02-09 19:00:42','b7136a8e-1f32-47cd-989e-46b341f08b70','<p>Hello, I am writing this article about my experience using <a href=\"https://www.blender.org/\" target=\"_blank\" rel=\"noreferrer noopener\">blender</a> and other creative software with a disability, I hope this article is useful for someone out there going through the same experience.</p>\n<p>My method and tools are very specific to my own needs, so it might not fit your specific requirements since every person with <a href=\"https://en.wikipedia.org/wiki/Spinal_muscular_atrophy\" target=\"_blank\" rel=\"noreferrer noopener\">SMA</a> has his own personal way of doing things.</p>\n<p>First of all what is <a href=\"https://en.wikipedia.org/wiki/Spinal_muscular_atrophy\" target=\"_blank\" rel=\"noreferrer noopener\">SMA</a>? to put it simply it limits your strength and dexterity significantly and slowly chips away at your strength throughout the years, more details <a href=\"https://en.wikipedia.org/wiki/Spinal_muscular_atrophy\" target=\"_blank\" rel=\"noreferrer noopener\">here</a></p>\n<p>The biggest thing I struggle with is lack of strength, so most of my tips and tricks are based on using the least amount of energy and strength possible.</p>\n<p>Let’s start with the stuff I can’t use due to the lack of strength and dexterity, Mouse &amp; keyboard, Gaming controllers and most button based devices and joysticks etc</p>\n<p>So that leaves me with touch based devices like a trackpads and smartphones.<br /></p>\n\n<figure><br /></figure>',NULL,NULL,NULL,NULL,NULL,NULL),(170,271,1,'2023-02-09 19:36:51','2023-02-09 19:36:51','6fd06c42-a64f-4922-9af4-2b8ab706869f',NULL,NULL,NULL,NULL,NULL,NULL,NULL),(884,990,1,'2023-02-09 20:36:29','2023-02-09 20:36:29','f06b95ca-5e3c-4441-92b7-e810dda5a864',NULL,NULL,NULL,NULL,NULL,NULL,NULL),(885,991,1,'2023-02-09 20:36:29','2023-02-12 20:09:29','f45c330b-d747-4cfb-84f7-b644a7588b84','<p>I discovered an app called <a href=\"https://www.unifiedremote.com/\" target=\"_blank\" rel=\"noreferrer noopener\">Unified Remote</a> that allows me to remotely control my PC from my phone and use my phone’s inbuilt touch keyboard. </p>\n<p>That probably sounds like a nightmare for digital artists out there because imagine not having the speed and precision of a physical keyboard and needing to use your phone touchscreen. </p>\n<p>but the beauty of 3D software is you don’t need speed and precision for most actions like in video games, yes it’s frustratingly slow and tedious but it’s better than nothing.</p>\n<p>The app has a feature where you can add custom buttons as well as the default keyboard so I added a few buttons specific to blender that helps a bit with speed, here’s a picture of my layout. </p>',NULL,NULL,NULL,NULL,NULL,NULL),(886,992,1,'2023-02-09 20:36:29','2023-02-09 20:36:29','9b89e557-8e8f-4cea-9e73-998cd18f1951',NULL,NULL,NULL,NULL,NULL,NULL,NULL),(887,993,1,'2023-02-09 20:36:29','2023-02-12 20:09:29','d4273dd2-83ec-4bf2-8f51-ab7b4afc9191','<p>The scary thing is if this app gets discontinued or my phone stops supporting it I’ll be in real trouble, I tried looking for other similar apps to have as backup but it’s horrifying how bad most of them are, so currently I only have <a href=\"https://www.unifiedremote.com/\" target=\"_blank\" rel=\"noreferrer noopener\">Unified Remote</a></p>\n<p>Now that we have the keyboard situation figured out we need to move on to the mouse alternative, I use the <a href=\"https://www.apple.com/shop/product/MJ2R2LL/A/magic-trackpad-2-silver\" target=\"_blank\" rel=\"noreferrer noopener\">Apple Magic Trackpad 2</a> for that, i tried plenty of alternatives but nothing worked as well as the magic trackpad. </p>\n<figure><br /></figure>',NULL,NULL,NULL,NULL,NULL,NULL),(888,994,1,'2023-02-09 20:36:29','2023-02-09 20:36:29','14b1c946-b020-4c5d-8d25-497afb5dba7d',NULL,NULL,NULL,NULL,NULL,NULL,NULL),(889,995,1,'2023-02-09 20:36:29','2023-02-12 20:09:29','8ea43e6d-2cb6-4492-a47c-71453b628522','<p>I use a PC and the Apple trackpad doesn’t support it fully. so I need to use a 3rd party driver to get it to work, which is not a big deal but it turns out to be more complicated than I thought.</p>\n<p>Basically I bought the 3rd party software that allows my Apple trackpad to work on my PC a long time ago and got super used to it, and the problem with SMA is when you get used to a repetitive task you have a really really hard time switching to something else because your muscles dexterity gets used to that specific behavior.</p>\n<p>And when I upgraded my PC to a new one, I went to the site to download the driver for my Apple trackpad and i discovered the developer has updated it and slightly changed the behavior of how you can drag, click, right click etc.</p>\n<p>it might not seem like a big deal but it completely destroyed my workflow.</p>\n<p>So as a last ditch effort I decided to email the developer and see if he can help. </p>',NULL,NULL,NULL,NULL,NULL,NULL),(891,997,1,'2023-02-09 20:36:29','2023-02-09 20:36:29','e54c0147-f6f2-4b56-b6a6-c273e33a65d0','<p>His response. </p>',NULL,NULL,NULL,NULL,NULL,NULL),(942,1053,1,'2023-02-09 22:29:02','2023-02-09 22:29:02','43ae246b-542c-4f5f-a60d-d2523e6766b4','<p>Theory of mind (ToM), or the ability to impute unobservable mental states to others, is central to human social interactions, communication, empathy, self-consciousness, and morality. We administer classic false-belief tasks, widely used to test ToM in humans, to several language models, without any examples or pre-training. Our results show that models published before 2022 show virtually no ability to solve ToM tasks. Yet, the January 2022 version of GPT-3 (davinci-002) solved 70% of ToM tasks, a performance comparable with that of seven-year-old children. Moreover, its November 2022 version (davinci-003), solved 93% of ToM tasks, a performance comparable with that of nine-year-old children. These findings suggest that ToM-like ability (thus far considered to be uniquely human) may have spontaneously emerged as a byproduct of language models\' improving language skills.</p>',NULL,NULL,NULL,NULL,NULL,NULL),(943,1054,1,'2023-02-09 22:29:02','2023-02-09 22:29:02','ba7e2a4b-bf63-4c49-9bd7-82f020edc2a4',NULL,NULL,NULL,NULL,NULL,NULL,NULL),(1048,1161,1,'2023-02-09 22:53:35','2023-02-09 22:53:35','57ab8d23-5951-484d-b12b-03b71fa779db',NULL,'<p><em>Hello, I’ll get straight to the point, i have a disability that limits my hand movement, so I’ve been using an apple magic trackpad 2 for years using your software on my old pc with control panel version 2.51, but i recently upgraded to a new pc and had to download the new 3.0.9.0 control panel version and i can’t get back the same behavior i had before in the old version</em><br /></p>',NULL,NULL,NULL,NULL,NULL),(1049,1162,1,'2023-02-09 22:53:36','2023-02-12 20:09:29','86429245-cac3-40cf-8f4f-f4a348763c7c',NULL,'<p>Hi there, Sorry for any troubles. Here is the link for the old version. Make sure you have your old license activated before installing: <a href=\"https://magicutilities.net/download/legacy-downloads\" target=\"_blank\" rel=\"noreferrer noopener\">https://magicutilities.net/download/legacy-downloads</a> </p>\n<p></p>\n<p></p>\n<p>Kind regards, The Magic Team. </p>',NULL,NULL,NULL,NULL,NULL),(1050,1163,1,'2023-02-09 22:53:36','2023-02-09 22:53:36','a902b70a-dcea-49c7-8e1d-7744e85ee2b6',NULL,NULL,NULL,NULL,NULL,NULL,NULL),(1051,1164,1,'2023-02-09 22:53:36','2023-02-09 22:53:36','c131b5b6-fc3e-42f9-a0d8-36faff0ea572','<p>So I downloaded the old version and… It worked perfectly with the same exact behavior I’m used to!</p>\n<p>You can’t believe how happy I was, I really thought it was the end to my whole workflow.</p>\n<p>The moral of this short exchange is i really really really appreciate developers that keep old versions of their software available for people like me, it’s extremely helpful!</p>\n<p>Moving on to the final piece in my list of tools, the <a href=\"https://3dconnexion.com/us/product/spacemouse-compact/\" target=\"_blank\" rel=\"noreferrer noopener\">3Dconnexion</a></p>',NULL,NULL,NULL,NULL,NULL,NULL),(1052,1165,1,'2023-02-09 22:53:36','2023-02-09 22:53:36','a81be95f-6e77-438a-8deb-fda05ee2870c',NULL,NULL,NULL,NULL,NULL,NULL,NULL),(1053,1166,1,'2023-02-09 22:53:36','2023-02-12 20:09:29','102f9026-15f4-45a5-91d6-aba1a4332f0b','<p>This is probably the weirdest tool in my toolset, so we have the phone as a keyboard replacement, and the trackpad as a mouse replacement, what is this for?</p>\n<p>Basically in blender you have a viewport and you can control it by either holding a button and moving the mouse or use the on screen controls in the top right corner, i can’t do actions that requires 2 simultaneous movements or hold buttons so most of the hotkeys are out of the question and the on screen controls are very useful but not comfortable to use all the time. </p>',NULL,NULL,NULL,NULL,NULL,NULL),(1054,1167,1,'2023-02-09 22:53:36','2023-02-09 22:53:36','53ca4f26-fba9-4a68-9778-7e524f782e2e','<p>So here where the <a href=\"https://3dconnexion.com/us/product/spacemouse-compact/\" target=\"_blank\" rel=\"noreferrer noopener\">3Dconnexion</a> comes into play, i know i said i can’t use joysticks earlier in the article but this one is different, it’s super light and low effort to move and it has six degrees of freedom (6DoF) so I can spin around the viewport smoothly and even use it as a scroll wheel while browsing the web.</p>',NULL,NULL,NULL,NULL,NULL,NULL),(1055,1168,1,'2023-02-09 22:53:36','2023-02-09 22:53:36','c9200226-b02c-4091-b52b-2c33f1e1cca3',NULL,NULL,NULL,NULL,NULL,NULL,NULL),(1056,1169,1,'2023-02-09 22:53:36','2023-02-12 20:09:29','1d34b10c-b1b7-439e-a3f8-f70c4e3a1007','<p>In conclusion my workflow is very fragile and very dependent on multiple specific devices and uncommon software so it’s very scary how easy it is to break and I wouldn’t be able to make 3D art anymore but hopefully I’ll continue to find alternatives. </p>\n<p>Thanks for reading.</p>\n<p>This article was originally published on my <a href=\"https://medium.com/@ARC4G\" target=\"_blank\" rel=\"noreferrer noopener\">medium page on Nov 11, 2020</a></p>\n<p><br /></p>',NULL,NULL,NULL,NULL,NULL,NULL),(1227,1344,1,'2023-02-10 14:18:40','2023-02-11 23:59:07','bb68091b-f881-4ca8-9db3-e090a426e6b8','<p>I was invited to <a href=\"https://nft-in.com/home\">nft-in.com</a> in 2022 to do a talk about my history and art but i couldn\'t attend due to difficulties that face most people with disabilities and traveling so my lovely sister Najd presented the talk on my behalf, it was a great learning experience since I\'ve never made something like this before especially in English which is not my native language. Hope you enjoy watching and don\'t hesitate to message me any further questions that might arise after watching the talk<br /></p>',NULL,NULL,NULL,NULL,NULL,NULL),(1280,1401,1,'2023-02-10 14:28:28','2023-02-12 20:07:37','0a0c0dff-3dce-409b-b1d8-ef2a66cfd14c','<p>A special way to present your digital art on twitter. </p>',NULL,NULL,NULL,NULL,NULL,NULL),(1281,1402,1,'2023-02-10 14:28:28','2023-02-10 14:37:49','824b4a95-aa6e-4e27-9a24-a15285e0228c',NULL,NULL,NULL,NULL,NULL,NULL,NULL),(1282,1403,1,'2023-02-10 14:28:29','2023-02-12 20:07:37','df9bbeea-69e8-4341-9505-5c08572c2095','<p>I regularly visit the <a href=\"https://twitter.com/hashtag/800x80\" target=\"_blank\" rel=\"noreferrer noopener\">#800x80</a> hashtag and every single time I’m surprised by the amount of creativity and diversity of style. </p>\n<p>it’s something I’m incredibly proud of and hope it continues being something artists can rely on for a creative boost and help them experiment with a format outside of their square comfort zone, and to help preserve this format I decided to write this article on its history and how it started.</p>',NULL,NULL,NULL,NULL,NULL,NULL),(1283,1404,1,'2023-02-10 14:28:29','2023-02-10 14:38:12','4cf2fac4-7c63-4259-a5a2-8864d388ecb2',NULL,NULL,NULL,NULL,NULL,NULL,NULL),(1284,1405,1,'2023-02-10 14:28:29','2023-02-12 20:07:37','b1f5e76c-900c-4f21-beaf-860e445a29d2','<p>I’ve always fascinated and interested in creative ways of presenting my digital art within the limits of Twitter and social media in general, the rules they set is the rules artists have to follow, they create the canvas and you draw on it, yes you have complete freedom to create the artwork of your dreams but you still have to make it fit within their canvas dimensions. </p>',NULL,NULL,NULL,NULL,NULL,NULL),(1285,1406,1,'2023-02-10 14:28:29','2023-02-10 14:38:35','1bc86106-1e2a-4a6d-99b5-84e46d5a4701',NULL,NULL,NULL,NULL,NULL,NULL,NULL),(1286,1407,1,'2023-02-10 14:28:29','2023-02-12 20:07:37','e378d789-a96b-4303-9285-5a194fbe9966','<p>So most artists including me gravitated towards the square ⬜ format since it’s usually the best way to view an artwork while you’re scrolling your feed on mobile among other many factors i can’t get into right now. </p>',NULL,NULL,NULL,NULL,NULL,NULL),(1287,1408,1,'2023-02-10 14:28:29','2023-02-10 14:39:01','491bc3a2-efbf-4dfb-8207-2db310e40fb7',NULL,NULL,NULL,NULL,NULL,NULL,NULL),(1300,1427,1,'2023-02-10 14:40:40','2023-02-12 20:07:37','37d63301-72e7-4424-92ed-e3a20dbeca33','<p>So one day I was extremely burnt out of this format and I started experimenting with the limits of the Twitter canvas by trying extremely random resolutions with random settings trying to break the way Twitter displays media, most of those experiments ended up with either Twitter refusing to upload the file or ugly black bars on the sides. </p>',NULL,NULL,NULL,NULL,NULL,NULL),(1301,1428,1,'2023-02-10 14:40:40','2023-02-10 14:40:40','8dec10be-a1e7-4891-b4d0-1303abefc135',NULL,NULL,NULL,NULL,NULL,NULL,NULL),(1302,1429,1,'2023-02-10 14:40:40','2023-02-10 14:40:40','0dc27e74-f0e2-4ec4-a7c0-e2305a356556','<p>But after many tries and failures one random resolution worked perfectly and looked unique in the sea of square art, that resolution was 800x80 ✨</p>',NULL,NULL,NULL,NULL,NULL,NULL),(1303,1430,1,'2023-02-10 14:40:40','2023-02-10 19:58:18','1808e616-5ba7-4b9d-ad68-fc07a6f5cd8e',NULL,NULL,NULL,NULL,NULL,NULL,NULL),(1439,1570,1,'2023-02-10 20:25:43','2023-02-12 20:07:37','d5c88ac3-3aab-4264-8d3e-537a6d9e0732','<p>I got a lot of positive feedback after posting it and it inspired a few people to create their own 800x80 artworks, it was really refreshing and extremely fun so i made a tweet encouraging everyone to join us and create their own. </p>',NULL,NULL,NULL,NULL,NULL,NULL),(1441,1572,1,'2023-02-10 20:25:43','2023-02-12 20:07:37','054aa7a1-db92-4064-856a-aa121231c903','<p>A lot of people joined and it became bigger than i could ever imagine, the hashtag was full of extremely creative and clever ideas ✨</p>\n<p>Another large reason for its explosion in popularity was <a href=\"https://genuary.art/\" target=\"_blank\" rel=\"noreferrer noopener\">genuary </a>2022, the prompt for day 13 was <a href=\"https://twitter.com/hashtag/800x80\" target=\"_blank\" rel=\"noreferrer noopener\">800x80</a>, I’m not sure who suggested it for them and how it ended up there but I’m glad it happened, it’s amazing when something you started takes a life on its own and expands to communities beyond your reach. </p>',NULL,NULL,NULL,NULL,NULL,NULL),(1443,1574,1,'2023-02-10 20:25:43','2023-02-12 20:07:37','b8e482bb-85dc-4b9d-9fe9-a87a3d047bad','<p>A few days later me and <a href=\"https://twitter.com/lochieaxon\" target=\"_blank\" rel=\"noreferrer noopener\">lochieaxon</a> created a <a href=\"https://800x80.art/\" target=\"_blank\" rel=\"noreferrer noopener\">cute little website</a> that helped organize all the 800x80 artworks using the Twitter api, the site worked for a bit but then we started having technical difficulties and it wasn’t pulling all the artworks from the hashtag properly, but since it’s a community project i encourage everyone to create their own version of the website if they want to help make it work, although the hashtag is good enough it’s cool to have the website as a backup. </p>',NULL,NULL,NULL,NULL,NULL,NULL),(1444,1575,1,'2023-02-10 20:25:43','2023-02-10 20:25:43','63b9cd87-a159-4d74-9079-6df63589ad22',NULL,NULL,NULL,NULL,NULL,NULL,NULL),(1445,1576,1,'2023-02-10 20:25:43','2023-02-12 20:07:37','ea305180-ad16-4d44-8887-fc977ab7853a','<p>it’s hard to know exactly why 800x80 was such a large success among artists, it might be the cliché saying of limits breeds creativity or just the novelty of trying something new, whatever it is I hope it continues to inspire and help push digital artists think outside of the social media square format box. </p>\n<p>If you’re feeling inspired, please go make a 800x80 artwork and post it under the <a href=\"https://twitter.com/hashtag/800x80\" target=\"_blank\" rel=\"noreferrer noopener\">#800x80</a> hashtag ✨</p>',NULL,NULL,NULL,NULL,NULL,NULL),(1446,1577,1,'2023-02-10 20:25:43','2023-02-10 20:25:43','2848dc4a-0591-4892-b0f8-d3e1ee516e9e','<p>This article was originally published on my <a href=\"https://medium.com/@ARC4G\" target=\"_blank\" rel=\"noreferrer noopener\">medium page on Dec 12, 2022</a></p>',NULL,NULL,NULL,NULL,NULL,NULL),(1450,1585,1,'2023-02-11 21:20:58','2023-02-11 21:20:58','6de4c051-81a6-4938-b508-2ec7f6603490',NULL,NULL,NULL,NULL,NULL,NULL,'<blockquote class=\"twitter-tweet\"><p lang=\"zxx\" dir=\"ltr\"><a href=\"https://t.co/b6kIEGgGyk\">pic.twitter.com/b6kIEGgGyk</a></p>&mdash; Leander Herzog (@lennyjpg) <a href=\"https://twitter.com/lennyjpg/status/1183563164488753152?ref_src=twsrc%5Etfw\">October 14, 2019</a></blockquote> <script async src=\"https://platform.twitter.com/widgets.js\" charset=\"utf-8\"></script>'),(1462,1599,1,'2023-02-11 21:33:42','2023-02-11 21:33:42','65a4ab01-1250-4020-9cae-1dc6282a734f',NULL,NULL,NULL,NULL,NULL,NULL,'<blockquote class=\"twitter-tweet\"><p lang=\"en\" dir=\"ltr\">i saw multiple people get inspired to make this kind of gif, so let&#39;s all make more! post them under this hashtag <a href=\"https://twitter.com/hashtag/800x80?src=hash&amp;ref_src=twsrc%5Etfw\">#800x80</a> &lt; the gif resolution <a href=\"https://t.co/xcbeHT4gE4\">pic.twitter.com/xcbeHT4gE4</a></p>&mdash; Abdullah (ARC) (@arc4g) <a href=\"https://twitter.com/arc4g/status/1436550681230467074?ref_src=twsrc%5Etfw\">September 11, 2021</a></blockquote> <script async src=\"https://platform.twitter.com/widgets.js\" charset=\"utf-8\"></script>'),(1463,1600,1,'2023-02-11 21:33:42','2023-02-11 21:33:42','52b9e9e5-33b1-482e-96d3-9054fd881a0b',NULL,NULL,NULL,NULL,NULL,NULL,'<blockquote class=\"twitter-tweet\"><p lang=\"en\" dir=\"ltr\">A lot of beautiful coincidences in <a href=\"https://t.co/eNpEHFFKPp\">https://t.co/eNpEHFFKPp</a> <a href=\"https://twitter.com/hashtag/800x80?src=hash&amp;ref_src=twsrc%5Etfw\">#800x80</a> where the top and bottom GIFs work so well together <a href=\"https://t.co/iCDi9EoEhC\">pic.twitter.com/iCDi9EoEhC</a></p>&mdash; Abdullah (ARC) (@arc4g) <a href=\"https://twitter.com/arc4g/status/1437680544100360193?ref_src=twsrc%5Etfw\">September 14, 2021</a></blockquote> <script async src=\"https://platform.twitter.com/widgets.js\" charset=\"utf-8\"></script>'),(1483,1631,1,'2023-02-11 23:11:47','2023-02-22 03:59:30','1acc24c9-50ca-4db9-9d18-2e25fb4daf72','<p>Art without limits is an art studio focused on helping artists with disabilities unlock their full artistic potential through guides, articles, and creative assistive technologies. </p>',NULL,NULL,NULL,NULL,NULL,NULL),(1492,1647,1,'2023-02-11 23:59:07','2023-02-11 23:59:07','643b52d1-6fec-48bd-9557-564822d1ba94',NULL,NULL,NULL,NULL,NULL,NULL,'<iframe width=\"1280\" height=\"720\" src=\"https://www.youtube.com/embed/FS0zmoQA0H4\" title=\"ARC talk at NFT in America\" frameborder=\"0\" allow=\"accelerometer; autoplay; clipboard-write; encrypted-media; gyroscope; picture-in-picture; web-share\" allowfullscreen></iframe>'),(1523,1697,1,'2023-02-19 03:35:20','2023-02-19 03:35:20','48a765b9-fc46-4733-ad0d-bdb5ddaba9a2','<p>For all your inquiries please email me on arc@hey.com or message me on <a href=\"https://twitter.com/arc4g\" target=\"_blank\" rel=\"noreferrer noopener\">twitter</a> or <a href=\"https://www.instagram.com/arc4g/\" target=\"_blank\" rel=\"noreferrer noopener\">Instagram</a>.</p>',NULL,NULL,NULL,NULL,NULL,NULL),(5291,5474,1,'2023-02-19 10:44:57','2023-02-19 10:44:57','7eecc376-4159-4cc7-a4e3-0375f7ae451e',NULL,NULL,NULL,NULL,NULL,NULL,NULL),(5292,5475,1,'2023-02-19 10:44:57','2023-02-19 10:44:57','d2df4ed2-74ee-4c2f-b31d-db58f2c73011','<p>I\'ve been thinking a lot about creating an art project using my own power wheelchair for a while now, it has all the elements needed to create something very creative, there\'s already a power source from the wheelchair batteries and several empty spots to mount anything you can possibly think of. </p>',NULL,NULL,NULL,NULL,NULL,NULL),(5293,5476,1,'2023-02-19 10:44:57','2023-02-19 10:44:57','d5cb2040-1637-4be0-aa31-805226257f25','<p>I\'ll be using off the shelf equipment for this project since i don\'t have the ability to make custom solutions right now unfortunately, so I\'m thinking of using a portable projector like the <a href=\"https://www.samsung.com/us/televisions-home-theater/tvs/portable-projector/the-freestyle-sp-lsp3blaxza/\" target=\"_blank\" rel=\"noreferrer noopener\">Samsung freestyle</a>.</p>\n<p>I\'ll install it in front of the wheelchair pointing towards the ground displaying different types of artworks, the portable projector seems like a good solution since it\'s quite small and has a portable battery so I don\'t have to do any dangerous custom wiring to my wheelchair batteries. </p>',NULL,NULL,NULL,NULL,NULL,NULL),(5294,5477,1,'2023-02-19 10:44:57','2023-02-19 10:44:57','f0139d2b-57df-4761-82dd-6797bb0fea88',NULL,NULL,NULL,NULL,NULL,NULL,NULL),(5295,5478,1,'2023-02-19 10:44:57','2023-02-19 10:44:57','59b03bda-5ead-4e68-a4c1-21854c0aeb26','<p>There\'s a few problems with the projector route though, like the limited brightness and heat, plus i might not always have the best ground in front of me to project on as well as other difficulties that come with using a projector, so another route could be a <a href=\"https://www.amazon.com/dp/B09ZL3NCJN/?coliid=ILXX4AHH3N1TB&amp;colid=3NKUEGTQPP9GW&amp;psc=1&amp;ref_=lv_ov_lig_dp_it\" target=\"_blank\" rel=\"noreferrer noopener\">portable screen</a> with a built-in battery, those kinds of screens are made for laptops as a second portable screen but they fit this project requirements quite well. </p>',NULL,NULL,NULL,NULL,NULL,NULL),(5296,5479,1,'2023-02-19 10:44:57','2023-02-19 10:44:57','545b6dc2-0de1-4e16-8ac9-c4ad365dbcc5','<p>For displaying my art on the screen or projector I\'m thinking about using a wireless HDMI and just transmit the signal from a nearby laptop or PC, that would be the easiest solution without having to install more hardware on the wheelchair adding unnecessary complexity. </p>',NULL,NULL,NULL,NULL,NULL,NULL),(5297,5480,1,'2023-02-19 10:44:57','2023-02-19 10:44:57','9fe2b0f8-41f4-4e39-89a4-462b4b9185d3',NULL,NULL,NULL,NULL,NULL,NULL,NULL),(5298,5481,1,'2023-02-19 10:44:57','2023-02-19 10:56:11','6c198916-399e-4917-a68b-c037e7a3536f','<p>I\'m currently at the planning stages of this project and it\'s taking me way longer than I expected, it might seem quite straightforward but it\'s not as simple as just ordering the parts and installing it.</p>\n<p>I\'ll need to figure out how to install everything correctly and safely on my wheelchair, plus needing to coordinate with a few people with expertise to help me install the parts since i can\'t physically do it myself due to SMA. </p>\n<p>All that aside I\'m quite excited about attempting a physical artwork, there\'s endless possibilities i could try with my wheelchair, like an interactive artwork triggered by people walking beside me or a light trail behind the chair lightning my previous path among other ideas. </p>\n<p>I\'ll make a follow up blog with updates when i make progress on this project, feel free to message me on <a href=\"https://twitter.com/arc4g\" target=\"_blank\" rel=\"noreferrer noopener\">twitter</a> or email me on arc@hey.com if you have any suggestions or tips. </p>',NULL,NULL,NULL,NULL,NULL,NULL),(5302,5491,1,'2023-02-19 11:01:03','2023-02-19 11:01:03','b2af1557-bc07-4c32-a0af-b20c6b575e05',NULL,NULL,NULL,NULL,NULL,NULL,NULL),(5305,5495,1,'2023-02-19 11:03:06','2023-02-22 04:07:31','260ad576-cd21-4168-a645-82d06ba62045',NULL,NULL,NULL,NULL,NULL,NULL,NULL),(5560,5756,1,'2023-02-20 01:58:48','2023-02-20 01:58:48','20b5c9d8-64aa-421c-93f1-11eee8f49762',NULL,NULL,NULL,NULL,NULL,NULL,NULL),(5561,5757,1,'2023-02-20 01:58:48','2023-02-20 17:42:13','a675d0bf-ad2a-413b-b743-76305648c372','<p>People with SMA have a finite amount of energy every day that is incredibly shorter than the average person, so spending 8 hours making a tedious artwork that requires constant repetitive movements is a quick recipe for getting injured or simply getting too exhausted to continue, so in this article I\'ll share my tips for how you can preserve energy as an artist with SMA. <br /></p>\n<p>I exclusively use <a href=\"https://www.blender.org/\" target=\"_blank\" rel=\"noreferrer noopener\">Blender</a> for my art so most of the tips will be Blender specific, but some general concepts can be used in most creative software out there.</p>',NULL,NULL,NULL,NULL,NULL,NULL),(5839,6038,1,'2023-02-20 02:16:49','2023-02-20 02:58:30','c42fd8af-8bc8-421e-a208-90b667634c48','<p>Starter files are a project file that was created by you with all the generic things you\'ll need for the artwork, such as the lighting and camera placement, settings, and 60% of the general theme of your artwork being already placed and ready for you to edited and create different artworks using that starter file as a baseline.</p>',NULL,NULL,NULL,NULL,NULL,NULL),(5840,6039,1,'2023-02-20 02:16:49','2023-02-20 02:16:49','10de3f24-ad01-4e25-9058-705265167507',NULL,NULL,NULL,NULL,NULL,NULL,NULL),(5841,6040,1,'2023-02-20 02:16:49','2023-02-20 17:41:42','c5540817-a2f8-4c26-8568-e63c30513e30','<p>This is one of my starter files, I created it a while ago with everything I needed already in the scene, I just open the file and start creating different artworks with that theme, you might recognize elements in this file if you\'ve been following my art in the past few years, it\'s my most common theme for my dark tech artworks. <br /></p>\n<p>Setting up the entire scene every time you want to create an artwork is something you should try to minimize in your workflow to cut down on unnecessary energy waste and preserve your power for creating the most important parts of your artwork.</p>',NULL,NULL,NULL,NULL,NULL,NULL),(5843,6042,1,'2023-02-20 02:16:49','2023-02-20 02:16:49','c49d119d-23db-4b9a-8819-721822a3c332',NULL,NULL,NULL,NULL,NULL,NULL,NULL),(7510,7711,1,'2023-02-20 02:50:32','2023-02-21 06:51:49','cd16408a-129d-4dd7-8dda-ef2ecd414a99','<p>If you notice, most of my artworks have one moving part or one interest point, I like to create art that doesn\'t waste your time or mine, creating artworks with a ton of details and intricate parts is very difficult for me since it requires large amounts of energy and usually doesn\'t add much to the scene.</p>\n<p>Don\'t get me wrong, it\'s not easy to find one interest point as well, from a conceptual standpoint, creating a minimalistic artwork with one or two interest points is actually quite difficult, but it\'s a different type of difficulty where it\'s mostly thinking and not physical labor.</p>\n<p>I also find shoving as much complexity and details into your artwork is great craftsmanship being used to cover a weak concept, but that\'s just my opinion. </p>',NULL,NULL,NULL,NULL,NULL,NULL),(7511,7712,1,'2023-02-20 02:50:32','2023-02-20 02:50:32','24189389-e7f4-4330-9f7f-273db43efa96',NULL,NULL,NULL,NULL,NULL,NULL,NULL),(7512,7713,1,'2023-02-20 02:50:32','2023-02-21 06:51:49','642d355c-3a29-4f08-90e9-dc12fdbbb74b','<p>So my advice is don\'t underestimate a clean simple fun concept, it will preserve your energy and help you create artworks that are enjoyable to make and watch without injuring yourself trying to add 300 different details and textures that would get lost in the noise anyway, more complexity and detail doesn\'t always mean a better artwork. <br /></p>\n<p>Of course this kind of advice is hard to implement if you are a character artist or an environment artist or any other type of artist that requires complexity and detail in their work, so take my advice with a grain of salt and edit it to your own style.</p>\n<p>I hope artists with SMA consider doing art that fits their energy levels and not overwhelm and injure themselves trying to create large highly detailed artworks just to compete with able bodied artists that can work several hours a day nonstop for weeks or more.<br /></p>',NULL,NULL,NULL,NULL,NULL,NULL),(8144,8350,1,'2023-02-20 03:28:36','2023-02-20 03:35:55','9063d568-7449-4430-9e42-1bb73195ad15','<p>Before committing to one software for creating your art, try some of the others first and see what fits your needs and abilities, do not chase \"the best software for creating 3D art\" since the best one might not be the best fit for you.<br /></p>',NULL,NULL,NULL,NULL,NULL,NULL),(8169,8378,1,'2023-02-20 03:35:55','2023-02-20 03:35:55','f2b33e07-08e3-4f42-a343-818e7581e9ce',NULL,NULL,NULL,NULL,NULL,NULL,NULL),(8170,8379,1,'2023-02-20 03:35:55','2023-02-22 12:48:19','19fac836-17e7-4fd4-ba46-1fe1bec110ab','<p>For example I\'ve always wanted to learn cinema 4D and I signed up for several courses to learn it, but unfortunately the workflow didn\'t fit my needs and abilities, <a href=\"https://www.blender.org/\" target=\"_blank\" rel=\"noreferrer noopener\">Blender</a> is surprisingly very accessible for people with disabilities.</p>\n<p>it\'s highly customizable among other features that makes it easy to use with <a href=\"{entry:197@1:url||https://awl.studio/how-i-use-blender-with-a-disability}\" target=\"_blank\" rel=\"noreferrer noopener\">my phone</a>, for example typing G to move an object then typing Z to pick the Z axis then typing 3 to move the object 3 meters in the Z axis all in one fell swoop, if I didn\'t experiment with several programs before finding the one that fits me best I would have thought it was impossible for me to do 3D art.</p>',NULL,NULL,NULL,NULL,NULL,NULL),(8175,8385,1,'2023-02-20 17:26:35','2023-02-20 17:26:35','89a2fdca-553f-4127-8c44-1a73aced7538',NULL,NULL,'Starter files',NULL,NULL,NULL,NULL),(8188,8399,1,'2023-02-20 17:37:49','2023-02-20 17:37:49','b4a1a533-f9a7-44e6-8781-899f379b42a4',NULL,NULL,'Focusing on what matters',NULL,NULL,NULL,NULL),(8189,8400,1,'2023-02-20 17:37:49','2023-02-20 17:37:49','251e0607-4015-48fb-8a0f-3d0fac3004f0',NULL,NULL,'Experiment',NULL,NULL,NULL,NULL),(8370,8593,1,'2023-02-22 12:41:37','2023-02-22 12:41:37','600fc68c-1e12-42a0-8570-8c6d43565b41',NULL,NULL,NULL,NULL,NULL,NULL,NULL),(8371,8594,1,'2023-02-22 12:41:37','2023-02-22 12:41:37','a49b9eb9-936b-4661-9e6f-f9a4f11077c9','<p>A big motivating factor in why I created the art without limits studio is my frustration with organizations, spaces, and the entire atmosphere around things made for disabled people. A lot of those spaces and projects are made with pure good intentions by amazing passionate people, but unfortunately they’re still susceptible to clichés that plague the disabled community. <br /></p>',NULL,NULL,NULL,NULL,NULL,NULL),(8372,8595,1,'2023-02-22 12:41:37','2023-02-22 12:41:37','1c60ef7a-fee9-4528-a893-00356e12d9c9','<p>One of those frustrating issues is the bad designs in everything made for disabled people, this effect can be seen in all sorts of products made for people with disabilities.</p>\n<p>From store websites that look like a hospital portal to products that look like you traveled 40 years back in time with their super outdated look and feel which completely ignores disabled people are still people with taste.</p>',NULL,NULL,NULL,NULL,NULL,NULL),(8373,8596,1,'2023-02-22 12:41:37','2023-02-22 12:41:37','50dfbb48-ab08-48ea-bfec-2f39df51ca7d',NULL,NULL,NULL,NULL,NULL,NULL,NULL),(8374,8597,1,'2023-02-22 12:41:37','2023-02-22 12:41:37','b58d82c0-0ad6-4ece-8312-9ecde9532df5','<p>Why do electric wheelchairs copy the design of cars? do they realize wheelchairs are an extension of the disabled user body? it’s not something you drive outside from point A to point B, it’s like clothing and it should reflect that in terms of diversity of design options, and the options shouldn’t be different paint colors or plastic carbon fiber pattern on the battery case, it’s not a car.</p>',NULL,NULL,NULL,NULL,NULL,NULL),(8375,8598,1,'2023-02-22 12:41:37','2023-02-22 12:41:37','0bae172b-3e22-4b29-9cce-e882190578ba','<p>A lot of products made for able bodied people are designed in a way where the aesthetic of the product play a very large role, because most people know if a product doesn’t look nice people would be less likely to purchase and enjoy having it around in their home. </p>\n<p>Yet this fact seems to completely disappear whenever a team is creating a space or a product for disabled people and they rely heavily on the product being a necessity to people with disabilities so they have no choice but to purchase the ugly thing they need.</p>',NULL,NULL,NULL,NULL,NULL,NULL),(8376,8599,1,'2023-02-22 12:41:37','2023-02-22 12:41:37','f2093e17-02c8-4e5e-aa06-cb48a170f854',NULL,NULL,NULL,NULL,NULL,NULL,NULL),(8377,8600,1,'2023-02-22 12:41:37','2023-02-22 12:41:37','ee879660-fb58-4666-aace-4b89ec3e795b','<p>I completely understand there’s a lot of complex factors that lead to this issue, such as laws and regulations in a few countries that make manufacturing equipment for disabled people have this medical aesthetic as well as the complete focus on functionality due to the sensitive nature of such products.</p>\n<p>But this mindset spreads to things outside of regulatory control as well, such as community websites and products that are made for disabled people but not considered a medical device,  yet they still make it look like one. </p>\n\n<p>My only ask is be brave and thoughtful with your designs, not everything made for people with disabilities needs to look like a medical device, the disabled community will appreciate it greatly. </p>',NULL,NULL,NULL,NULL,NULL,NULL),(8646,8877,1,'2023-03-14 09:45:47','2023-03-14 09:45:47','f09721a3-c3f1-4ecc-be69-f00a1c8f5027',NULL,NULL,NULL,NULL,NULL,NULL,NULL),(8647,8878,1,'2023-03-14 09:45:47','2023-03-14 09:45:47','d32add24-faff-4bd3-848b-ef15ec71aa2e','<p>A short interview with a friend and an artist I’ve always admired, Leander Herzog.<br /></p>',NULL,NULL,NULL,NULL,NULL,NULL),(8648,8879,1,'2023-03-14 09:45:47','2023-03-14 09:45:47','70897566-0426-40a3-b796-a2a9350d8984',NULL,NULL,NULL,'m',NULL,NULL,NULL),(8649,8880,1,'2023-03-14 09:45:47','2023-03-14 10:27:23','b0c34bee-7e36-4754-aed7-4cc3f6cb3964','<p><strong>As someone with a lot of experience in web development, what are the most straightforward simple things web developers can add to their website to help with accessibility?</strong></p>',NULL,NULL,NULL,NULL,NULL,NULL),(8650,8881,1,'2023-03-14 09:45:47','2023-03-14 09:59:14','f741ad3f-6487-4ecc-8024-bfda18d3c1d6','<p>Keep things very simple, do not overengineer or overthink things. It\'s less about what you can add, more about what you can remove, or avoid in the first place. <br /></p>',NULL,NULL,NULL,NULL,NULL,NULL),(8651,8882,1,'2023-03-14 09:45:47','2023-03-14 10:27:32','0917a2f8-787d-4bc3-904c-7728de7c1579','<p><strong>If you could delete one website from the internet today, what would that website be and why? </strong></p>',NULL,NULL,NULL,NULL,NULL,NULL),(8652,8883,1,'2023-03-14 09:45:47','2023-03-14 09:55:52','a34b5d85-049f-4e76-a6f2-1c34e0ce02b5','<p>I have a hard time finding a good target here. Which is sad as it speaks to the decline of the relevance of the open web. At the same time it\'s also good, because this means we\'re getting lost in the domination of big tech – while the networks that got us here are still relatively decentralized and diverse. If I could delete a company, it would be Meta. </p>',NULL,NULL,NULL,NULL,NULL,NULL),(8653,8884,1,'2023-03-14 09:45:47','2023-03-14 10:27:42','5f51358a-5c1b-4ebc-bc0b-7f22750f1148','<p><strong>If you get a one million dollar art grant that you have to spend on the making process of one artwork, what would that artwork be? </strong></p>',NULL,NULL,NULL,NULL,NULL,NULL),(8654,8885,1,'2023-03-14 09:45:47','2023-03-14 10:19:22','a6bd218f-99ff-4ee1-9ca8-78d21127f4a6','<p>I would buy as many spraycans as possible and give them to random kids.  </p>',NULL,NULL,NULL,NULL,NULL,NULL),(8655,8886,1,'2023-03-14 09:45:47','2023-03-14 10:27:46','06f34b2c-2acf-4207-b0ba-767c47f491c5','<p><strong>Is there a feature or effect you see in a lot of new websites that gives minimal impact on the visual side of the website but hurt accessibility in a drastic way? </strong></p>',NULL,NULL,NULL,NULL,NULL,NULL),(8656,8887,1,'2023-03-14 09:45:47','2023-03-14 10:26:42','2b6f9f67-4ca4-4bad-be43-aea2dfd5d745','<p>Developers simply using too many new features and frameworks out of curiosity and ignorance. There is too much fucking around combined with a lack of finding out. <br /></p>',NULL,NULL,NULL,NULL,NULL,NULL),(15323,15560,1,'2023-03-23 05:36:38','2023-03-23 05:36:38','b944e9aa-26dc-45f6-8674-0d67b4d7033c',NULL,NULL,NULL,NULL,NULL,NULL,NULL),(15324,15561,1,'2023-03-23 05:36:38','2023-03-23 05:36:38','525d2d39-2563-4611-bf73-298d0ec840ec','<p>AI is something that was covered heavily this year by many people so it\'s somewhat of a tired topic, some people love it and some people hate it, I\'ve been using it a lot those past few days so i lean towards liking it.</p>\n<p><br />I have no interest in AI art or any creative tool using AI, I enjoy the process of making art myself and AI art takes away a lot of that, so I\'m only interested in AI that can help me with the tedious tasks such as helping me program my own accessibility tools that can fit my specific needs and other things in that realm.</p>\n',NULL,NULL,NULL,NULL,NULL,NULL),(15325,15562,1,'2023-03-23 05:36:38','2023-03-23 05:36:38','d57407aa-64f9-40fa-ad97-2aff399089c6',NULL,NULL,NULL,NULL,NULL,NULL,NULL),(15326,15563,1,'2023-03-23 05:36:38','2023-03-23 05:36:38','4d79027a-cde2-4616-b0dc-bcb7fa62ebcf','<p>I have zero programming knowledge, but in a few hours i was able to create a chrome extension that helps me auto scroll my Twitter feed or any website by just toggling on the auto scroll button, it stops whenever I move the mouse, this tool helps me a lot with giving my arm a break.</p>\n<p>Scrolling might seem like a trivial task for most able bodied people, but with my disability I need to <a href=\"{entry:5503@1:url||https://awl.studio/preserving-energy-while-creating-art}\" target=\"_blank\" rel=\"noreferrer noopener\">persevere my energy</a> as much as possible and those kinds of tasks can get tiring very quickly. </p>',NULL,NULL,NULL,NULL,NULL,NULL),(15327,15564,1,'2023-03-23 05:36:38','2023-03-23 05:36:38','a9ddd461-0c2a-497e-b6ff-c19ab54f74a2','<p>This chrome extension is just the tip of the iceberg in terms of things I could make now with the help of AI, I can create very specific tools that wouldn\'t otherwise exist.  </p>\n<p>people with disabilities often require very specific things that other people wouldn\'t need, so there is no motive to create those tools, but now anyone with a disability can take advantage of AI to code his own simple tools and scripts without programming knowledge. </p>',NULL,NULL,NULL,NULL,NULL,NULL),(15328,15565,1,'2023-03-23 05:36:38','2023-03-23 05:36:38','0981b858-4fd8-4a6f-935b-149e41ac66cb',NULL,NULL,NULL,NULL,NULL,NULL,NULL),(15329,15566,1,'2023-03-23 05:36:38','2023-03-23 05:36:38','90eb42b6-717a-42ed-a5ee-345c57b56737','<p>After my experience with making the chrome extension and other scripts that were very useful it got me wondering about other low hanging fruit that AI can solve for people with disabilities, one of those issues is a very common one, the need for a fall alarm. </p>\n<p>A lot of people with disabilities need to have an alarm for when they need help, it\'s often life saving because when you fall and no one is around to help it can get deadly very quickly. there\'s a lot of products that offer a solution for this issue but most of them are extremely clunky and hard to use.</p>\n<p><br /></p>\n<p>I bought one from Amazon that was a string you tie to your shirt and when you fall from the wheelchair the string gets pulled and an alarm goes off, it got me thinking \"is this really the cutting edge tech for saving the lives of people with disabilities?\" it was useless and did not work with my wheelchair setup.<br /></p>\n<p>My hope is with this rapid AI advancement we can soon have tools that monitor my seating position from a camera and automatically ring an alarm whenever it detects me sitting unusually, my seating position is often very rigid and does not change often, so it would be trivial for an AI to detect when something is unusual which means I\'ve fallen or I\'m not in the right position  </p>',NULL,NULL,NULL,NULL,NULL,NULL),(15330,15567,1,'2023-03-23 05:36:38','2023-03-23 05:36:38','ee5f55e6-2699-40e6-96ab-bf8e92a4155e',NULL,NULL,NULL,NULL,NULL,NULL,NULL),(15331,15568,1,'2023-03-23 05:36:38','2023-03-23 05:57:01','f438c5bd-c89d-479b-ae08-742ee7f54b54','<p>You might be thinking, how can you trust AI with such a life threatening system? AI can be unpredictable and dangerous and might not be suitable for such things.</p>\n<p>You would be right in thinking that, but the alternatives are not any better, most products I\'ve tried were extremely dangerous and engineered in an extremely careless way that often only fit elderly people or very few specific conditions.</p>\n<p>with AI you can create something that learns and adapts to your very specific needs using off the shelf products such as a webcam and a microphone, with those inputs you can monitor all sorts of things and detect when there\'s an issue. <br /></p>',NULL,NULL,NULL,NULL,NULL,NULL),(15332,15569,1,'2023-03-23 05:36:38','2023-03-23 05:36:38','de97844b-5bf4-481d-9f12-218e06a0437e','<p>I\'ll end the article here, I have a lot of thoughts on this topic but I don\'t want to go on for too long, I\'m extremely impressed with the current state of AI and really hoping it gets used for developing things that makes the lives of people with disabilities easier and safer.<br /></p>',NULL,NULL,NULL,NULL,NULL,NULL),(15341,15582,1,'2023-06-07 22:41:30','2023-06-07 22:41:30','bd323b22-bf16-401d-8be2-98a21e9404fb',NULL,NULL,NULL,NULL,NULL,NULL,'<!DOCTYPE html><html lang=\"en\"><head><meta charset=\"UTF-8\"><meta name=\"viewport\" content=\"width=device-width, initial-scale=1.0\"><title>HTML Art</tit<style>body,html{margin:0;padding:0;height:100%;width:100%}#wrapper{display:flex;justify-content:center;align-items:center;height:100%}#container{width:100vmin;height:100vmin}.cube{background-image:url(\'https://i.imgur.com/kT6YXlN.jpg\');background-size:cover;background-repeat:no-repeat;display:inline-block;position:relative;overflow:hidden}.inner-cube{width:50%;height:50%}#instruction{position:absolute;top:50%;left:50%;transform:translate(-50%,-50%);font-size:24px;font-family:sans-serif;color:white;text-shadow:1px 1px 2px black}</style></head><body><div id=\"wrapper\"><div id=\"container\" class=\"cube\"><div id=\"instruction\">Tap the screen</div></div></div><script>function createSubCubes(parent){for(let i=0;i<4;i++){const subCube=document.createElement(\'div\');subCube.classList.add(\'cube\',\'inner-cube\');if(i%2===1){subCube.style.right=0}if(i>=2){subCube.style.bottom=0}subCube.addEventListener(\'click\',onCubeClick);parent.appendChild(subCube)}}function onCubeClick(event){event.stopPropagation();const cube=event.target;const instruction=document.getElementById(\'instruction\');if(instruction){instruction.remove()}if(cube.children.length===0){createSubCubes(cube)}}document.getElementById(\'container\').addEventListener(\'click\',onCubeClick);</script></body></html>');
commit;

--
-- Dumping data for table `migrations`
--

set autocommit=0;
INSERT INTO `migrations` VALUES (1,'craft','Install','2022-11-16 03:15:02','2022-11-16 03:15:02','2022-11-16 03:15:02','005c3034-41fd-4b66-bbcb-b4783ca2a3ed'),(2,'craft','m210121_145800_asset_indexing_changes','2022-11-16 03:15:02','2022-11-16 03:15:02','2022-11-16 03:15:02','985a28a7-cdbc-41a7-849a-37f951932959'),(3,'craft','m210624_222934_drop_deprecated_tables','2022-11-16 03:15:02','2022-11-16 03:15:02','2022-11-16 03:15:02','409a5476-8670-4ce9-8175-5bf8a2121589'),(4,'craft','m210724_180756_rename_source_cols','2022-11-16 03:15:02','2022-11-16 03:15:02','2022-11-16 03:15:02','d72c522d-9a65-4ac0-a228-ace98193be05'),(5,'craft','m210809_124211_remove_superfluous_uids','2022-11-16 03:15:02','2022-11-16 03:15:02','2022-11-16 03:15:02','01268035-b6f8-4122-bb10-69dbe8973ab3'),(6,'craft','m210817_014201_universal_users','2022-11-16 03:15:02','2022-11-16 03:15:02','2022-11-16 03:15:02','bb91afc0-6ef5-4479-b775-1dc62a9e7af1'),(7,'craft','m210904_132612_store_element_source_settings_in_project_config','2022-11-16 03:15:02','2022-11-16 03:15:02','2022-11-16 03:15:02','814e8c92-9d59-4e1c-ab56-ab9bb1d38b4e'),(8,'craft','m211115_135500_image_transformers','2022-11-16 03:15:02','2022-11-16 03:15:02','2022-11-16 03:15:02','6f6fb069-db65-49d9-afad-d7ed2be0eace'),(9,'craft','m211201_131000_filesystems','2022-11-16 03:15:02','2022-11-16 03:15:02','2022-11-16 03:15:02','495a13fc-25bf-4bcb-bb91-85fc37e41e46'),(10,'craft','m220103_043103_tab_conditions','2022-11-16 03:15:02','2022-11-16 03:15:02','2022-11-16 03:15:02','46ea1855-bdbc-409a-a2c7-1654f5ee86a5'),(11,'craft','m220104_003433_asset_alt_text','2022-11-16 03:15:02','2022-11-16 03:15:02','2022-11-16 03:15:02','e561613d-d5c3-445f-8ff0-4c7a7a9ba40c'),(12,'craft','m220123_213619_update_permissions','2022-11-16 03:15:02','2022-11-16 03:15:02','2022-11-16 03:15:02','7c41ee54-2747-4f01-8e43-cb6e93c3eb03'),(13,'craft','m220126_003432_addresses','2022-11-16 03:15:02','2022-11-16 03:15:02','2022-11-16 03:15:02','fb50e9c4-af99-41fb-b307-39a5d337e613'),(14,'craft','m220209_095604_add_indexes','2022-11-16 03:15:02','2022-11-16 03:15:02','2022-11-16 03:15:02','908b2b38-bbd4-4c50-8e7e-8edf94143f22'),(15,'craft','m220213_015220_matrixblocks_owners_table','2022-11-16 03:15:02','2022-11-16 03:15:02','2022-11-16 03:15:02','e19edf41-3126-4334-8d22-3598cbe233c1'),(16,'craft','m220214_000000_truncate_sessions','2022-11-16 03:15:02','2022-11-16 03:15:02','2022-11-16 03:15:02','93f51229-8491-43d4-a0c9-b78796072166'),(17,'craft','m220222_122159_full_names','2022-11-16 03:15:02','2022-11-16 03:15:02','2022-11-16 03:15:02','99d64edf-d431-4299-b803-cbbf58c2543c'),(18,'craft','m220223_180559_nullable_address_owner','2022-11-16 03:15:02','2022-11-16 03:15:02','2022-11-16 03:15:02','afb2607c-881b-4efd-8912-eed432d9d522'),(19,'craft','m220225_165000_transform_filesystems','2022-11-16 03:15:02','2022-11-16 03:15:02','2022-11-16 03:15:02','0ed56b90-8394-48f7-9089-6fb30576eda3'),(20,'craft','m220309_152006_rename_field_layout_elements','2022-11-16 03:15:02','2022-11-16 03:15:02','2022-11-16 03:15:02','513d2a78-e1aa-4189-84e3-7081118e17a0'),(21,'craft','m220314_211928_field_layout_element_uids','2022-11-16 03:15:02','2022-11-16 03:15:02','2022-11-16 03:15:02','30668548-40e0-4cfd-abb7-aab9a7f6944e'),(22,'craft','m220316_123800_transform_fs_subpath','2022-11-16 03:15:02','2022-11-16 03:15:02','2022-11-16 03:15:02','58ef3784-1da5-4763-bf2e-c1e583643eb9'),(23,'craft','m220317_174250_release_all_jobs','2022-11-16 03:15:02','2022-11-16 03:15:02','2022-11-16 03:15:02','ca672b70-975b-4e56-9143-3ced77e4a08e'),(24,'craft','m220330_150000_add_site_gql_schema_components','2022-11-16 03:15:02','2022-11-16 03:15:02','2022-11-16 03:15:02','bc38fd45-8654-4476-8292-83e299c1858b'),(25,'craft','m220413_024536_site_enabled_string','2022-11-16 03:15:02','2022-11-16 03:15:02','2022-11-16 03:15:02','d0686538-422a-4277-a896-141c00073ce2'),(26,'plugin:redactor','m180430_204710_remove_old_plugins','2022-11-16 03:17:29','2022-11-16 03:17:29','2022-11-16 03:17:29','e44ba1ec-1c8a-4073-9c13-aa6bf37f7e36'),(27,'plugin:redactor','Install','2022-11-16 03:17:29','2022-11-16 03:17:29','2022-11-16 03:17:29','4fd2d3e9-f2bd-4401-b06e-5fc2a78b229f'),(28,'plugin:redactor','m190225_003922_split_cleanup_html_settings','2022-11-16 03:17:29','2022-11-16 03:17:29','2022-11-16 03:17:29','8871430f-9ae9-4fa9-84bb-ee1be2322b1c'),(29,'craft','m221027_160703_add_image_transform_fill','2023-03-13 18:50:54','2023-03-13 18:50:54','2023-03-13 18:50:54','bd7dbab9-0743-4461-bd98-100c5d0cb895'),(30,'craft','m221028_130548_add_canonical_id_index','2023-03-13 18:50:54','2023-03-13 18:50:54','2023-03-13 18:50:54','65d0650c-86ba-46a2-bcab-2a8d33e124e9'),(31,'craft','m221118_003031_drop_element_fks','2023-03-13 18:50:56','2023-03-13 18:50:56','2023-03-13 18:50:56','59fa7c69-82e3-4d9a-a72b-279b4f3abbcd'),(32,'craft','m230131_120713_asset_indexing_session_new_options','2023-03-13 18:50:56','2023-03-13 18:50:56','2023-03-13 18:50:56','4099ebf1-c35c-43b6-95c0-13f5e1a04180'),(33,'craft','m230226_013114_drop_plugin_license_columns','2023-03-13 18:50:57','2023-03-13 18:50:57','2023-03-13 18:50:57','3f4b2f0a-3bde-44a8-a61b-7c9fcf1a85e8');
commit;

--
-- Dumping data for table `plugins`
--

set autocommit=0;
INSERT INTO `plugins` VALUES (1,'redactor','3.0.3','2.3.0','2022-11-16 03:17:29','2022-11-16 03:17:29','2023-03-13 18:50:42','9f7a485e-e5e3-47bd-bfa3-ddbcc726faa5');
commit;

--
-- Dumping data for table `projectconfig`
--

set autocommit=0;
INSERT INTO `projectconfig` VALUES ('dateModified','1678847502'),('elementSources.craft\\elements\\Entry.0.defaultSort.0','\"postDate\"'),('elementSources.craft\\elements\\Entry.0.defaultSort.1','\"desc\"'),('elementSources.craft\\elements\\Entry.0.disabled','false'),('elementSources.craft\\elements\\Entry.0.key','\"*\"'),('elementSources.craft\\elements\\Entry.0.tableAttributes.0','\"section\"'),('elementSources.craft\\elements\\Entry.0.tableAttributes.1','\"postDate\"'),('elementSources.craft\\elements\\Entry.0.tableAttributes.2','\"expiryDate\"'),('elementSources.craft\\elements\\Entry.0.tableAttributes.3','\"link\"'),('elementSources.craft\\elements\\Entry.0.type','\"native\"'),('elementSources.craft\\elements\\Entry.1.defaultSort.0','\"title\"'),('elementSources.craft\\elements\\Entry.1.defaultSort.1','\"asc\"'),('elementSources.craft\\elements\\Entry.1.disabled','false'),('elementSources.craft\\elements\\Entry.1.key','\"singles\"'),('elementSources.craft\\elements\\Entry.1.tableAttributes.0','\"link\"'),('elementSources.craft\\elements\\Entry.1.type','\"native\"'),('elementSources.craft\\elements\\Entry.2.defaultSort.0','\"postDate\"'),('elementSources.craft\\elements\\Entry.2.defaultSort.1','\"desc\"'),('elementSources.craft\\elements\\Entry.2.disabled','false'),('elementSources.craft\\elements\\Entry.2.key','\"section:14fdd4f9-8efa-480c-9490-91c9b6aea1e9\"'),('elementSources.craft\\elements\\Entry.2.tableAttributes.0','\"postDate\"'),('elementSources.craft\\elements\\Entry.2.tableAttributes.1','\"link\"'),('elementSources.craft\\elements\\Entry.2.tableAttributes.2','\"slug\"'),('elementSources.craft\\elements\\Entry.2.tableAttributes.3','\"field:14b41792-c7a9-4fcc-b070-d20d17d95c48\"'),('elementSources.craft\\elements\\Entry.2.type','\"native\"'),('elementSources.craft\\elements\\Entry.3.key','\"section:bb9bbfd9-b5e6-4fa7-b701-d5fc62eaf6b8\"'),('elementSources.craft\\elements\\Entry.3.type','\"native\"'),('elementSources.craft\\elements\\Entry.4.key','\"section:8c24f15c-5660-4abe-aaba-7db600c93439\"'),('elementSources.craft\\elements\\Entry.4.type','\"native\"'),('elementSources.craft\\elements\\Entry.5.defaultSort.0','\"postDate\"'),('elementSources.craft\\elements\\Entry.5.defaultSort.1','\"desc\"'),('elementSources.craft\\elements\\Entry.5.disabled','false'),('elementSources.craft\\elements\\Entry.5.key','\"section:49d2ed2c-2cb6-4943-a958-e0d01091ddad\"'),('elementSources.craft\\elements\\Entry.5.tableAttributes.0','\"postDate\"'),('elementSources.craft\\elements\\Entry.5.tableAttributes.1','\"field:6eedab0e-b28e-4d40-89a4-d6448cf48d36\"'),('elementSources.craft\\elements\\Entry.5.tableAttributes.2','\"link\"'),('elementSources.craft\\elements\\Entry.5.type','\"native\"'),('email.fromEmail','\"info@leanderherzog.ch\"'),('email.fromName','\"awl\"'),('email.transportType','\"craft\\\\mail\\\\transportadapters\\\\Sendmail\"'),('entryTypes.239a5d0c-da80-43d4-9033-9ceda27b99b0.fieldLayouts.8606e619-2e4e-4836-b797-26d5db3ede8e.tabs.0.elementCondition','null'),('entryTypes.239a5d0c-da80-43d4-9033-9ceda27b99b0.fieldLayouts.8606e619-2e4e-4836-b797-26d5db3ede8e.tabs.0.elements.0.autocapitalize','true'),('entryTypes.239a5d0c-da80-43d4-9033-9ceda27b99b0.fieldLayouts.8606e619-2e4e-4836-b797-26d5db3ede8e.tabs.0.elements.0.autocomplete','false'),('entryTypes.239a5d0c-da80-43d4-9033-9ceda27b99b0.fieldLayouts.8606e619-2e4e-4836-b797-26d5db3ede8e.tabs.0.elements.0.autocorrect','true'),('entryTypes.239a5d0c-da80-43d4-9033-9ceda27b99b0.fieldLayouts.8606e619-2e4e-4836-b797-26d5db3ede8e.tabs.0.elements.0.class','null'),('entryTypes.239a5d0c-da80-43d4-9033-9ceda27b99b0.fieldLayouts.8606e619-2e4e-4836-b797-26d5db3ede8e.tabs.0.elements.0.disabled','false'),('entryTypes.239a5d0c-da80-43d4-9033-9ceda27b99b0.fieldLayouts.8606e619-2e4e-4836-b797-26d5db3ede8e.tabs.0.elements.0.elementCondition','null'),('entryTypes.239a5d0c-da80-43d4-9033-9ceda27b99b0.fieldLayouts.8606e619-2e4e-4836-b797-26d5db3ede8e.tabs.0.elements.0.id','null'),('entryTypes.239a5d0c-da80-43d4-9033-9ceda27b99b0.fieldLayouts.8606e619-2e4e-4836-b797-26d5db3ede8e.tabs.0.elements.0.instructions','null'),('entryTypes.239a5d0c-da80-43d4-9033-9ceda27b99b0.fieldLayouts.8606e619-2e4e-4836-b797-26d5db3ede8e.tabs.0.elements.0.label','null'),('entryTypes.239a5d0c-da80-43d4-9033-9ceda27b99b0.fieldLayouts.8606e619-2e4e-4836-b797-26d5db3ede8e.tabs.0.elements.0.max','null'),('entryTypes.239a5d0c-da80-43d4-9033-9ceda27b99b0.fieldLayouts.8606e619-2e4e-4836-b797-26d5db3ede8e.tabs.0.elements.0.min','null'),('entryTypes.239a5d0c-da80-43d4-9033-9ceda27b99b0.fieldLayouts.8606e619-2e4e-4836-b797-26d5db3ede8e.tabs.0.elements.0.name','null'),('entryTypes.239a5d0c-da80-43d4-9033-9ceda27b99b0.fieldLayouts.8606e619-2e4e-4836-b797-26d5db3ede8e.tabs.0.elements.0.orientation','null'),('entryTypes.239a5d0c-da80-43d4-9033-9ceda27b99b0.fieldLayouts.8606e619-2e4e-4836-b797-26d5db3ede8e.tabs.0.elements.0.placeholder','null'),('entryTypes.239a5d0c-da80-43d4-9033-9ceda27b99b0.fieldLayouts.8606e619-2e4e-4836-b797-26d5db3ede8e.tabs.0.elements.0.readonly','false'),('entryTypes.239a5d0c-da80-43d4-9033-9ceda27b99b0.fieldLayouts.8606e619-2e4e-4836-b797-26d5db3ede8e.tabs.0.elements.0.requirable','false'),('entryTypes.239a5d0c-da80-43d4-9033-9ceda27b99b0.fieldLayouts.8606e619-2e4e-4836-b797-26d5db3ede8e.tabs.0.elements.0.size','null'),('entryTypes.239a5d0c-da80-43d4-9033-9ceda27b99b0.fieldLayouts.8606e619-2e4e-4836-b797-26d5db3ede8e.tabs.0.elements.0.step','null'),('entryTypes.239a5d0c-da80-43d4-9033-9ceda27b99b0.fieldLayouts.8606e619-2e4e-4836-b797-26d5db3ede8e.tabs.0.elements.0.tip','null'),('entryTypes.239a5d0c-da80-43d4-9033-9ceda27b99b0.fieldLayouts.8606e619-2e4e-4836-b797-26d5db3ede8e.tabs.0.elements.0.title','null'),('entryTypes.239a5d0c-da80-43d4-9033-9ceda27b99b0.fieldLayouts.8606e619-2e4e-4836-b797-26d5db3ede8e.tabs.0.elements.0.type','\"craft\\\\fieldlayoutelements\\\\entries\\\\EntryTitleField\"'),('entryTypes.239a5d0c-da80-43d4-9033-9ceda27b99b0.fieldLayouts.8606e619-2e4e-4836-b797-26d5db3ede8e.tabs.0.elements.0.uid','\"d1538429-30e2-443c-9c8d-42cbe58fad7c\"'),('entryTypes.239a5d0c-da80-43d4-9033-9ceda27b99b0.fieldLayouts.8606e619-2e4e-4836-b797-26d5db3ede8e.tabs.0.elements.0.userCondition','null'),('entryTypes.239a5d0c-da80-43d4-9033-9ceda27b99b0.fieldLayouts.8606e619-2e4e-4836-b797-26d5db3ede8e.tabs.0.elements.0.warning','null'),('entryTypes.239a5d0c-da80-43d4-9033-9ceda27b99b0.fieldLayouts.8606e619-2e4e-4836-b797-26d5db3ede8e.tabs.0.elements.0.width','100'),('entryTypes.239a5d0c-da80-43d4-9033-9ceda27b99b0.fieldLayouts.8606e619-2e4e-4836-b797-26d5db3ede8e.tabs.0.name','\"Content\"'),('entryTypes.239a5d0c-da80-43d4-9033-9ceda27b99b0.fieldLayouts.8606e619-2e4e-4836-b797-26d5db3ede8e.tabs.0.uid','\"96c083e8-6da8-4c02-b0c9-13dd640c16c3\"'),('entryTypes.239a5d0c-da80-43d4-9033-9ceda27b99b0.fieldLayouts.8606e619-2e4e-4836-b797-26d5db3ede8e.tabs.0.userCondition','null'),('entryTypes.239a5d0c-da80-43d4-9033-9ceda27b99b0.handle','\"index\"'),('entryTypes.239a5d0c-da80-43d4-9033-9ceda27b99b0.hasTitleField','false'),('entryTypes.239a5d0c-da80-43d4-9033-9ceda27b99b0.name','\"All Articles\"'),('entryTypes.239a5d0c-da80-43d4-9033-9ceda27b99b0.section','\"776b60c4-472c-493e-9de6-7d1caa32f1f3\"'),('entryTypes.239a5d0c-da80-43d4-9033-9ceda27b99b0.sortOrder','1'),('entryTypes.239a5d0c-da80-43d4-9033-9ceda27b99b0.titleFormat','\"{section.name|raw}\"'),('entryTypes.239a5d0c-da80-43d4-9033-9ceda27b99b0.titleTranslationKeyFormat','null'),('entryTypes.239a5d0c-da80-43d4-9033-9ceda27b99b0.titleTranslationMethod','\"site\"'),('entryTypes.5316a301-aa5b-40e9-8de9-8c3d231588f5.fieldLayouts.2ecc1734-bc85-460e-8948-f773616906be.tabs.0.elementCondition','null'),('entryTypes.5316a301-aa5b-40e9-8de9-8c3d231588f5.fieldLayouts.2ecc1734-bc85-460e-8948-f773616906be.tabs.0.elements.0.autocapitalize','true'),('entryTypes.5316a301-aa5b-40e9-8de9-8c3d231588f5.fieldLayouts.2ecc1734-bc85-460e-8948-f773616906be.tabs.0.elements.0.autocomplete','false'),('entryTypes.5316a301-aa5b-40e9-8de9-8c3d231588f5.fieldLayouts.2ecc1734-bc85-460e-8948-f773616906be.tabs.0.elements.0.autocorrect','true'),('entryTypes.5316a301-aa5b-40e9-8de9-8c3d231588f5.fieldLayouts.2ecc1734-bc85-460e-8948-f773616906be.tabs.0.elements.0.class','null'),('entryTypes.5316a301-aa5b-40e9-8de9-8c3d231588f5.fieldLayouts.2ecc1734-bc85-460e-8948-f773616906be.tabs.0.elements.0.disabled','false'),('entryTypes.5316a301-aa5b-40e9-8de9-8c3d231588f5.fieldLayouts.2ecc1734-bc85-460e-8948-f773616906be.tabs.0.elements.0.elementCondition','null'),('entryTypes.5316a301-aa5b-40e9-8de9-8c3d231588f5.fieldLayouts.2ecc1734-bc85-460e-8948-f773616906be.tabs.0.elements.0.id','null'),('entryTypes.5316a301-aa5b-40e9-8de9-8c3d231588f5.fieldLayouts.2ecc1734-bc85-460e-8948-f773616906be.tabs.0.elements.0.instructions','null'),('entryTypes.5316a301-aa5b-40e9-8de9-8c3d231588f5.fieldLayouts.2ecc1734-bc85-460e-8948-f773616906be.tabs.0.elements.0.label','null'),('entryTypes.5316a301-aa5b-40e9-8de9-8c3d231588f5.fieldLayouts.2ecc1734-bc85-460e-8948-f773616906be.tabs.0.elements.0.max','null'),('entryTypes.5316a301-aa5b-40e9-8de9-8c3d231588f5.fieldLayouts.2ecc1734-bc85-460e-8948-f773616906be.tabs.0.elements.0.min','null'),('entryTypes.5316a301-aa5b-40e9-8de9-8c3d231588f5.fieldLayouts.2ecc1734-bc85-460e-8948-f773616906be.tabs.0.elements.0.name','null'),('entryTypes.5316a301-aa5b-40e9-8de9-8c3d231588f5.fieldLayouts.2ecc1734-bc85-460e-8948-f773616906be.tabs.0.elements.0.orientation','null'),('entryTypes.5316a301-aa5b-40e9-8de9-8c3d231588f5.fieldLayouts.2ecc1734-bc85-460e-8948-f773616906be.tabs.0.elements.0.placeholder','null'),('entryTypes.5316a301-aa5b-40e9-8de9-8c3d231588f5.fieldLayouts.2ecc1734-bc85-460e-8948-f773616906be.tabs.0.elements.0.readonly','false'),('entryTypes.5316a301-aa5b-40e9-8de9-8c3d231588f5.fieldLayouts.2ecc1734-bc85-460e-8948-f773616906be.tabs.0.elements.0.requirable','false'),('entryTypes.5316a301-aa5b-40e9-8de9-8c3d231588f5.fieldLayouts.2ecc1734-bc85-460e-8948-f773616906be.tabs.0.elements.0.size','null'),('entryTypes.5316a301-aa5b-40e9-8de9-8c3d231588f5.fieldLayouts.2ecc1734-bc85-460e-8948-f773616906be.tabs.0.elements.0.step','null'),('entryTypes.5316a301-aa5b-40e9-8de9-8c3d231588f5.fieldLayouts.2ecc1734-bc85-460e-8948-f773616906be.tabs.0.elements.0.tip','null'),('entryTypes.5316a301-aa5b-40e9-8de9-8c3d231588f5.fieldLayouts.2ecc1734-bc85-460e-8948-f773616906be.tabs.0.elements.0.title','null'),('entryTypes.5316a301-aa5b-40e9-8de9-8c3d231588f5.fieldLayouts.2ecc1734-bc85-460e-8948-f773616906be.tabs.0.elements.0.type','\"craft\\\\fieldlayoutelements\\\\entries\\\\EntryTitleField\"'),('entryTypes.5316a301-aa5b-40e9-8de9-8c3d231588f5.fieldLayouts.2ecc1734-bc85-460e-8948-f773616906be.tabs.0.elements.0.uid','\"39831883-ebf5-4ac9-89c3-a6ab1c0a2637\"'),('entryTypes.5316a301-aa5b-40e9-8de9-8c3d231588f5.fieldLayouts.2ecc1734-bc85-460e-8948-f773616906be.tabs.0.elements.0.userCondition','null'),('entryTypes.5316a301-aa5b-40e9-8de9-8c3d231588f5.fieldLayouts.2ecc1734-bc85-460e-8948-f773616906be.tabs.0.elements.0.warning','null'),('entryTypes.5316a301-aa5b-40e9-8de9-8c3d231588f5.fieldLayouts.2ecc1734-bc85-460e-8948-f773616906be.tabs.0.elements.0.width','100'),('entryTypes.5316a301-aa5b-40e9-8de9-8c3d231588f5.fieldLayouts.2ecc1734-bc85-460e-8948-f773616906be.tabs.0.elements.1.elementCondition','null'),('entryTypes.5316a301-aa5b-40e9-8de9-8c3d231588f5.fieldLayouts.2ecc1734-bc85-460e-8948-f773616906be.tabs.0.elements.1.fieldUid','\"48393cf9-22b5-4bfc-b259-819898c33869\"'),('entryTypes.5316a301-aa5b-40e9-8de9-8c3d231588f5.fieldLayouts.2ecc1734-bc85-460e-8948-f773616906be.tabs.0.elements.1.instructions','null'),('entryTypes.5316a301-aa5b-40e9-8de9-8c3d231588f5.fieldLayouts.2ecc1734-bc85-460e-8948-f773616906be.tabs.0.elements.1.label','null'),('entryTypes.5316a301-aa5b-40e9-8de9-8c3d231588f5.fieldLayouts.2ecc1734-bc85-460e-8948-f773616906be.tabs.0.elements.1.required','false'),('entryTypes.5316a301-aa5b-40e9-8de9-8c3d231588f5.fieldLayouts.2ecc1734-bc85-460e-8948-f773616906be.tabs.0.elements.1.tip','null'),('entryTypes.5316a301-aa5b-40e9-8de9-8c3d231588f5.fieldLayouts.2ecc1734-bc85-460e-8948-f773616906be.tabs.0.elements.1.type','\"craft\\\\fieldlayoutelements\\\\CustomField\"'),('entryTypes.5316a301-aa5b-40e9-8de9-8c3d231588f5.fieldLayouts.2ecc1734-bc85-460e-8948-f773616906be.tabs.0.elements.1.uid','\"eb916e60-57ef-41c2-8bf8-8087a69ec0f1\"'),('entryTypes.5316a301-aa5b-40e9-8de9-8c3d231588f5.fieldLayouts.2ecc1734-bc85-460e-8948-f773616906be.tabs.0.elements.1.userCondition','null'),('entryTypes.5316a301-aa5b-40e9-8de9-8c3d231588f5.fieldLayouts.2ecc1734-bc85-460e-8948-f773616906be.tabs.0.elements.1.warning','null'),('entryTypes.5316a301-aa5b-40e9-8de9-8c3d231588f5.fieldLayouts.2ecc1734-bc85-460e-8948-f773616906be.tabs.0.elements.1.width','100'),('entryTypes.5316a301-aa5b-40e9-8de9-8c3d231588f5.fieldLayouts.2ecc1734-bc85-460e-8948-f773616906be.tabs.0.elements.2.elementCondition','null'),('entryTypes.5316a301-aa5b-40e9-8de9-8c3d231588f5.fieldLayouts.2ecc1734-bc85-460e-8948-f773616906be.tabs.0.elements.2.fieldUid','\"1868147e-f313-447c-8be6-69a4e7a80ccd\"'),('entryTypes.5316a301-aa5b-40e9-8de9-8c3d231588f5.fieldLayouts.2ecc1734-bc85-460e-8948-f773616906be.tabs.0.elements.2.instructions','null'),('entryTypes.5316a301-aa5b-40e9-8de9-8c3d231588f5.fieldLayouts.2ecc1734-bc85-460e-8948-f773616906be.tabs.0.elements.2.label','null'),('entryTypes.5316a301-aa5b-40e9-8de9-8c3d231588f5.fieldLayouts.2ecc1734-bc85-460e-8948-f773616906be.tabs.0.elements.2.required','true'),('entryTypes.5316a301-aa5b-40e9-8de9-8c3d231588f5.fieldLayouts.2ecc1734-bc85-460e-8948-f773616906be.tabs.0.elements.2.tip','null'),('entryTypes.5316a301-aa5b-40e9-8de9-8c3d231588f5.fieldLayouts.2ecc1734-bc85-460e-8948-f773616906be.tabs.0.elements.2.type','\"craft\\\\fieldlayoutelements\\\\CustomField\"'),('entryTypes.5316a301-aa5b-40e9-8de9-8c3d231588f5.fieldLayouts.2ecc1734-bc85-460e-8948-f773616906be.tabs.0.elements.2.uid','\"74e1ff99-33bd-4295-a14c-96dbb2799f4b\"'),('entryTypes.5316a301-aa5b-40e9-8de9-8c3d231588f5.fieldLayouts.2ecc1734-bc85-460e-8948-f773616906be.tabs.0.elements.2.userCondition','null'),('entryTypes.5316a301-aa5b-40e9-8de9-8c3d231588f5.fieldLayouts.2ecc1734-bc85-460e-8948-f773616906be.tabs.0.elements.2.warning','null'),('entryTypes.5316a301-aa5b-40e9-8de9-8c3d231588f5.fieldLayouts.2ecc1734-bc85-460e-8948-f773616906be.tabs.0.elements.2.width','100'),('entryTypes.5316a301-aa5b-40e9-8de9-8c3d231588f5.fieldLayouts.2ecc1734-bc85-460e-8948-f773616906be.tabs.0.name','\"Content\"'),('entryTypes.5316a301-aa5b-40e9-8de9-8c3d231588f5.fieldLayouts.2ecc1734-bc85-460e-8948-f773616906be.tabs.0.uid','\"ef8bcce3-e7e8-499f-8bc4-8a0882a6b760\"'),('entryTypes.5316a301-aa5b-40e9-8de9-8c3d231588f5.fieldLayouts.2ecc1734-bc85-460e-8948-f773616906be.tabs.0.userCondition','null'),('entryTypes.5316a301-aa5b-40e9-8de9-8c3d231588f5.handle','\"default\"'),('entryTypes.5316a301-aa5b-40e9-8de9-8c3d231588f5.hasTitleField','true'),('entryTypes.5316a301-aa5b-40e9-8de9-8c3d231588f5.name','\"Default\"'),('entryTypes.5316a301-aa5b-40e9-8de9-8c3d231588f5.section','\"8c24f15c-5660-4abe-aaba-7db600c93439\"'),('entryTypes.5316a301-aa5b-40e9-8de9-8c3d231588f5.sortOrder','1'),('entryTypes.5316a301-aa5b-40e9-8de9-8c3d231588f5.titleFormat','null'),('entryTypes.5316a301-aa5b-40e9-8de9-8c3d231588f5.titleTranslationKeyFormat','null'),('entryTypes.5316a301-aa5b-40e9-8de9-8c3d231588f5.titleTranslationMethod','\"site\"'),('entryTypes.57024b53-1884-466d-bcc3-a03585a8fa2a.fieldLayouts.c6031c1d-29a5-4d2d-98e4-9e2dc47b5b7c.tabs.0.elementCondition','null'),('entryTypes.57024b53-1884-466d-bcc3-a03585a8fa2a.fieldLayouts.c6031c1d-29a5-4d2d-98e4-9e2dc47b5b7c.tabs.0.elements.0.autocapitalize','true'),('entryTypes.57024b53-1884-466d-bcc3-a03585a8fa2a.fieldLayouts.c6031c1d-29a5-4d2d-98e4-9e2dc47b5b7c.tabs.0.elements.0.autocomplete','false'),('entryTypes.57024b53-1884-466d-bcc3-a03585a8fa2a.fieldLayouts.c6031c1d-29a5-4d2d-98e4-9e2dc47b5b7c.tabs.0.elements.0.autocorrect','true'),('entryTypes.57024b53-1884-466d-bcc3-a03585a8fa2a.fieldLayouts.c6031c1d-29a5-4d2d-98e4-9e2dc47b5b7c.tabs.0.elements.0.class','null'),('entryTypes.57024b53-1884-466d-bcc3-a03585a8fa2a.fieldLayouts.c6031c1d-29a5-4d2d-98e4-9e2dc47b5b7c.tabs.0.elements.0.disabled','false'),('entryTypes.57024b53-1884-466d-bcc3-a03585a8fa2a.fieldLayouts.c6031c1d-29a5-4d2d-98e4-9e2dc47b5b7c.tabs.0.elements.0.elementCondition','null'),('entryTypes.57024b53-1884-466d-bcc3-a03585a8fa2a.fieldLayouts.c6031c1d-29a5-4d2d-98e4-9e2dc47b5b7c.tabs.0.elements.0.id','null'),('entryTypes.57024b53-1884-466d-bcc3-a03585a8fa2a.fieldLayouts.c6031c1d-29a5-4d2d-98e4-9e2dc47b5b7c.tabs.0.elements.0.instructions','null'),('entryTypes.57024b53-1884-466d-bcc3-a03585a8fa2a.fieldLayouts.c6031c1d-29a5-4d2d-98e4-9e2dc47b5b7c.tabs.0.elements.0.label','null'),('entryTypes.57024b53-1884-466d-bcc3-a03585a8fa2a.fieldLayouts.c6031c1d-29a5-4d2d-98e4-9e2dc47b5b7c.tabs.0.elements.0.max','null'),('entryTypes.57024b53-1884-466d-bcc3-a03585a8fa2a.fieldLayouts.c6031c1d-29a5-4d2d-98e4-9e2dc47b5b7c.tabs.0.elements.0.min','null'),('entryTypes.57024b53-1884-466d-bcc3-a03585a8fa2a.fieldLayouts.c6031c1d-29a5-4d2d-98e4-9e2dc47b5b7c.tabs.0.elements.0.name','null'),('entryTypes.57024b53-1884-466d-bcc3-a03585a8fa2a.fieldLayouts.c6031c1d-29a5-4d2d-98e4-9e2dc47b5b7c.tabs.0.elements.0.orientation','null'),('entryTypes.57024b53-1884-466d-bcc3-a03585a8fa2a.fieldLayouts.c6031c1d-29a5-4d2d-98e4-9e2dc47b5b7c.tabs.0.elements.0.placeholder','null'),('entryTypes.57024b53-1884-466d-bcc3-a03585a8fa2a.fieldLayouts.c6031c1d-29a5-4d2d-98e4-9e2dc47b5b7c.tabs.0.elements.0.readonly','false'),('entryTypes.57024b53-1884-466d-bcc3-a03585a8fa2a.fieldLayouts.c6031c1d-29a5-4d2d-98e4-9e2dc47b5b7c.tabs.0.elements.0.requirable','false'),('entryTypes.57024b53-1884-466d-bcc3-a03585a8fa2a.fieldLayouts.c6031c1d-29a5-4d2d-98e4-9e2dc47b5b7c.tabs.0.elements.0.size','null'),('entryTypes.57024b53-1884-466d-bcc3-a03585a8fa2a.fieldLayouts.c6031c1d-29a5-4d2d-98e4-9e2dc47b5b7c.tabs.0.elements.0.step','null'),('entryTypes.57024b53-1884-466d-bcc3-a03585a8fa2a.fieldLayouts.c6031c1d-29a5-4d2d-98e4-9e2dc47b5b7c.tabs.0.elements.0.tip','null'),('entryTypes.57024b53-1884-466d-bcc3-a03585a8fa2a.fieldLayouts.c6031c1d-29a5-4d2d-98e4-9e2dc47b5b7c.tabs.0.elements.0.title','null'),('entryTypes.57024b53-1884-466d-bcc3-a03585a8fa2a.fieldLayouts.c6031c1d-29a5-4d2d-98e4-9e2dc47b5b7c.tabs.0.elements.0.type','\"craft\\\\fieldlayoutelements\\\\entries\\\\EntryTitleField\"'),('entryTypes.57024b53-1884-466d-bcc3-a03585a8fa2a.fieldLayouts.c6031c1d-29a5-4d2d-98e4-9e2dc47b5b7c.tabs.0.elements.0.uid','\"a6b80342-fde9-429f-9508-683ece0a28cc\"'),('entryTypes.57024b53-1884-466d-bcc3-a03585a8fa2a.fieldLayouts.c6031c1d-29a5-4d2d-98e4-9e2dc47b5b7c.tabs.0.elements.0.userCondition','null'),('entryTypes.57024b53-1884-466d-bcc3-a03585a8fa2a.fieldLayouts.c6031c1d-29a5-4d2d-98e4-9e2dc47b5b7c.tabs.0.elements.0.warning','null'),('entryTypes.57024b53-1884-466d-bcc3-a03585a8fa2a.fieldLayouts.c6031c1d-29a5-4d2d-98e4-9e2dc47b5b7c.tabs.0.elements.0.width','100'),('entryTypes.57024b53-1884-466d-bcc3-a03585a8fa2a.fieldLayouts.c6031c1d-29a5-4d2d-98e4-9e2dc47b5b7c.tabs.0.elements.1.elementCondition','null'),('entryTypes.57024b53-1884-466d-bcc3-a03585a8fa2a.fieldLayouts.c6031c1d-29a5-4d2d-98e4-9e2dc47b5b7c.tabs.0.elements.1.fieldUid','\"1868147e-f313-447c-8be6-69a4e7a80ccd\"'),('entryTypes.57024b53-1884-466d-bcc3-a03585a8fa2a.fieldLayouts.c6031c1d-29a5-4d2d-98e4-9e2dc47b5b7c.tabs.0.elements.1.instructions','null'),('entryTypes.57024b53-1884-466d-bcc3-a03585a8fa2a.fieldLayouts.c6031c1d-29a5-4d2d-98e4-9e2dc47b5b7c.tabs.0.elements.1.label','null'),('entryTypes.57024b53-1884-466d-bcc3-a03585a8fa2a.fieldLayouts.c6031c1d-29a5-4d2d-98e4-9e2dc47b5b7c.tabs.0.elements.1.required','true'),('entryTypes.57024b53-1884-466d-bcc3-a03585a8fa2a.fieldLayouts.c6031c1d-29a5-4d2d-98e4-9e2dc47b5b7c.tabs.0.elements.1.tip','null'),('entryTypes.57024b53-1884-466d-bcc3-a03585a8fa2a.fieldLayouts.c6031c1d-29a5-4d2d-98e4-9e2dc47b5b7c.tabs.0.elements.1.type','\"craft\\\\fieldlayoutelements\\\\CustomField\"'),('entryTypes.57024b53-1884-466d-bcc3-a03585a8fa2a.fieldLayouts.c6031c1d-29a5-4d2d-98e4-9e2dc47b5b7c.tabs.0.elements.1.uid','\"c8bb828f-21ea-4f87-a933-b71ea61af225\"'),('entryTypes.57024b53-1884-466d-bcc3-a03585a8fa2a.fieldLayouts.c6031c1d-29a5-4d2d-98e4-9e2dc47b5b7c.tabs.0.elements.1.userCondition','null'),('entryTypes.57024b53-1884-466d-bcc3-a03585a8fa2a.fieldLayouts.c6031c1d-29a5-4d2d-98e4-9e2dc47b5b7c.tabs.0.elements.1.warning','null'),('entryTypes.57024b53-1884-466d-bcc3-a03585a8fa2a.fieldLayouts.c6031c1d-29a5-4d2d-98e4-9e2dc47b5b7c.tabs.0.elements.1.width','100'),('entryTypes.57024b53-1884-466d-bcc3-a03585a8fa2a.fieldLayouts.c6031c1d-29a5-4d2d-98e4-9e2dc47b5b7c.tabs.0.name','\"Content\"'),('entryTypes.57024b53-1884-466d-bcc3-a03585a8fa2a.fieldLayouts.c6031c1d-29a5-4d2d-98e4-9e2dc47b5b7c.tabs.0.uid','\"b37c51ec-3bd9-4eb0-afe8-e64f25c8fbcf\"'),('entryTypes.57024b53-1884-466d-bcc3-a03585a8fa2a.fieldLayouts.c6031c1d-29a5-4d2d-98e4-9e2dc47b5b7c.tabs.0.userCondition','null'),('entryTypes.57024b53-1884-466d-bcc3-a03585a8fa2a.handle','\"awl\"'),('entryTypes.57024b53-1884-466d-bcc3-a03585a8fa2a.hasTitleField','false'),('entryTypes.57024b53-1884-466d-bcc3-a03585a8fa2a.name','\"Art without limits\"'),('entryTypes.57024b53-1884-466d-bcc3-a03585a8fa2a.section','\"49d5453f-c9a2-40d6-a1f4-3f5cabd9ab6b\"'),('entryTypes.57024b53-1884-466d-bcc3-a03585a8fa2a.sortOrder','1'),('entryTypes.57024b53-1884-466d-bcc3-a03585a8fa2a.titleFormat','\"{section.name|raw}\"'),('entryTypes.57024b53-1884-466d-bcc3-a03585a8fa2a.titleTranslationKeyFormat','null'),('entryTypes.57024b53-1884-466d-bcc3-a03585a8fa2a.titleTranslationMethod','\"site\"'),('entryTypes.94e17ac6-cf84-42d6-8248-21554c38f659.fieldLayouts.9f4d0442-0fef-4af8-8544-088a51a48665.tabs.0.elementCondition','null'),('entryTypes.94e17ac6-cf84-42d6-8248-21554c38f659.fieldLayouts.9f4d0442-0fef-4af8-8544-088a51a48665.tabs.0.elements.0.autocapitalize','true'),('entryTypes.94e17ac6-cf84-42d6-8248-21554c38f659.fieldLayouts.9f4d0442-0fef-4af8-8544-088a51a48665.tabs.0.elements.0.autocomplete','false'),('entryTypes.94e17ac6-cf84-42d6-8248-21554c38f659.fieldLayouts.9f4d0442-0fef-4af8-8544-088a51a48665.tabs.0.elements.0.autocorrect','true'),('entryTypes.94e17ac6-cf84-42d6-8248-21554c38f659.fieldLayouts.9f4d0442-0fef-4af8-8544-088a51a48665.tabs.0.elements.0.class','null'),('entryTypes.94e17ac6-cf84-42d6-8248-21554c38f659.fieldLayouts.9f4d0442-0fef-4af8-8544-088a51a48665.tabs.0.elements.0.disabled','false'),('entryTypes.94e17ac6-cf84-42d6-8248-21554c38f659.fieldLayouts.9f4d0442-0fef-4af8-8544-088a51a48665.tabs.0.elements.0.elementCondition','null'),('entryTypes.94e17ac6-cf84-42d6-8248-21554c38f659.fieldLayouts.9f4d0442-0fef-4af8-8544-088a51a48665.tabs.0.elements.0.id','null'),('entryTypes.94e17ac6-cf84-42d6-8248-21554c38f659.fieldLayouts.9f4d0442-0fef-4af8-8544-088a51a48665.tabs.0.elements.0.instructions','null'),('entryTypes.94e17ac6-cf84-42d6-8248-21554c38f659.fieldLayouts.9f4d0442-0fef-4af8-8544-088a51a48665.tabs.0.elements.0.label','null'),('entryTypes.94e17ac6-cf84-42d6-8248-21554c38f659.fieldLayouts.9f4d0442-0fef-4af8-8544-088a51a48665.tabs.0.elements.0.max','null'),('entryTypes.94e17ac6-cf84-42d6-8248-21554c38f659.fieldLayouts.9f4d0442-0fef-4af8-8544-088a51a48665.tabs.0.elements.0.min','null'),('entryTypes.94e17ac6-cf84-42d6-8248-21554c38f659.fieldLayouts.9f4d0442-0fef-4af8-8544-088a51a48665.tabs.0.elements.0.name','null'),('entryTypes.94e17ac6-cf84-42d6-8248-21554c38f659.fieldLayouts.9f4d0442-0fef-4af8-8544-088a51a48665.tabs.0.elements.0.orientation','null'),('entryTypes.94e17ac6-cf84-42d6-8248-21554c38f659.fieldLayouts.9f4d0442-0fef-4af8-8544-088a51a48665.tabs.0.elements.0.placeholder','null'),('entryTypes.94e17ac6-cf84-42d6-8248-21554c38f659.fieldLayouts.9f4d0442-0fef-4af8-8544-088a51a48665.tabs.0.elements.0.readonly','false'),('entryTypes.94e17ac6-cf84-42d6-8248-21554c38f659.fieldLayouts.9f4d0442-0fef-4af8-8544-088a51a48665.tabs.0.elements.0.requirable','false'),('entryTypes.94e17ac6-cf84-42d6-8248-21554c38f659.fieldLayouts.9f4d0442-0fef-4af8-8544-088a51a48665.tabs.0.elements.0.size','null'),('entryTypes.94e17ac6-cf84-42d6-8248-21554c38f659.fieldLayouts.9f4d0442-0fef-4af8-8544-088a51a48665.tabs.0.elements.0.step','null'),('entryTypes.94e17ac6-cf84-42d6-8248-21554c38f659.fieldLayouts.9f4d0442-0fef-4af8-8544-088a51a48665.tabs.0.elements.0.tip','null'),('entryTypes.94e17ac6-cf84-42d6-8248-21554c38f659.fieldLayouts.9f4d0442-0fef-4af8-8544-088a51a48665.tabs.0.elements.0.title','null'),('entryTypes.94e17ac6-cf84-42d6-8248-21554c38f659.fieldLayouts.9f4d0442-0fef-4af8-8544-088a51a48665.tabs.0.elements.0.type','\"craft\\\\fieldlayoutelements\\\\entries\\\\EntryTitleField\"'),('entryTypes.94e17ac6-cf84-42d6-8248-21554c38f659.fieldLayouts.9f4d0442-0fef-4af8-8544-088a51a48665.tabs.0.elements.0.uid','\"9b901083-6202-4fb7-bf93-b8ce44cfb33a\"'),('entryTypes.94e17ac6-cf84-42d6-8248-21554c38f659.fieldLayouts.9f4d0442-0fef-4af8-8544-088a51a48665.tabs.0.elements.0.userCondition','null'),('entryTypes.94e17ac6-cf84-42d6-8248-21554c38f659.fieldLayouts.9f4d0442-0fef-4af8-8544-088a51a48665.tabs.0.elements.0.warning','null'),('entryTypes.94e17ac6-cf84-42d6-8248-21554c38f659.fieldLayouts.9f4d0442-0fef-4af8-8544-088a51a48665.tabs.0.elements.0.width','100'),('entryTypes.94e17ac6-cf84-42d6-8248-21554c38f659.fieldLayouts.9f4d0442-0fef-4af8-8544-088a51a48665.tabs.0.elements.1.elementCondition','null'),('entryTypes.94e17ac6-cf84-42d6-8248-21554c38f659.fieldLayouts.9f4d0442-0fef-4af8-8544-088a51a48665.tabs.0.elements.1.fieldUid','\"48393cf9-22b5-4bfc-b259-819898c33869\"'),('entryTypes.94e17ac6-cf84-42d6-8248-21554c38f659.fieldLayouts.9f4d0442-0fef-4af8-8544-088a51a48665.tabs.0.elements.1.instructions','null'),('entryTypes.94e17ac6-cf84-42d6-8248-21554c38f659.fieldLayouts.9f4d0442-0fef-4af8-8544-088a51a48665.tabs.0.elements.1.label','null'),('entryTypes.94e17ac6-cf84-42d6-8248-21554c38f659.fieldLayouts.9f4d0442-0fef-4af8-8544-088a51a48665.tabs.0.elements.1.required','false'),('entryTypes.94e17ac6-cf84-42d6-8248-21554c38f659.fieldLayouts.9f4d0442-0fef-4af8-8544-088a51a48665.tabs.0.elements.1.tip','null'),('entryTypes.94e17ac6-cf84-42d6-8248-21554c38f659.fieldLayouts.9f4d0442-0fef-4af8-8544-088a51a48665.tabs.0.elements.1.type','\"craft\\\\fieldlayoutelements\\\\CustomField\"'),('entryTypes.94e17ac6-cf84-42d6-8248-21554c38f659.fieldLayouts.9f4d0442-0fef-4af8-8544-088a51a48665.tabs.0.elements.1.uid','\"0d2f4f00-fea0-4e28-9344-9b8ef51ee29b\"'),('entryTypes.94e17ac6-cf84-42d6-8248-21554c38f659.fieldLayouts.9f4d0442-0fef-4af8-8544-088a51a48665.tabs.0.elements.1.userCondition','null'),('entryTypes.94e17ac6-cf84-42d6-8248-21554c38f659.fieldLayouts.9f4d0442-0fef-4af8-8544-088a51a48665.tabs.0.elements.1.warning','null'),('entryTypes.94e17ac6-cf84-42d6-8248-21554c38f659.fieldLayouts.9f4d0442-0fef-4af8-8544-088a51a48665.tabs.0.elements.1.width','100'),('entryTypes.94e17ac6-cf84-42d6-8248-21554c38f659.fieldLayouts.9f4d0442-0fef-4af8-8544-088a51a48665.tabs.0.elements.2.elementCondition','null'),('entryTypes.94e17ac6-cf84-42d6-8248-21554c38f659.fieldLayouts.9f4d0442-0fef-4af8-8544-088a51a48665.tabs.0.elements.2.fieldUid','\"14b41792-c7a9-4fcc-b070-d20d17d95c48\"'),('entryTypes.94e17ac6-cf84-42d6-8248-21554c38f659.fieldLayouts.9f4d0442-0fef-4af8-8544-088a51a48665.tabs.0.elements.2.instructions','null'),('entryTypes.94e17ac6-cf84-42d6-8248-21554c38f659.fieldLayouts.9f4d0442-0fef-4af8-8544-088a51a48665.tabs.0.elements.2.label','null'),('entryTypes.94e17ac6-cf84-42d6-8248-21554c38f659.fieldLayouts.9f4d0442-0fef-4af8-8544-088a51a48665.tabs.0.elements.2.required','true'),('entryTypes.94e17ac6-cf84-42d6-8248-21554c38f659.fieldLayouts.9f4d0442-0fef-4af8-8544-088a51a48665.tabs.0.elements.2.tip','null'),('entryTypes.94e17ac6-cf84-42d6-8248-21554c38f659.fieldLayouts.9f4d0442-0fef-4af8-8544-088a51a48665.tabs.0.elements.2.type','\"craft\\\\fieldlayoutelements\\\\CustomField\"'),('entryTypes.94e17ac6-cf84-42d6-8248-21554c38f659.fieldLayouts.9f4d0442-0fef-4af8-8544-088a51a48665.tabs.0.elements.2.uid','\"346df999-c747-460f-afe7-8a1ee3242b9f\"'),('entryTypes.94e17ac6-cf84-42d6-8248-21554c38f659.fieldLayouts.9f4d0442-0fef-4af8-8544-088a51a48665.tabs.0.elements.2.userCondition','null'),('entryTypes.94e17ac6-cf84-42d6-8248-21554c38f659.fieldLayouts.9f4d0442-0fef-4af8-8544-088a51a48665.tabs.0.elements.2.warning','null'),('entryTypes.94e17ac6-cf84-42d6-8248-21554c38f659.fieldLayouts.9f4d0442-0fef-4af8-8544-088a51a48665.tabs.0.elements.2.width','100'),('entryTypes.94e17ac6-cf84-42d6-8248-21554c38f659.fieldLayouts.9f4d0442-0fef-4af8-8544-088a51a48665.tabs.0.elements.3.elementCondition','null'),('entryTypes.94e17ac6-cf84-42d6-8248-21554c38f659.fieldLayouts.9f4d0442-0fef-4af8-8544-088a51a48665.tabs.0.elements.3.fieldUid','\"1868147e-f313-447c-8be6-69a4e7a80ccd\"'),('entryTypes.94e17ac6-cf84-42d6-8248-21554c38f659.fieldLayouts.9f4d0442-0fef-4af8-8544-088a51a48665.tabs.0.elements.3.instructions','null'),('entryTypes.94e17ac6-cf84-42d6-8248-21554c38f659.fieldLayouts.9f4d0442-0fef-4af8-8544-088a51a48665.tabs.0.elements.3.label','null'),('entryTypes.94e17ac6-cf84-42d6-8248-21554c38f659.fieldLayouts.9f4d0442-0fef-4af8-8544-088a51a48665.tabs.0.elements.3.required','true'),('entryTypes.94e17ac6-cf84-42d6-8248-21554c38f659.fieldLayouts.9f4d0442-0fef-4af8-8544-088a51a48665.tabs.0.elements.3.tip','null'),('entryTypes.94e17ac6-cf84-42d6-8248-21554c38f659.fieldLayouts.9f4d0442-0fef-4af8-8544-088a51a48665.tabs.0.elements.3.type','\"craft\\\\fieldlayoutelements\\\\CustomField\"'),('entryTypes.94e17ac6-cf84-42d6-8248-21554c38f659.fieldLayouts.9f4d0442-0fef-4af8-8544-088a51a48665.tabs.0.elements.3.uid','\"64ad988b-2db8-4991-ae48-f4f6b10a70d9\"'),('entryTypes.94e17ac6-cf84-42d6-8248-21554c38f659.fieldLayouts.9f4d0442-0fef-4af8-8544-088a51a48665.tabs.0.elements.3.userCondition','null'),('entryTypes.94e17ac6-cf84-42d6-8248-21554c38f659.fieldLayouts.9f4d0442-0fef-4af8-8544-088a51a48665.tabs.0.elements.3.warning','null'),('entryTypes.94e17ac6-cf84-42d6-8248-21554c38f659.fieldLayouts.9f4d0442-0fef-4af8-8544-088a51a48665.tabs.0.elements.3.width','100'),('entryTypes.94e17ac6-cf84-42d6-8248-21554c38f659.fieldLayouts.9f4d0442-0fef-4af8-8544-088a51a48665.tabs.0.name','\"Content\"'),('entryTypes.94e17ac6-cf84-42d6-8248-21554c38f659.fieldLayouts.9f4d0442-0fef-4af8-8544-088a51a48665.tabs.0.uid','\"a9cdbf8e-d3ed-428e-897b-50e754782080\"'),('entryTypes.94e17ac6-cf84-42d6-8248-21554c38f659.fieldLayouts.9f4d0442-0fef-4af8-8544-088a51a48665.tabs.0.userCondition','null'),('entryTypes.94e17ac6-cf84-42d6-8248-21554c38f659.handle','\"default\"'),('entryTypes.94e17ac6-cf84-42d6-8248-21554c38f659.hasTitleField','true'),('entryTypes.94e17ac6-cf84-42d6-8248-21554c38f659.name','\"Default\"'),('entryTypes.94e17ac6-cf84-42d6-8248-21554c38f659.section','\"14fdd4f9-8efa-480c-9490-91c9b6aea1e9\"'),('entryTypes.94e17ac6-cf84-42d6-8248-21554c38f659.sortOrder','1'),('entryTypes.94e17ac6-cf84-42d6-8248-21554c38f659.titleFormat','null'),('entryTypes.94e17ac6-cf84-42d6-8248-21554c38f659.titleTranslationKeyFormat','null'),('entryTypes.94e17ac6-cf84-42d6-8248-21554c38f659.titleTranslationMethod','\"site\"'),('entryTypes.9e750a1d-7f6d-43ef-afcb-027ca0ba99a3.fieldLayouts.9bf72375-8b58-4829-b583-de1ff05224be.tabs.0.elementCondition','null'),('entryTypes.9e750a1d-7f6d-43ef-afcb-027ca0ba99a3.fieldLayouts.9bf72375-8b58-4829-b583-de1ff05224be.tabs.0.elements.0.autocapitalize','true'),('entryTypes.9e750a1d-7f6d-43ef-afcb-027ca0ba99a3.fieldLayouts.9bf72375-8b58-4829-b583-de1ff05224be.tabs.0.elements.0.autocomplete','false'),('entryTypes.9e750a1d-7f6d-43ef-afcb-027ca0ba99a3.fieldLayouts.9bf72375-8b58-4829-b583-de1ff05224be.tabs.0.elements.0.autocorrect','true'),('entryTypes.9e750a1d-7f6d-43ef-afcb-027ca0ba99a3.fieldLayouts.9bf72375-8b58-4829-b583-de1ff05224be.tabs.0.elements.0.class','null'),('entryTypes.9e750a1d-7f6d-43ef-afcb-027ca0ba99a3.fieldLayouts.9bf72375-8b58-4829-b583-de1ff05224be.tabs.0.elements.0.disabled','false'),('entryTypes.9e750a1d-7f6d-43ef-afcb-027ca0ba99a3.fieldLayouts.9bf72375-8b58-4829-b583-de1ff05224be.tabs.0.elements.0.elementCondition','null'),('entryTypes.9e750a1d-7f6d-43ef-afcb-027ca0ba99a3.fieldLayouts.9bf72375-8b58-4829-b583-de1ff05224be.tabs.0.elements.0.id','null'),('entryTypes.9e750a1d-7f6d-43ef-afcb-027ca0ba99a3.fieldLayouts.9bf72375-8b58-4829-b583-de1ff05224be.tabs.0.elements.0.instructions','null'),('entryTypes.9e750a1d-7f6d-43ef-afcb-027ca0ba99a3.fieldLayouts.9bf72375-8b58-4829-b583-de1ff05224be.tabs.0.elements.0.label','null'),('entryTypes.9e750a1d-7f6d-43ef-afcb-027ca0ba99a3.fieldLayouts.9bf72375-8b58-4829-b583-de1ff05224be.tabs.0.elements.0.max','null'),('entryTypes.9e750a1d-7f6d-43ef-afcb-027ca0ba99a3.fieldLayouts.9bf72375-8b58-4829-b583-de1ff05224be.tabs.0.elements.0.min','null'),('entryTypes.9e750a1d-7f6d-43ef-afcb-027ca0ba99a3.fieldLayouts.9bf72375-8b58-4829-b583-de1ff05224be.tabs.0.elements.0.name','null'),('entryTypes.9e750a1d-7f6d-43ef-afcb-027ca0ba99a3.fieldLayouts.9bf72375-8b58-4829-b583-de1ff05224be.tabs.0.elements.0.orientation','null'),('entryTypes.9e750a1d-7f6d-43ef-afcb-027ca0ba99a3.fieldLayouts.9bf72375-8b58-4829-b583-de1ff05224be.tabs.0.elements.0.placeholder','null'),('entryTypes.9e750a1d-7f6d-43ef-afcb-027ca0ba99a3.fieldLayouts.9bf72375-8b58-4829-b583-de1ff05224be.tabs.0.elements.0.readonly','false'),('entryTypes.9e750a1d-7f6d-43ef-afcb-027ca0ba99a3.fieldLayouts.9bf72375-8b58-4829-b583-de1ff05224be.tabs.0.elements.0.requirable','false'),('entryTypes.9e750a1d-7f6d-43ef-afcb-027ca0ba99a3.fieldLayouts.9bf72375-8b58-4829-b583-de1ff05224be.tabs.0.elements.0.size','null'),('entryTypes.9e750a1d-7f6d-43ef-afcb-027ca0ba99a3.fieldLayouts.9bf72375-8b58-4829-b583-de1ff05224be.tabs.0.elements.0.step','null'),('entryTypes.9e750a1d-7f6d-43ef-afcb-027ca0ba99a3.fieldLayouts.9bf72375-8b58-4829-b583-de1ff05224be.tabs.0.elements.0.tip','null'),('entryTypes.9e750a1d-7f6d-43ef-afcb-027ca0ba99a3.fieldLayouts.9bf72375-8b58-4829-b583-de1ff05224be.tabs.0.elements.0.title','null'),('entryTypes.9e750a1d-7f6d-43ef-afcb-027ca0ba99a3.fieldLayouts.9bf72375-8b58-4829-b583-de1ff05224be.tabs.0.elements.0.type','\"craft\\\\fieldlayoutelements\\\\entries\\\\EntryTitleField\"'),('entryTypes.9e750a1d-7f6d-43ef-afcb-027ca0ba99a3.fieldLayouts.9bf72375-8b58-4829-b583-de1ff05224be.tabs.0.elements.0.uid','\"1ae0ab41-514e-4aca-96c0-5148646e7ef7\"'),('entryTypes.9e750a1d-7f6d-43ef-afcb-027ca0ba99a3.fieldLayouts.9bf72375-8b58-4829-b583-de1ff05224be.tabs.0.elements.0.userCondition','null'),('entryTypes.9e750a1d-7f6d-43ef-afcb-027ca0ba99a3.fieldLayouts.9bf72375-8b58-4829-b583-de1ff05224be.tabs.0.elements.0.warning','null'),('entryTypes.9e750a1d-7f6d-43ef-afcb-027ca0ba99a3.fieldLayouts.9bf72375-8b58-4829-b583-de1ff05224be.tabs.0.elements.0.width','100'),('entryTypes.9e750a1d-7f6d-43ef-afcb-027ca0ba99a3.fieldLayouts.9bf72375-8b58-4829-b583-de1ff05224be.tabs.0.elements.1.elementCondition','null'),('entryTypes.9e750a1d-7f6d-43ef-afcb-027ca0ba99a3.fieldLayouts.9bf72375-8b58-4829-b583-de1ff05224be.tabs.0.elements.1.fieldUid','\"8b231235-90bc-4b16-90b1-2a0dd8356a07\"'),('entryTypes.9e750a1d-7f6d-43ef-afcb-027ca0ba99a3.fieldLayouts.9bf72375-8b58-4829-b583-de1ff05224be.tabs.0.elements.1.instructions','null'),('entryTypes.9e750a1d-7f6d-43ef-afcb-027ca0ba99a3.fieldLayouts.9bf72375-8b58-4829-b583-de1ff05224be.tabs.0.elements.1.label','null'),('entryTypes.9e750a1d-7f6d-43ef-afcb-027ca0ba99a3.fieldLayouts.9bf72375-8b58-4829-b583-de1ff05224be.tabs.0.elements.1.required','true'),('entryTypes.9e750a1d-7f6d-43ef-afcb-027ca0ba99a3.fieldLayouts.9bf72375-8b58-4829-b583-de1ff05224be.tabs.0.elements.1.tip','null'),('entryTypes.9e750a1d-7f6d-43ef-afcb-027ca0ba99a3.fieldLayouts.9bf72375-8b58-4829-b583-de1ff05224be.tabs.0.elements.1.type','\"craft\\\\fieldlayoutelements\\\\CustomField\"'),('entryTypes.9e750a1d-7f6d-43ef-afcb-027ca0ba99a3.fieldLayouts.9bf72375-8b58-4829-b583-de1ff05224be.tabs.0.elements.1.uid','\"8c4ec53c-d8be-42b9-8665-cecdb4265a58\"'),('entryTypes.9e750a1d-7f6d-43ef-afcb-027ca0ba99a3.fieldLayouts.9bf72375-8b58-4829-b583-de1ff05224be.tabs.0.elements.1.userCondition','null'),('entryTypes.9e750a1d-7f6d-43ef-afcb-027ca0ba99a3.fieldLayouts.9bf72375-8b58-4829-b583-de1ff05224be.tabs.0.elements.1.warning','null'),('entryTypes.9e750a1d-7f6d-43ef-afcb-027ca0ba99a3.fieldLayouts.9bf72375-8b58-4829-b583-de1ff05224be.tabs.0.elements.1.width','100'),('entryTypes.9e750a1d-7f6d-43ef-afcb-027ca0ba99a3.fieldLayouts.9bf72375-8b58-4829-b583-de1ff05224be.tabs.0.name','\"Content\"'),('entryTypes.9e750a1d-7f6d-43ef-afcb-027ca0ba99a3.fieldLayouts.9bf72375-8b58-4829-b583-de1ff05224be.tabs.0.uid','\"ebef82ac-6f10-49db-957b-c8933a7d33b7\"'),('entryTypes.9e750a1d-7f6d-43ef-afcb-027ca0ba99a3.fieldLayouts.9bf72375-8b58-4829-b583-de1ff05224be.tabs.0.userCondition','null'),('entryTypes.9e750a1d-7f6d-43ef-afcb-027ca0ba99a3.handle','\"default\"'),('entryTypes.9e750a1d-7f6d-43ef-afcb-027ca0ba99a3.hasTitleField','true'),('entryTypes.9e750a1d-7f6d-43ef-afcb-027ca0ba99a3.name','\"Default\"'),('entryTypes.9e750a1d-7f6d-43ef-afcb-027ca0ba99a3.section','\"bb9bbfd9-b5e6-4fa7-b701-d5fc62eaf6b8\"'),('entryTypes.9e750a1d-7f6d-43ef-afcb-027ca0ba99a3.sortOrder','1'),('entryTypes.9e750a1d-7f6d-43ef-afcb-027ca0ba99a3.titleFormat','null'),('entryTypes.9e750a1d-7f6d-43ef-afcb-027ca0ba99a3.titleTranslationKeyFormat','null'),('entryTypes.9e750a1d-7f6d-43ef-afcb-027ca0ba99a3.titleTranslationMethod','\"site\"'),('entryTypes.cf9ace41-012b-433e-a521-ff5c363aae61.fieldLayouts.e28cfa20-33df-4647-9fc8-9ac919e4fecc.tabs.0.elementCondition','null'),('entryTypes.cf9ace41-012b-433e-a521-ff5c363aae61.fieldLayouts.e28cfa20-33df-4647-9fc8-9ac919e4fecc.tabs.0.elements.0.autocapitalize','true'),('entryTypes.cf9ace41-012b-433e-a521-ff5c363aae61.fieldLayouts.e28cfa20-33df-4647-9fc8-9ac919e4fecc.tabs.0.elements.0.autocomplete','false'),('entryTypes.cf9ace41-012b-433e-a521-ff5c363aae61.fieldLayouts.e28cfa20-33df-4647-9fc8-9ac919e4fecc.tabs.0.elements.0.autocorrect','true'),('entryTypes.cf9ace41-012b-433e-a521-ff5c363aae61.fieldLayouts.e28cfa20-33df-4647-9fc8-9ac919e4fecc.tabs.0.elements.0.class','null'),('entryTypes.cf9ace41-012b-433e-a521-ff5c363aae61.fieldLayouts.e28cfa20-33df-4647-9fc8-9ac919e4fecc.tabs.0.elements.0.disabled','false'),('entryTypes.cf9ace41-012b-433e-a521-ff5c363aae61.fieldLayouts.e28cfa20-33df-4647-9fc8-9ac919e4fecc.tabs.0.elements.0.elementCondition','null'),('entryTypes.cf9ace41-012b-433e-a521-ff5c363aae61.fieldLayouts.e28cfa20-33df-4647-9fc8-9ac919e4fecc.tabs.0.elements.0.id','null'),('entryTypes.cf9ace41-012b-433e-a521-ff5c363aae61.fieldLayouts.e28cfa20-33df-4647-9fc8-9ac919e4fecc.tabs.0.elements.0.instructions','null'),('entryTypes.cf9ace41-012b-433e-a521-ff5c363aae61.fieldLayouts.e28cfa20-33df-4647-9fc8-9ac919e4fecc.tabs.0.elements.0.label','null'),('entryTypes.cf9ace41-012b-433e-a521-ff5c363aae61.fieldLayouts.e28cfa20-33df-4647-9fc8-9ac919e4fecc.tabs.0.elements.0.max','null'),('entryTypes.cf9ace41-012b-433e-a521-ff5c363aae61.fieldLayouts.e28cfa20-33df-4647-9fc8-9ac919e4fecc.tabs.0.elements.0.min','null'),('entryTypes.cf9ace41-012b-433e-a521-ff5c363aae61.fieldLayouts.e28cfa20-33df-4647-9fc8-9ac919e4fecc.tabs.0.elements.0.name','null'),('entryTypes.cf9ace41-012b-433e-a521-ff5c363aae61.fieldLayouts.e28cfa20-33df-4647-9fc8-9ac919e4fecc.tabs.0.elements.0.orientation','null'),('entryTypes.cf9ace41-012b-433e-a521-ff5c363aae61.fieldLayouts.e28cfa20-33df-4647-9fc8-9ac919e4fecc.tabs.0.elements.0.placeholder','null'),('entryTypes.cf9ace41-012b-433e-a521-ff5c363aae61.fieldLayouts.e28cfa20-33df-4647-9fc8-9ac919e4fecc.tabs.0.elements.0.readonly','false'),('entryTypes.cf9ace41-012b-433e-a521-ff5c363aae61.fieldLayouts.e28cfa20-33df-4647-9fc8-9ac919e4fecc.tabs.0.elements.0.requirable','false'),('entryTypes.cf9ace41-012b-433e-a521-ff5c363aae61.fieldLayouts.e28cfa20-33df-4647-9fc8-9ac919e4fecc.tabs.0.elements.0.size','null'),('entryTypes.cf9ace41-012b-433e-a521-ff5c363aae61.fieldLayouts.e28cfa20-33df-4647-9fc8-9ac919e4fecc.tabs.0.elements.0.step','null'),('entryTypes.cf9ace41-012b-433e-a521-ff5c363aae61.fieldLayouts.e28cfa20-33df-4647-9fc8-9ac919e4fecc.tabs.0.elements.0.tip','null'),('entryTypes.cf9ace41-012b-433e-a521-ff5c363aae61.fieldLayouts.e28cfa20-33df-4647-9fc8-9ac919e4fecc.tabs.0.elements.0.title','null'),('entryTypes.cf9ace41-012b-433e-a521-ff5c363aae61.fieldLayouts.e28cfa20-33df-4647-9fc8-9ac919e4fecc.tabs.0.elements.0.type','\"craft\\\\fieldlayoutelements\\\\entries\\\\EntryTitleField\"'),('entryTypes.cf9ace41-012b-433e-a521-ff5c363aae61.fieldLayouts.e28cfa20-33df-4647-9fc8-9ac919e4fecc.tabs.0.elements.0.uid','\"18407a30-9214-45d1-b161-98703dcd7729\"'),('entryTypes.cf9ace41-012b-433e-a521-ff5c363aae61.fieldLayouts.e28cfa20-33df-4647-9fc8-9ac919e4fecc.tabs.0.elements.0.userCondition','null'),('entryTypes.cf9ace41-012b-433e-a521-ff5c363aae61.fieldLayouts.e28cfa20-33df-4647-9fc8-9ac919e4fecc.tabs.0.elements.0.warning','null'),('entryTypes.cf9ace41-012b-433e-a521-ff5c363aae61.fieldLayouts.e28cfa20-33df-4647-9fc8-9ac919e4fecc.tabs.0.elements.0.width','100'),('entryTypes.cf9ace41-012b-433e-a521-ff5c363aae61.fieldLayouts.e28cfa20-33df-4647-9fc8-9ac919e4fecc.tabs.0.elements.1.elementCondition','null'),('entryTypes.cf9ace41-012b-433e-a521-ff5c363aae61.fieldLayouts.e28cfa20-33df-4647-9fc8-9ac919e4fecc.tabs.0.elements.1.fieldUid','\"6eedab0e-b28e-4d40-89a4-d6448cf48d36\"'),('entryTypes.cf9ace41-012b-433e-a521-ff5c363aae61.fieldLayouts.e28cfa20-33df-4647-9fc8-9ac919e4fecc.tabs.0.elements.1.instructions','null'),('entryTypes.cf9ace41-012b-433e-a521-ff5c363aae61.fieldLayouts.e28cfa20-33df-4647-9fc8-9ac919e4fecc.tabs.0.elements.1.label','null'),('entryTypes.cf9ace41-012b-433e-a521-ff5c363aae61.fieldLayouts.e28cfa20-33df-4647-9fc8-9ac919e4fecc.tabs.0.elements.1.required','true'),('entryTypes.cf9ace41-012b-433e-a521-ff5c363aae61.fieldLayouts.e28cfa20-33df-4647-9fc8-9ac919e4fecc.tabs.0.elements.1.tip','null'),('entryTypes.cf9ace41-012b-433e-a521-ff5c363aae61.fieldLayouts.e28cfa20-33df-4647-9fc8-9ac919e4fecc.tabs.0.elements.1.type','\"craft\\\\fieldlayoutelements\\\\CustomField\"'),('entryTypes.cf9ace41-012b-433e-a521-ff5c363aae61.fieldLayouts.e28cfa20-33df-4647-9fc8-9ac919e4fecc.tabs.0.elements.1.uid','\"49e4cc61-89a3-43cb-a4f8-3f8d3497f71f\"'),('entryTypes.cf9ace41-012b-433e-a521-ff5c363aae61.fieldLayouts.e28cfa20-33df-4647-9fc8-9ac919e4fecc.tabs.0.elements.1.userCondition','null'),('entryTypes.cf9ace41-012b-433e-a521-ff5c363aae61.fieldLayouts.e28cfa20-33df-4647-9fc8-9ac919e4fecc.tabs.0.elements.1.warning','null'),('entryTypes.cf9ace41-012b-433e-a521-ff5c363aae61.fieldLayouts.e28cfa20-33df-4647-9fc8-9ac919e4fecc.tabs.0.elements.1.width','50'),('entryTypes.cf9ace41-012b-433e-a521-ff5c363aae61.fieldLayouts.e28cfa20-33df-4647-9fc8-9ac919e4fecc.tabs.0.elements.2.elementCondition','null'),('entryTypes.cf9ace41-012b-433e-a521-ff5c363aae61.fieldLayouts.e28cfa20-33df-4647-9fc8-9ac919e4fecc.tabs.0.elements.2.fieldUid','\"86ce2c00-1019-4f85-a1d3-f8b4e861af74\"'),('entryTypes.cf9ace41-012b-433e-a521-ff5c363aae61.fieldLayouts.e28cfa20-33df-4647-9fc8-9ac919e4fecc.tabs.0.elements.2.instructions','null'),('entryTypes.cf9ace41-012b-433e-a521-ff5c363aae61.fieldLayouts.e28cfa20-33df-4647-9fc8-9ac919e4fecc.tabs.0.elements.2.label','null'),('entryTypes.cf9ace41-012b-433e-a521-ff5c363aae61.fieldLayouts.e28cfa20-33df-4647-9fc8-9ac919e4fecc.tabs.0.elements.2.required','true'),('entryTypes.cf9ace41-012b-433e-a521-ff5c363aae61.fieldLayouts.e28cfa20-33df-4647-9fc8-9ac919e4fecc.tabs.0.elements.2.tip','null'),('entryTypes.cf9ace41-012b-433e-a521-ff5c363aae61.fieldLayouts.e28cfa20-33df-4647-9fc8-9ac919e4fecc.tabs.0.elements.2.type','\"craft\\\\fieldlayoutelements\\\\CustomField\"'),('entryTypes.cf9ace41-012b-433e-a521-ff5c363aae61.fieldLayouts.e28cfa20-33df-4647-9fc8-9ac919e4fecc.tabs.0.elements.2.uid','\"681d02e2-db68-41aa-b6c0-3bff63e41870\"'),('entryTypes.cf9ace41-012b-433e-a521-ff5c363aae61.fieldLayouts.e28cfa20-33df-4647-9fc8-9ac919e4fecc.tabs.0.elements.2.userCondition','null'),('entryTypes.cf9ace41-012b-433e-a521-ff5c363aae61.fieldLayouts.e28cfa20-33df-4647-9fc8-9ac919e4fecc.tabs.0.elements.2.warning','null'),('entryTypes.cf9ace41-012b-433e-a521-ff5c363aae61.fieldLayouts.e28cfa20-33df-4647-9fc8-9ac919e4fecc.tabs.0.elements.2.width','50'),('entryTypes.cf9ace41-012b-433e-a521-ff5c363aae61.fieldLayouts.e28cfa20-33df-4647-9fc8-9ac919e4fecc.tabs.0.name','\"Content\"'),('entryTypes.cf9ace41-012b-433e-a521-ff5c363aae61.fieldLayouts.e28cfa20-33df-4647-9fc8-9ac919e4fecc.tabs.0.uid','\"cd9d5322-2851-4833-b0d5-794bb06c9749\"'),('entryTypes.cf9ace41-012b-433e-a521-ff5c363aae61.fieldLayouts.e28cfa20-33df-4647-9fc8-9ac919e4fecc.tabs.0.userCondition','null'),('entryTypes.cf9ace41-012b-433e-a521-ff5c363aae61.handle','\"default\"'),('entryTypes.cf9ace41-012b-433e-a521-ff5c363aae61.hasTitleField','true'),('entryTypes.cf9ace41-012b-433e-a521-ff5c363aae61.name','\"Default\"'),('entryTypes.cf9ace41-012b-433e-a521-ff5c363aae61.section','\"49d2ed2c-2cb6-4943-a958-e0d01091ddad\"'),('entryTypes.cf9ace41-012b-433e-a521-ff5c363aae61.sortOrder','1'),('entryTypes.cf9ace41-012b-433e-a521-ff5c363aae61.titleFormat','null'),('entryTypes.cf9ace41-012b-433e-a521-ff5c363aae61.titleTranslationKeyFormat','null'),('entryTypes.cf9ace41-012b-433e-a521-ff5c363aae61.titleTranslationMethod','\"site\"'),('fieldGroups.c858b8c0-ecdb-4728-b143-07da244e0621.name','\"Common\"'),('fields.14b41792-c7a9-4fcc-b070-d20d17d95c48.columnSuffix','null'),('fields.14b41792-c7a9-4fcc-b070-d20d17d95c48.contentColumnType','\"string\"'),('fields.14b41792-c7a9-4fcc-b070-d20d17d95c48.fieldGroup','\"c858b8c0-ecdb-4728-b143-07da244e0621\"'),('fields.14b41792-c7a9-4fcc-b070-d20d17d95c48.handle','\"articleauthor\"'),('fields.14b41792-c7a9-4fcc-b070-d20d17d95c48.instructions','null'),('fields.14b41792-c7a9-4fcc-b070-d20d17d95c48.name','\"Author\"'),('fields.14b41792-c7a9-4fcc-b070-d20d17d95c48.searchable','false'),('fields.14b41792-c7a9-4fcc-b070-d20d17d95c48.settings.allowSelfRelations','false'),('fields.14b41792-c7a9-4fcc-b070-d20d17d95c48.settings.branchLimit','null'),('fields.14b41792-c7a9-4fcc-b070-d20d17d95c48.settings.localizeRelations','false'),('fields.14b41792-c7a9-4fcc-b070-d20d17d95c48.settings.maintainHierarchy','false'),('fields.14b41792-c7a9-4fcc-b070-d20d17d95c48.settings.maxRelations','1'),('fields.14b41792-c7a9-4fcc-b070-d20d17d95c48.settings.minRelations','1'),('fields.14b41792-c7a9-4fcc-b070-d20d17d95c48.settings.selectionCondition.__assoc__.0.0','\"elementType\"'),('fields.14b41792-c7a9-4fcc-b070-d20d17d95c48.settings.selectionCondition.__assoc__.0.1','\"craft\\\\elements\\\\Entry\"'),('fields.14b41792-c7a9-4fcc-b070-d20d17d95c48.settings.selectionCondition.__assoc__.1.0','\"fieldContext\"'),('fields.14b41792-c7a9-4fcc-b070-d20d17d95c48.settings.selectionCondition.__assoc__.1.1','\"global\"'),('fields.14b41792-c7a9-4fcc-b070-d20d17d95c48.settings.selectionCondition.__assoc__.2.0','\"class\"'),('fields.14b41792-c7a9-4fcc-b070-d20d17d95c48.settings.selectionCondition.__assoc__.2.1','\"craft\\\\elements\\\\conditions\\\\entries\\\\EntryCondition\"'),('fields.14b41792-c7a9-4fcc-b070-d20d17d95c48.settings.selectionLabel','null'),('fields.14b41792-c7a9-4fcc-b070-d20d17d95c48.settings.showSiteMenu','true'),('fields.14b41792-c7a9-4fcc-b070-d20d17d95c48.settings.sources.0','\"section:49d2ed2c-2cb6-4943-a958-e0d01091ddad\"'),('fields.14b41792-c7a9-4fcc-b070-d20d17d95c48.settings.targetSiteId','null'),('fields.14b41792-c7a9-4fcc-b070-d20d17d95c48.settings.validateRelatedElements','true'),('fields.14b41792-c7a9-4fcc-b070-d20d17d95c48.settings.viewMode','null'),('fields.14b41792-c7a9-4fcc-b070-d20d17d95c48.translationKeyFormat','null'),('fields.14b41792-c7a9-4fcc-b070-d20d17d95c48.translationMethod','\"site\"'),('fields.14b41792-c7a9-4fcc-b070-d20d17d95c48.type','\"craft\\\\fields\\\\Entries\"'),('fields.1868147e-f313-447c-8be6-69a4e7a80ccd.columnSuffix','null'),('fields.1868147e-f313-447c-8be6-69a4e7a80ccd.contentColumnType','\"string\"'),('fields.1868147e-f313-447c-8be6-69a4e7a80ccd.fieldGroup','\"c858b8c0-ecdb-4728-b143-07da244e0621\"'),('fields.1868147e-f313-447c-8be6-69a4e7a80ccd.handle','\"story\"'),('fields.1868147e-f313-447c-8be6-69a4e7a80ccd.instructions','null'),('fields.1868147e-f313-447c-8be6-69a4e7a80ccd.name','\"Story\"'),('fields.1868147e-f313-447c-8be6-69a4e7a80ccd.searchable','false'),('fields.1868147e-f313-447c-8be6-69a4e7a80ccd.settings.contentTable','\"{{%matrixcontent_story}}\"'),('fields.1868147e-f313-447c-8be6-69a4e7a80ccd.settings.maxBlocks','null'),('fields.1868147e-f313-447c-8be6-69a4e7a80ccd.settings.minBlocks','null'),('fields.1868147e-f313-447c-8be6-69a4e7a80ccd.settings.propagationKeyFormat','null'),('fields.1868147e-f313-447c-8be6-69a4e7a80ccd.settings.propagationMethod','\"all\"'),('fields.1868147e-f313-447c-8be6-69a4e7a80ccd.translationKeyFormat','null'),('fields.1868147e-f313-447c-8be6-69a4e7a80ccd.translationMethod','\"site\"'),('fields.1868147e-f313-447c-8be6-69a4e7a80ccd.type','\"craft\\\\fields\\\\Matrix\"'),('fields.306ea57d-2dee-4a08-919d-be18633dd592.columnSuffix','\"lxzerrzs\"'),('fields.306ea57d-2dee-4a08-919d-be18633dd592.contentColumnType','\"string(2000)\"'),('fields.306ea57d-2dee-4a08-919d-be18633dd592.fieldGroup','\"c858b8c0-ecdb-4728-b143-07da244e0621\"'),('fields.306ea57d-2dee-4a08-919d-be18633dd592.handle','\"tagline\"'),('fields.306ea57d-2dee-4a08-919d-be18633dd592.instructions','null'),('fields.306ea57d-2dee-4a08-919d-be18633dd592.name','\"Tagline\"'),('fields.306ea57d-2dee-4a08-919d-be18633dd592.searchable','false'),('fields.306ea57d-2dee-4a08-919d-be18633dd592.settings.byteLimit','null'),('fields.306ea57d-2dee-4a08-919d-be18633dd592.settings.charLimit','500'),('fields.306ea57d-2dee-4a08-919d-be18633dd592.settings.code','false'),('fields.306ea57d-2dee-4a08-919d-be18633dd592.settings.columnType','null'),('fields.306ea57d-2dee-4a08-919d-be18633dd592.settings.initialRows','4'),('fields.306ea57d-2dee-4a08-919d-be18633dd592.settings.multiline','false'),('fields.306ea57d-2dee-4a08-919d-be18633dd592.settings.placeholder','null'),('fields.306ea57d-2dee-4a08-919d-be18633dd592.settings.uiMode','\"normal\"'),('fields.306ea57d-2dee-4a08-919d-be18633dd592.translationKeyFormat','null'),('fields.306ea57d-2dee-4a08-919d-be18633dd592.translationMethod','\"none\"'),('fields.306ea57d-2dee-4a08-919d-be18633dd592.type','\"craft\\\\fields\\\\PlainText\"'),('fields.48393cf9-22b5-4bfc-b259-819898c33869.columnSuffix','\"ilbyjrei\"'),('fields.48393cf9-22b5-4bfc-b259-819898c33869.contentColumnType','\"string(1200)\"'),('fields.48393cf9-22b5-4bfc-b259-819898c33869.fieldGroup','\"c858b8c0-ecdb-4728-b143-07da244e0621\"'),('fields.48393cf9-22b5-4bfc-b259-819898c33869.handle','\"description\"'),('fields.48393cf9-22b5-4bfc-b259-819898c33869.instructions','null'),('fields.48393cf9-22b5-4bfc-b259-819898c33869.name','\"Description\"'),('fields.48393cf9-22b5-4bfc-b259-819898c33869.searchable','false'),('fields.48393cf9-22b5-4bfc-b259-819898c33869.settings.byteLimit','null'),('fields.48393cf9-22b5-4bfc-b259-819898c33869.settings.charLimit','300'),('fields.48393cf9-22b5-4bfc-b259-819898c33869.settings.code','false'),('fields.48393cf9-22b5-4bfc-b259-819898c33869.settings.columnType','null'),('fields.48393cf9-22b5-4bfc-b259-819898c33869.settings.initialRows','4'),('fields.48393cf9-22b5-4bfc-b259-819898c33869.settings.multiline','false'),('fields.48393cf9-22b5-4bfc-b259-819898c33869.settings.placeholder','null'),('fields.48393cf9-22b5-4bfc-b259-819898c33869.settings.uiMode','\"normal\"'),('fields.48393cf9-22b5-4bfc-b259-819898c33869.translationKeyFormat','null'),('fields.48393cf9-22b5-4bfc-b259-819898c33869.translationMethod','\"none\"'),('fields.48393cf9-22b5-4bfc-b259-819898c33869.type','\"craft\\\\fields\\\\PlainText\"'),('fields.5bce0251-fac3-4898-b5d1-6edc82fe6cbe.columnSuffix','\"cndwyvsj\"'),('fields.5bce0251-fac3-4898-b5d1-6edc82fe6cbe.contentColumnType','\"string(2000)\"'),('fields.5bce0251-fac3-4898-b5d1-6edc82fe6cbe.fieldGroup','\"c858b8c0-ecdb-4728-b143-07da244e0621\"'),('fields.5bce0251-fac3-4898-b5d1-6edc82fe6cbe.handle','\"caption\"'),('fields.5bce0251-fac3-4898-b5d1-6edc82fe6cbe.instructions','null'),('fields.5bce0251-fac3-4898-b5d1-6edc82fe6cbe.name','\"Caption\"'),('fields.5bce0251-fac3-4898-b5d1-6edc82fe6cbe.searchable','false'),('fields.5bce0251-fac3-4898-b5d1-6edc82fe6cbe.settings.byteLimit','null'),('fields.5bce0251-fac3-4898-b5d1-6edc82fe6cbe.settings.charLimit','500'),('fields.5bce0251-fac3-4898-b5d1-6edc82fe6cbe.settings.code','false'),('fields.5bce0251-fac3-4898-b5d1-6edc82fe6cbe.settings.columnType','null'),('fields.5bce0251-fac3-4898-b5d1-6edc82fe6cbe.settings.initialRows','4'),('fields.5bce0251-fac3-4898-b5d1-6edc82fe6cbe.settings.multiline','false'),('fields.5bce0251-fac3-4898-b5d1-6edc82fe6cbe.settings.placeholder','null'),('fields.5bce0251-fac3-4898-b5d1-6edc82fe6cbe.settings.uiMode','\"normal\"'),('fields.5bce0251-fac3-4898-b5d1-6edc82fe6cbe.translationKeyFormat','null'),('fields.5bce0251-fac3-4898-b5d1-6edc82fe6cbe.translationMethod','\"none\"'),('fields.5bce0251-fac3-4898-b5d1-6edc82fe6cbe.type','\"craft\\\\fields\\\\PlainText\"'),('fields.6eedab0e-b28e-4d40-89a4-d6448cf48d36.columnSuffix','null'),('fields.6eedab0e-b28e-4d40-89a4-d6448cf48d36.contentColumnType','\"string\"'),('fields.6eedab0e-b28e-4d40-89a4-d6448cf48d36.fieldGroup','\"c858b8c0-ecdb-4728-b143-07da244e0621\"'),('fields.6eedab0e-b28e-4d40-89a4-d6448cf48d36.handle','\"pfp\"'),('fields.6eedab0e-b28e-4d40-89a4-d6448cf48d36.instructions','null'),('fields.6eedab0e-b28e-4d40-89a4-d6448cf48d36.name','\"pfp\"'),('fields.6eedab0e-b28e-4d40-89a4-d6448cf48d36.searchable','false'),('fields.6eedab0e-b28e-4d40-89a4-d6448cf48d36.settings.allowedKinds.0','\"image\"'),('fields.6eedab0e-b28e-4d40-89a4-d6448cf48d36.settings.allowSelfRelations','false'),('fields.6eedab0e-b28e-4d40-89a4-d6448cf48d36.settings.allowSubfolders','false'),('fields.6eedab0e-b28e-4d40-89a4-d6448cf48d36.settings.allowUploads','true'),('fields.6eedab0e-b28e-4d40-89a4-d6448cf48d36.settings.branchLimit','null'),('fields.6eedab0e-b28e-4d40-89a4-d6448cf48d36.settings.defaultUploadLocationSource','\"volume:95519e50-db71-4371-a271-5a9d9b117816\"'),('fields.6eedab0e-b28e-4d40-89a4-d6448cf48d36.settings.defaultUploadLocationSubpath','null'),('fields.6eedab0e-b28e-4d40-89a4-d6448cf48d36.settings.localizeRelations','false'),('fields.6eedab0e-b28e-4d40-89a4-d6448cf48d36.settings.maintainHierarchy','false'),('fields.6eedab0e-b28e-4d40-89a4-d6448cf48d36.settings.maxRelations','null'),('fields.6eedab0e-b28e-4d40-89a4-d6448cf48d36.settings.minRelations','null'),('fields.6eedab0e-b28e-4d40-89a4-d6448cf48d36.settings.previewMode','\"full\"'),('fields.6eedab0e-b28e-4d40-89a4-d6448cf48d36.settings.restrictedDefaultUploadSubpath','null'),('fields.6eedab0e-b28e-4d40-89a4-d6448cf48d36.settings.restrictedLocationSource','\"volume:95519e50-db71-4371-a271-5a9d9b117816\"'),('fields.6eedab0e-b28e-4d40-89a4-d6448cf48d36.settings.restrictedLocationSubpath','null'),('fields.6eedab0e-b28e-4d40-89a4-d6448cf48d36.settings.restrictFiles','true'),('fields.6eedab0e-b28e-4d40-89a4-d6448cf48d36.settings.restrictLocation','false'),('fields.6eedab0e-b28e-4d40-89a4-d6448cf48d36.settings.selectionCondition.__assoc__.0.0','\"elementType\"'),('fields.6eedab0e-b28e-4d40-89a4-d6448cf48d36.settings.selectionCondition.__assoc__.0.1','\"craft\\\\elements\\\\Asset\"'),('fields.6eedab0e-b28e-4d40-89a4-d6448cf48d36.settings.selectionCondition.__assoc__.1.0','\"fieldContext\"'),('fields.6eedab0e-b28e-4d40-89a4-d6448cf48d36.settings.selectionCondition.__assoc__.1.1','\"global\"'),('fields.6eedab0e-b28e-4d40-89a4-d6448cf48d36.settings.selectionCondition.__assoc__.2.0','\"class\"'),('fields.6eedab0e-b28e-4d40-89a4-d6448cf48d36.settings.selectionCondition.__assoc__.2.1','\"craft\\\\elements\\\\conditions\\\\assets\\\\AssetCondition\"'),('fields.6eedab0e-b28e-4d40-89a4-d6448cf48d36.settings.selectionLabel','null'),('fields.6eedab0e-b28e-4d40-89a4-d6448cf48d36.settings.showSiteMenu','false'),('fields.6eedab0e-b28e-4d40-89a4-d6448cf48d36.settings.showUnpermittedFiles','false'),('fields.6eedab0e-b28e-4d40-89a4-d6448cf48d36.settings.showUnpermittedVolumes','false'),('fields.6eedab0e-b28e-4d40-89a4-d6448cf48d36.settings.sources','\"*\"'),('fields.6eedab0e-b28e-4d40-89a4-d6448cf48d36.settings.targetSiteId','null'),('fields.6eedab0e-b28e-4d40-89a4-d6448cf48d36.settings.validateRelatedElements','false'),('fields.6eedab0e-b28e-4d40-89a4-d6448cf48d36.settings.viewMode','\"list\"'),('fields.6eedab0e-b28e-4d40-89a4-d6448cf48d36.translationKeyFormat','null'),('fields.6eedab0e-b28e-4d40-89a4-d6448cf48d36.translationMethod','\"site\"'),('fields.6eedab0e-b28e-4d40-89a4-d6448cf48d36.type','\"craft\\\\fields\\\\Assets\"'),('fields.86ce2c00-1019-4f85-a1d3-f8b4e861af74.columnSuffix','\"iupxljzr\"'),('fields.86ce2c00-1019-4f85-a1d3-f8b4e861af74.contentColumnType','\"text\"'),('fields.86ce2c00-1019-4f85-a1d3-f8b4e861af74.fieldGroup','\"c858b8c0-ecdb-4728-b143-07da244e0621\"'),('fields.86ce2c00-1019-4f85-a1d3-f8b4e861af74.handle','\"bio\"'),('fields.86ce2c00-1019-4f85-a1d3-f8b4e861af74.instructions','null'),('fields.86ce2c00-1019-4f85-a1d3-f8b4e861af74.name','\"Bio\"'),('fields.86ce2c00-1019-4f85-a1d3-f8b4e861af74.searchable','false'),('fields.86ce2c00-1019-4f85-a1d3-f8b4e861af74.settings.availableTransforms','\"*\"'),('fields.86ce2c00-1019-4f85-a1d3-f8b4e861af74.settings.availableVolumes','\"*\"'),('fields.86ce2c00-1019-4f85-a1d3-f8b4e861af74.settings.columnType','\"text\"'),('fields.86ce2c00-1019-4f85-a1d3-f8b4e861af74.settings.configSelectionMode','\"choose\"'),('fields.86ce2c00-1019-4f85-a1d3-f8b4e861af74.settings.defaultTransform','\"\"'),('fields.86ce2c00-1019-4f85-a1d3-f8b4e861af74.settings.manualConfig','\"\"'),('fields.86ce2c00-1019-4f85-a1d3-f8b4e861af74.settings.purifierConfig','null'),('fields.86ce2c00-1019-4f85-a1d3-f8b4e861af74.settings.purifyHtml','true'),('fields.86ce2c00-1019-4f85-a1d3-f8b4e861af74.settings.redactorConfig','\"Simple.json\"'),('fields.86ce2c00-1019-4f85-a1d3-f8b4e861af74.settings.removeEmptyTags','false'),('fields.86ce2c00-1019-4f85-a1d3-f8b4e861af74.settings.removeInlineStyles','false'),('fields.86ce2c00-1019-4f85-a1d3-f8b4e861af74.settings.removeNbsp','false'),('fields.86ce2c00-1019-4f85-a1d3-f8b4e861af74.settings.showHtmlButtonForNonAdmins','false'),('fields.86ce2c00-1019-4f85-a1d3-f8b4e861af74.settings.showUnpermittedFiles','false'),('fields.86ce2c00-1019-4f85-a1d3-f8b4e861af74.settings.showUnpermittedVolumes','false'),('fields.86ce2c00-1019-4f85-a1d3-f8b4e861af74.settings.uiMode','\"enlarged\"'),('fields.86ce2c00-1019-4f85-a1d3-f8b4e861af74.translationKeyFormat','null'),('fields.86ce2c00-1019-4f85-a1d3-f8b4e861af74.translationMethod','\"none\"'),('fields.86ce2c00-1019-4f85-a1d3-f8b4e861af74.type','\"craft\\\\redactor\\\\Field\"'),('fields.86f728c2-3b60-4a00-83c8-9d6b71be157a.columnSuffix','null'),('fields.86f728c2-3b60-4a00-83c8-9d6b71be157a.contentColumnType','\"string\"'),('fields.86f728c2-3b60-4a00-83c8-9d6b71be157a.fieldGroup','\"c858b8c0-ecdb-4728-b143-07da244e0621\"'),('fields.86f728c2-3b60-4a00-83c8-9d6b71be157a.handle','\"art\"'),('fields.86f728c2-3b60-4a00-83c8-9d6b71be157a.instructions','null'),('fields.86f728c2-3b60-4a00-83c8-9d6b71be157a.name','\"Art\"'),('fields.86f728c2-3b60-4a00-83c8-9d6b71be157a.searchable','false'),('fields.86f728c2-3b60-4a00-83c8-9d6b71be157a.settings.allowedKinds.0','\"image\"'),('fields.86f728c2-3b60-4a00-83c8-9d6b71be157a.settings.allowedKinds.1','\"video\"'),('fields.86f728c2-3b60-4a00-83c8-9d6b71be157a.settings.allowSelfRelations','false'),('fields.86f728c2-3b60-4a00-83c8-9d6b71be157a.settings.allowSubfolders','false'),('fields.86f728c2-3b60-4a00-83c8-9d6b71be157a.settings.allowUploads','true'),('fields.86f728c2-3b60-4a00-83c8-9d6b71be157a.settings.branchLimit','null'),('fields.86f728c2-3b60-4a00-83c8-9d6b71be157a.settings.defaultUploadLocationSource','\"volume:95519e50-db71-4371-a271-5a9d9b117816\"'),('fields.86f728c2-3b60-4a00-83c8-9d6b71be157a.settings.defaultUploadLocationSubpath','null'),('fields.86f728c2-3b60-4a00-83c8-9d6b71be157a.settings.localizeRelations','false'),('fields.86f728c2-3b60-4a00-83c8-9d6b71be157a.settings.maintainHierarchy','false'),('fields.86f728c2-3b60-4a00-83c8-9d6b71be157a.settings.maxRelations','7'),('fields.86f728c2-3b60-4a00-83c8-9d6b71be157a.settings.minRelations','1'),('fields.86f728c2-3b60-4a00-83c8-9d6b71be157a.settings.previewMode','\"full\"'),('fields.86f728c2-3b60-4a00-83c8-9d6b71be157a.settings.restrictedDefaultUploadSubpath','null'),('fields.86f728c2-3b60-4a00-83c8-9d6b71be157a.settings.restrictedLocationSource','\"volume:95519e50-db71-4371-a271-5a9d9b117816\"'),('fields.86f728c2-3b60-4a00-83c8-9d6b71be157a.settings.restrictedLocationSubpath','null'),('fields.86f728c2-3b60-4a00-83c8-9d6b71be157a.settings.restrictFiles','true'),('fields.86f728c2-3b60-4a00-83c8-9d6b71be157a.settings.restrictLocation','false'),('fields.86f728c2-3b60-4a00-83c8-9d6b71be157a.settings.selectionCondition.__assoc__.0.0','\"elementType\"'),('fields.86f728c2-3b60-4a00-83c8-9d6b71be157a.settings.selectionCondition.__assoc__.0.1','\"craft\\\\elements\\\\Asset\"'),('fields.86f728c2-3b60-4a00-83c8-9d6b71be157a.settings.selectionCondition.__assoc__.1.0','\"fieldContext\"'),('fields.86f728c2-3b60-4a00-83c8-9d6b71be157a.settings.selectionCondition.__assoc__.1.1','\"global\"'),('fields.86f728c2-3b60-4a00-83c8-9d6b71be157a.settings.selectionCondition.__assoc__.2.0','\"class\"'),('fields.86f728c2-3b60-4a00-83c8-9d6b71be157a.settings.selectionCondition.__assoc__.2.1','\"craft\\\\elements\\\\conditions\\\\assets\\\\AssetCondition\"'),('fields.86f728c2-3b60-4a00-83c8-9d6b71be157a.settings.selectionLabel','null'),('fields.86f728c2-3b60-4a00-83c8-9d6b71be157a.settings.showSiteMenu','false'),('fields.86f728c2-3b60-4a00-83c8-9d6b71be157a.settings.showUnpermittedFiles','false'),('fields.86f728c2-3b60-4a00-83c8-9d6b71be157a.settings.showUnpermittedVolumes','false'),('fields.86f728c2-3b60-4a00-83c8-9d6b71be157a.settings.sources','\"*\"'),('fields.86f728c2-3b60-4a00-83c8-9d6b71be157a.settings.targetSiteId','null'),('fields.86f728c2-3b60-4a00-83c8-9d6b71be157a.settings.validateRelatedElements','true'),('fields.86f728c2-3b60-4a00-83c8-9d6b71be157a.settings.viewMode','\"large\"'),('fields.86f728c2-3b60-4a00-83c8-9d6b71be157a.translationKeyFormat','null'),('fields.86f728c2-3b60-4a00-83c8-9d6b71be157a.translationMethod','\"site\"'),('fields.86f728c2-3b60-4a00-83c8-9d6b71be157a.type','\"craft\\\\fields\\\\Assets\"'),('fields.8b231235-90bc-4b16-90b1-2a0dd8356a07.columnSuffix','\"bwimrqjr\"'),('fields.8b231235-90bc-4b16-90b1-2a0dd8356a07.contentColumnType','\"string(255)\"'),('fields.8b231235-90bc-4b16-90b1-2a0dd8356a07.fieldGroup','\"c858b8c0-ecdb-4728-b143-07da244e0621\"'),('fields.8b231235-90bc-4b16-90b1-2a0dd8356a07.handle','\"linkUrl\"'),('fields.8b231235-90bc-4b16-90b1-2a0dd8356a07.instructions','null'),('fields.8b231235-90bc-4b16-90b1-2a0dd8356a07.name','\"Link URL\"'),('fields.8b231235-90bc-4b16-90b1-2a0dd8356a07.searchable','false'),('fields.8b231235-90bc-4b16-90b1-2a0dd8356a07.settings.maxLength','255'),('fields.8b231235-90bc-4b16-90b1-2a0dd8356a07.settings.types.0','\"url\"'),('fields.8b231235-90bc-4b16-90b1-2a0dd8356a07.settings.types.1','\"email\"'),('fields.8b231235-90bc-4b16-90b1-2a0dd8356a07.translationKeyFormat','null'),('fields.8b231235-90bc-4b16-90b1-2a0dd8356a07.translationMethod','\"none\"'),('fields.8b231235-90bc-4b16-90b1-2a0dd8356a07.type','\"craft\\\\fields\\\\Url\"'),('fields.a8ed1ea3-a10f-48f8-ad3f-937f55b53828.columnSuffix','null'),('fields.a8ed1ea3-a10f-48f8-ad3f-937f55b53828.contentColumnType','\"string\"'),('fields.a8ed1ea3-a10f-48f8-ad3f-937f55b53828.fieldGroup','\"c858b8c0-ecdb-4728-b143-07da244e0621\"'),('fields.a8ed1ea3-a10f-48f8-ad3f-937f55b53828.handle','\"pages\"'),('fields.a8ed1ea3-a10f-48f8-ad3f-937f55b53828.instructions','null'),('fields.a8ed1ea3-a10f-48f8-ad3f-937f55b53828.name','\"Pages and Links\"'),('fields.a8ed1ea3-a10f-48f8-ad3f-937f55b53828.searchable','false'),('fields.a8ed1ea3-a10f-48f8-ad3f-937f55b53828.settings.allowSelfRelations','false'),('fields.a8ed1ea3-a10f-48f8-ad3f-937f55b53828.settings.branchLimit','null'),('fields.a8ed1ea3-a10f-48f8-ad3f-937f55b53828.settings.localizeRelations','false'),('fields.a8ed1ea3-a10f-48f8-ad3f-937f55b53828.settings.maintainHierarchy','false'),('fields.a8ed1ea3-a10f-48f8-ad3f-937f55b53828.settings.maxRelations','null'),('fields.a8ed1ea3-a10f-48f8-ad3f-937f55b53828.settings.minRelations','null'),('fields.a8ed1ea3-a10f-48f8-ad3f-937f55b53828.settings.selectionCondition.__assoc__.0.0','\"elementType\"'),('fields.a8ed1ea3-a10f-48f8-ad3f-937f55b53828.settings.selectionCondition.__assoc__.0.1','\"craft\\\\elements\\\\Entry\"'),('fields.a8ed1ea3-a10f-48f8-ad3f-937f55b53828.settings.selectionCondition.__assoc__.1.0','\"fieldContext\"'),('fields.a8ed1ea3-a10f-48f8-ad3f-937f55b53828.settings.selectionCondition.__assoc__.1.1','\"global\"'),('fields.a8ed1ea3-a10f-48f8-ad3f-937f55b53828.settings.selectionCondition.__assoc__.2.0','\"class\"'),('fields.a8ed1ea3-a10f-48f8-ad3f-937f55b53828.settings.selectionCondition.__assoc__.2.1','\"craft\\\\elements\\\\conditions\\\\entries\\\\EntryCondition\"'),('fields.a8ed1ea3-a10f-48f8-ad3f-937f55b53828.settings.selectionLabel','null'),('fields.a8ed1ea3-a10f-48f8-ad3f-937f55b53828.settings.showSiteMenu','true'),('fields.a8ed1ea3-a10f-48f8-ad3f-937f55b53828.settings.sources.0','\"section:bb9bbfd9-b5e6-4fa7-b701-d5fc62eaf6b8\"'),('fields.a8ed1ea3-a10f-48f8-ad3f-937f55b53828.settings.sources.1','\"section:8c24f15c-5660-4abe-aaba-7db600c93439\"'),('fields.a8ed1ea3-a10f-48f8-ad3f-937f55b53828.settings.sources.2','\"singles\"'),('fields.a8ed1ea3-a10f-48f8-ad3f-937f55b53828.settings.targetSiteId','null'),('fields.a8ed1ea3-a10f-48f8-ad3f-937f55b53828.settings.validateRelatedElements','true'),('fields.a8ed1ea3-a10f-48f8-ad3f-937f55b53828.settings.viewMode','null'),('fields.a8ed1ea3-a10f-48f8-ad3f-937f55b53828.translationKeyFormat','null'),('fields.a8ed1ea3-a10f-48f8-ad3f-937f55b53828.translationMethod','\"site\"'),('fields.a8ed1ea3-a10f-48f8-ad3f-937f55b53828.type','\"craft\\\\fields\\\\Entries\"'),('fs.assets.hasUrls','true'),('fs.assets.name','\"assets\"'),('fs.assets.settings.path','\"assets\"'),('fs.assets.type','\"craft\\\\fs\\\\Local\"'),('fs.assets.url','\"/assets\"'),('globalSets.1bd6f4bb-8564-420c-9ef9-dff1adeab299.fieldLayouts.e2e064f0-56ef-4ee8-af1a-92d1d5893505.tabs.0.elementCondition','null'),('globalSets.1bd6f4bb-8564-420c-9ef9-dff1adeab299.fieldLayouts.e2e064f0-56ef-4ee8-af1a-92d1d5893505.tabs.0.elements.0.elementCondition','null'),('globalSets.1bd6f4bb-8564-420c-9ef9-dff1adeab299.fieldLayouts.e2e064f0-56ef-4ee8-af1a-92d1d5893505.tabs.0.elements.0.fieldUid','\"a8ed1ea3-a10f-48f8-ad3f-937f55b53828\"'),('globalSets.1bd6f4bb-8564-420c-9ef9-dff1adeab299.fieldLayouts.e2e064f0-56ef-4ee8-af1a-92d1d5893505.tabs.0.elements.0.instructions','null'),('globalSets.1bd6f4bb-8564-420c-9ef9-dff1adeab299.fieldLayouts.e2e064f0-56ef-4ee8-af1a-92d1d5893505.tabs.0.elements.0.label','null'),('globalSets.1bd6f4bb-8564-420c-9ef9-dff1adeab299.fieldLayouts.e2e064f0-56ef-4ee8-af1a-92d1d5893505.tabs.0.elements.0.required','false'),('globalSets.1bd6f4bb-8564-420c-9ef9-dff1adeab299.fieldLayouts.e2e064f0-56ef-4ee8-af1a-92d1d5893505.tabs.0.elements.0.tip','null'),('globalSets.1bd6f4bb-8564-420c-9ef9-dff1adeab299.fieldLayouts.e2e064f0-56ef-4ee8-af1a-92d1d5893505.tabs.0.elements.0.type','\"craft\\\\fieldlayoutelements\\\\CustomField\"'),('globalSets.1bd6f4bb-8564-420c-9ef9-dff1adeab299.fieldLayouts.e2e064f0-56ef-4ee8-af1a-92d1d5893505.tabs.0.elements.0.uid','\"1d1fbd6b-e652-48a6-91a0-c7d81ab545c3\"'),('globalSets.1bd6f4bb-8564-420c-9ef9-dff1adeab299.fieldLayouts.e2e064f0-56ef-4ee8-af1a-92d1d5893505.tabs.0.elements.0.userCondition','null'),('globalSets.1bd6f4bb-8564-420c-9ef9-dff1adeab299.fieldLayouts.e2e064f0-56ef-4ee8-af1a-92d1d5893505.tabs.0.elements.0.warning','null'),('globalSets.1bd6f4bb-8564-420c-9ef9-dff1adeab299.fieldLayouts.e2e064f0-56ef-4ee8-af1a-92d1d5893505.tabs.0.elements.0.width','100'),('globalSets.1bd6f4bb-8564-420c-9ef9-dff1adeab299.fieldLayouts.e2e064f0-56ef-4ee8-af1a-92d1d5893505.tabs.0.name','\"Service Nav\"'),('globalSets.1bd6f4bb-8564-420c-9ef9-dff1adeab299.fieldLayouts.e2e064f0-56ef-4ee8-af1a-92d1d5893505.tabs.0.uid','\"b5b47b56-a279-4082-b9a9-9e1d6602af88\"'),('globalSets.1bd6f4bb-8564-420c-9ef9-dff1adeab299.fieldLayouts.e2e064f0-56ef-4ee8-af1a-92d1d5893505.tabs.0.userCondition','null'),('globalSets.1bd6f4bb-8564-420c-9ef9-dff1adeab299.handle','\"nav\"'),('globalSets.1bd6f4bb-8564-420c-9ef9-dff1adeab299.name','\"Nav\"'),('globalSets.1bd6f4bb-8564-420c-9ef9-dff1adeab299.sortOrder','1'),('globalSets.46330ceb-0db7-4317-8393-41dcb032ef9d.fieldLayouts.292a8105-a3cd-4ad2-86dc-88aa965d4762.tabs.0.elementCondition','null'),('globalSets.46330ceb-0db7-4317-8393-41dcb032ef9d.fieldLayouts.292a8105-a3cd-4ad2-86dc-88aa965d4762.tabs.0.elements.0.elementCondition','null'),('globalSets.46330ceb-0db7-4317-8393-41dcb032ef9d.fieldLayouts.292a8105-a3cd-4ad2-86dc-88aa965d4762.tabs.0.elements.0.fieldUid','\"306ea57d-2dee-4a08-919d-be18633dd592\"'),('globalSets.46330ceb-0db7-4317-8393-41dcb032ef9d.fieldLayouts.292a8105-a3cd-4ad2-86dc-88aa965d4762.tabs.0.elements.0.instructions','null'),('globalSets.46330ceb-0db7-4317-8393-41dcb032ef9d.fieldLayouts.292a8105-a3cd-4ad2-86dc-88aa965d4762.tabs.0.elements.0.label','null'),('globalSets.46330ceb-0db7-4317-8393-41dcb032ef9d.fieldLayouts.292a8105-a3cd-4ad2-86dc-88aa965d4762.tabs.0.elements.0.required','true'),('globalSets.46330ceb-0db7-4317-8393-41dcb032ef9d.fieldLayouts.292a8105-a3cd-4ad2-86dc-88aa965d4762.tabs.0.elements.0.tip','null'),('globalSets.46330ceb-0db7-4317-8393-41dcb032ef9d.fieldLayouts.292a8105-a3cd-4ad2-86dc-88aa965d4762.tabs.0.elements.0.type','\"craft\\\\fieldlayoutelements\\\\CustomField\"'),('globalSets.46330ceb-0db7-4317-8393-41dcb032ef9d.fieldLayouts.292a8105-a3cd-4ad2-86dc-88aa965d4762.tabs.0.elements.0.uid','\"9e5e21ba-f547-47b9-a932-15ee40245c3c\"'),('globalSets.46330ceb-0db7-4317-8393-41dcb032ef9d.fieldLayouts.292a8105-a3cd-4ad2-86dc-88aa965d4762.tabs.0.elements.0.userCondition','null'),('globalSets.46330ceb-0db7-4317-8393-41dcb032ef9d.fieldLayouts.292a8105-a3cd-4ad2-86dc-88aa965d4762.tabs.0.elements.0.warning','null'),('globalSets.46330ceb-0db7-4317-8393-41dcb032ef9d.fieldLayouts.292a8105-a3cd-4ad2-86dc-88aa965d4762.tabs.0.elements.0.width','100'),('globalSets.46330ceb-0db7-4317-8393-41dcb032ef9d.fieldLayouts.292a8105-a3cd-4ad2-86dc-88aa965d4762.tabs.0.elements.1.elementCondition','null'),('globalSets.46330ceb-0db7-4317-8393-41dcb032ef9d.fieldLayouts.292a8105-a3cd-4ad2-86dc-88aa965d4762.tabs.0.elements.1.fieldUid','\"86f728c2-3b60-4a00-83c8-9d6b71be157a\"'),('globalSets.46330ceb-0db7-4317-8393-41dcb032ef9d.fieldLayouts.292a8105-a3cd-4ad2-86dc-88aa965d4762.tabs.0.elements.1.instructions','null'),('globalSets.46330ceb-0db7-4317-8393-41dcb032ef9d.fieldLayouts.292a8105-a3cd-4ad2-86dc-88aa965d4762.tabs.0.elements.1.label','null'),('globalSets.46330ceb-0db7-4317-8393-41dcb032ef9d.fieldLayouts.292a8105-a3cd-4ad2-86dc-88aa965d4762.tabs.0.elements.1.required','true'),('globalSets.46330ceb-0db7-4317-8393-41dcb032ef9d.fieldLayouts.292a8105-a3cd-4ad2-86dc-88aa965d4762.tabs.0.elements.1.tip','null'),('globalSets.46330ceb-0db7-4317-8393-41dcb032ef9d.fieldLayouts.292a8105-a3cd-4ad2-86dc-88aa965d4762.tabs.0.elements.1.type','\"craft\\\\fieldlayoutelements\\\\CustomField\"'),('globalSets.46330ceb-0db7-4317-8393-41dcb032ef9d.fieldLayouts.292a8105-a3cd-4ad2-86dc-88aa965d4762.tabs.0.elements.1.uid','\"92772fd6-4941-44b9-9f1f-4912caab462e\"'),('globalSets.46330ceb-0db7-4317-8393-41dcb032ef9d.fieldLayouts.292a8105-a3cd-4ad2-86dc-88aa965d4762.tabs.0.elements.1.userCondition','null'),('globalSets.46330ceb-0db7-4317-8393-41dcb032ef9d.fieldLayouts.292a8105-a3cd-4ad2-86dc-88aa965d4762.tabs.0.elements.1.warning','null'),('globalSets.46330ceb-0db7-4317-8393-41dcb032ef9d.fieldLayouts.292a8105-a3cd-4ad2-86dc-88aa965d4762.tabs.0.elements.1.width','100'),('globalSets.46330ceb-0db7-4317-8393-41dcb032ef9d.fieldLayouts.292a8105-a3cd-4ad2-86dc-88aa965d4762.tabs.0.name','\"Hi\"'),('globalSets.46330ceb-0db7-4317-8393-41dcb032ef9d.fieldLayouts.292a8105-a3cd-4ad2-86dc-88aa965d4762.tabs.0.uid','\"afa23ffd-38ad-4718-8a60-5eb533f9ea18\"'),('globalSets.46330ceb-0db7-4317-8393-41dcb032ef9d.fieldLayouts.292a8105-a3cd-4ad2-86dc-88aa965d4762.tabs.0.userCondition','null'),('globalSets.46330ceb-0db7-4317-8393-41dcb032ef9d.handle','\"info\"'),('globalSets.46330ceb-0db7-4317-8393-41dcb032ef9d.name','\"Info\"'),('globalSets.46330ceb-0db7-4317-8393-41dcb032ef9d.sortOrder','2'),('graphql.publicToken.enabled','false'),('graphql.publicToken.expiryDate','null'),('imageTransforms.2ec436ce-93e2-405d-80c2-0f104496c1d9.fill','null'),('imageTransforms.2ec436ce-93e2-405d-80c2-0f104496c1d9.format','null'),('imageTransforms.2ec436ce-93e2-405d-80c2-0f104496c1d9.handle','\"small\"'),('imageTransforms.2ec436ce-93e2-405d-80c2-0f104496c1d9.height','null'),('imageTransforms.2ec436ce-93e2-405d-80c2-0f104496c1d9.interlace','\"none\"'),('imageTransforms.2ec436ce-93e2-405d-80c2-0f104496c1d9.mode','\"crop\"'),('imageTransforms.2ec436ce-93e2-405d-80c2-0f104496c1d9.name','\"Small\"'),('imageTransforms.2ec436ce-93e2-405d-80c2-0f104496c1d9.position','\"center-center\"'),('imageTransforms.2ec436ce-93e2-405d-80c2-0f104496c1d9.quality','60'),('imageTransforms.2ec436ce-93e2-405d-80c2-0f104496c1d9.upscale','true'),('imageTransforms.2ec436ce-93e2-405d-80c2-0f104496c1d9.width','700'),('imageTransforms.349cf4c5-cc10-453e-a91a-a757683ab93b.fill','null'),('imageTransforms.349cf4c5-cc10-453e-a91a-a757683ab93b.format','null'),('imageTransforms.349cf4c5-cc10-453e-a91a-a757683ab93b.handle','\"large\"'),('imageTransforms.349cf4c5-cc10-453e-a91a-a757683ab93b.height','null'),('imageTransforms.349cf4c5-cc10-453e-a91a-a757683ab93b.interlace','\"none\"'),('imageTransforms.349cf4c5-cc10-453e-a91a-a757683ab93b.mode','\"crop\"'),('imageTransforms.349cf4c5-cc10-453e-a91a-a757683ab93b.name','\"Large\"'),('imageTransforms.349cf4c5-cc10-453e-a91a-a757683ab93b.position','\"center-center\"'),('imageTransforms.349cf4c5-cc10-453e-a91a-a757683ab93b.quality','80'),('imageTransforms.349cf4c5-cc10-453e-a91a-a757683ab93b.upscale','true'),('imageTransforms.349cf4c5-cc10-453e-a91a-a757683ab93b.width','2000'),('imageTransforms.b0fbbaeb-9c73-4c44-a6e4-45d391aa667b.fill','null'),('imageTransforms.b0fbbaeb-9c73-4c44-a6e4-45d391aa667b.format','null'),('imageTransforms.b0fbbaeb-9c73-4c44-a6e4-45d391aa667b.handle','\"medium\"'),('imageTransforms.b0fbbaeb-9c73-4c44-a6e4-45d391aa667b.height','null'),('imageTransforms.b0fbbaeb-9c73-4c44-a6e4-45d391aa667b.interlace','\"none\"'),('imageTransforms.b0fbbaeb-9c73-4c44-a6e4-45d391aa667b.mode','\"crop\"'),('imageTransforms.b0fbbaeb-9c73-4c44-a6e4-45d391aa667b.name','\"Medium\"'),('imageTransforms.b0fbbaeb-9c73-4c44-a6e4-45d391aa667b.position','\"center-center\"'),('imageTransforms.b0fbbaeb-9c73-4c44-a6e4-45d391aa667b.quality','80'),('imageTransforms.b0fbbaeb-9c73-4c44-a6e4-45d391aa667b.upscale','true'),('imageTransforms.b0fbbaeb-9c73-4c44-a6e4-45d391aa667b.width','1000'),('matrixBlockTypes.447d8c6c-5818-4030-9063-ce6aaea58cc5.field','\"1868147e-f313-447c-8be6-69a4e7a80ccd\"'),('matrixBlockTypes.447d8c6c-5818-4030-9063-ce6aaea58cc5.fieldLayouts.bd53a2d7-3696-49c0-9d3b-41ed14a75c83.tabs.0.elementCondition','null'),('matrixBlockTypes.447d8c6c-5818-4030-9063-ce6aaea58cc5.fieldLayouts.bd53a2d7-3696-49c0-9d3b-41ed14a75c83.tabs.0.elements.0.elementCondition','null'),('matrixBlockTypes.447d8c6c-5818-4030-9063-ce6aaea58cc5.fieldLayouts.bd53a2d7-3696-49c0-9d3b-41ed14a75c83.tabs.0.elements.0.fieldUid','\"62d34a92-b55e-4808-96af-4c3b079435b4\"'),('matrixBlockTypes.447d8c6c-5818-4030-9063-ce6aaea58cc5.fieldLayouts.bd53a2d7-3696-49c0-9d3b-41ed14a75c83.tabs.0.elements.0.instructions','null'),('matrixBlockTypes.447d8c6c-5818-4030-9063-ce6aaea58cc5.fieldLayouts.bd53a2d7-3696-49c0-9d3b-41ed14a75c83.tabs.0.elements.0.label','null'),('matrixBlockTypes.447d8c6c-5818-4030-9063-ce6aaea58cc5.fieldLayouts.bd53a2d7-3696-49c0-9d3b-41ed14a75c83.tabs.0.elements.0.required','false'),('matrixBlockTypes.447d8c6c-5818-4030-9063-ce6aaea58cc5.fieldLayouts.bd53a2d7-3696-49c0-9d3b-41ed14a75c83.tabs.0.elements.0.tip','null'),('matrixBlockTypes.447d8c6c-5818-4030-9063-ce6aaea58cc5.fieldLayouts.bd53a2d7-3696-49c0-9d3b-41ed14a75c83.tabs.0.elements.0.type','\"craft\\\\fieldlayoutelements\\\\CustomField\"'),('matrixBlockTypes.447d8c6c-5818-4030-9063-ce6aaea58cc5.fieldLayouts.bd53a2d7-3696-49c0-9d3b-41ed14a75c83.tabs.0.elements.0.uid','\"863ef362-6738-4643-b77b-184851bbe5b3\"'),('matrixBlockTypes.447d8c6c-5818-4030-9063-ce6aaea58cc5.fieldLayouts.bd53a2d7-3696-49c0-9d3b-41ed14a75c83.tabs.0.elements.0.userCondition','null'),('matrixBlockTypes.447d8c6c-5818-4030-9063-ce6aaea58cc5.fieldLayouts.bd53a2d7-3696-49c0-9d3b-41ed14a75c83.tabs.0.elements.0.warning','null'),('matrixBlockTypes.447d8c6c-5818-4030-9063-ce6aaea58cc5.fieldLayouts.bd53a2d7-3696-49c0-9d3b-41ed14a75c83.tabs.0.elements.0.width','100'),('matrixBlockTypes.447d8c6c-5818-4030-9063-ce6aaea58cc5.fieldLayouts.bd53a2d7-3696-49c0-9d3b-41ed14a75c83.tabs.0.elements.1.elementCondition','null'),('matrixBlockTypes.447d8c6c-5818-4030-9063-ce6aaea58cc5.fieldLayouts.bd53a2d7-3696-49c0-9d3b-41ed14a75c83.tabs.0.elements.1.fieldUid','\"6e24cd37-8102-4045-baa9-f737aa947664\"'),('matrixBlockTypes.447d8c6c-5818-4030-9063-ce6aaea58cc5.fieldLayouts.bd53a2d7-3696-49c0-9d3b-41ed14a75c83.tabs.0.elements.1.instructions','null'),('matrixBlockTypes.447d8c6c-5818-4030-9063-ce6aaea58cc5.fieldLayouts.bd53a2d7-3696-49c0-9d3b-41ed14a75c83.tabs.0.elements.1.label','null'),('matrixBlockTypes.447d8c6c-5818-4030-9063-ce6aaea58cc5.fieldLayouts.bd53a2d7-3696-49c0-9d3b-41ed14a75c83.tabs.0.elements.1.required','false'),('matrixBlockTypes.447d8c6c-5818-4030-9063-ce6aaea58cc5.fieldLayouts.bd53a2d7-3696-49c0-9d3b-41ed14a75c83.tabs.0.elements.1.tip','null'),('matrixBlockTypes.447d8c6c-5818-4030-9063-ce6aaea58cc5.fieldLayouts.bd53a2d7-3696-49c0-9d3b-41ed14a75c83.tabs.0.elements.1.type','\"craft\\\\fieldlayoutelements\\\\CustomField\"'),('matrixBlockTypes.447d8c6c-5818-4030-9063-ce6aaea58cc5.fieldLayouts.bd53a2d7-3696-49c0-9d3b-41ed14a75c83.tabs.0.elements.1.uid','\"635bc559-4cc9-449c-81fd-1acecb48c758\"'),('matrixBlockTypes.447d8c6c-5818-4030-9063-ce6aaea58cc5.fieldLayouts.bd53a2d7-3696-49c0-9d3b-41ed14a75c83.tabs.0.elements.1.userCondition','null'),('matrixBlockTypes.447d8c6c-5818-4030-9063-ce6aaea58cc5.fieldLayouts.bd53a2d7-3696-49c0-9d3b-41ed14a75c83.tabs.0.elements.1.warning','null'),('matrixBlockTypes.447d8c6c-5818-4030-9063-ce6aaea58cc5.fieldLayouts.bd53a2d7-3696-49c0-9d3b-41ed14a75c83.tabs.0.elements.1.width','100'),('matrixBlockTypes.447d8c6c-5818-4030-9063-ce6aaea58cc5.fieldLayouts.bd53a2d7-3696-49c0-9d3b-41ed14a75c83.tabs.0.name','\"Content\"'),('matrixBlockTypes.447d8c6c-5818-4030-9063-ce6aaea58cc5.fieldLayouts.bd53a2d7-3696-49c0-9d3b-41ed14a75c83.tabs.0.uid','\"41d98d83-e80e-4194-813c-efaa68f33e6d\"'),('matrixBlockTypes.447d8c6c-5818-4030-9063-ce6aaea58cc5.fieldLayouts.bd53a2d7-3696-49c0-9d3b-41ed14a75c83.tabs.0.userCondition','null'),('matrixBlockTypes.447d8c6c-5818-4030-9063-ce6aaea58cc5.fields.62d34a92-b55e-4808-96af-4c3b079435b4.columnSuffix','\"eravyixc\"'),('matrixBlockTypes.447d8c6c-5818-4030-9063-ce6aaea58cc5.fields.62d34a92-b55e-4808-96af-4c3b079435b4.contentColumnType','\"text\"'),('matrixBlockTypes.447d8c6c-5818-4030-9063-ce6aaea58cc5.fields.62d34a92-b55e-4808-96af-4c3b079435b4.fieldGroup','null'),('matrixBlockTypes.447d8c6c-5818-4030-9063-ce6aaea58cc5.fields.62d34a92-b55e-4808-96af-4c3b079435b4.handle','\"label\"'),('matrixBlockTypes.447d8c6c-5818-4030-9063-ce6aaea58cc5.fields.62d34a92-b55e-4808-96af-4c3b079435b4.instructions','null'),('matrixBlockTypes.447d8c6c-5818-4030-9063-ce6aaea58cc5.fields.62d34a92-b55e-4808-96af-4c3b079435b4.name','\"Label\"'),('matrixBlockTypes.447d8c6c-5818-4030-9063-ce6aaea58cc5.fields.62d34a92-b55e-4808-96af-4c3b079435b4.searchable','false'),('matrixBlockTypes.447d8c6c-5818-4030-9063-ce6aaea58cc5.fields.62d34a92-b55e-4808-96af-4c3b079435b4.settings.byteLimit','null'),('matrixBlockTypes.447d8c6c-5818-4030-9063-ce6aaea58cc5.fields.62d34a92-b55e-4808-96af-4c3b079435b4.settings.charLimit','null'),('matrixBlockTypes.447d8c6c-5818-4030-9063-ce6aaea58cc5.fields.62d34a92-b55e-4808-96af-4c3b079435b4.settings.code','false'),('matrixBlockTypes.447d8c6c-5818-4030-9063-ce6aaea58cc5.fields.62d34a92-b55e-4808-96af-4c3b079435b4.settings.columnType','null'),('matrixBlockTypes.447d8c6c-5818-4030-9063-ce6aaea58cc5.fields.62d34a92-b55e-4808-96af-4c3b079435b4.settings.initialRows','4'),('matrixBlockTypes.447d8c6c-5818-4030-9063-ce6aaea58cc5.fields.62d34a92-b55e-4808-96af-4c3b079435b4.settings.multiline','false'),('matrixBlockTypes.447d8c6c-5818-4030-9063-ce6aaea58cc5.fields.62d34a92-b55e-4808-96af-4c3b079435b4.settings.placeholder','null'),('matrixBlockTypes.447d8c6c-5818-4030-9063-ce6aaea58cc5.fields.62d34a92-b55e-4808-96af-4c3b079435b4.settings.uiMode','\"normal\"'),('matrixBlockTypes.447d8c6c-5818-4030-9063-ce6aaea58cc5.fields.62d34a92-b55e-4808-96af-4c3b079435b4.translationKeyFormat','null'),('matrixBlockTypes.447d8c6c-5818-4030-9063-ce6aaea58cc5.fields.62d34a92-b55e-4808-96af-4c3b079435b4.translationMethod','\"none\"'),('matrixBlockTypes.447d8c6c-5818-4030-9063-ce6aaea58cc5.fields.62d34a92-b55e-4808-96af-4c3b079435b4.type','\"craft\\\\fields\\\\PlainText\"'),('matrixBlockTypes.447d8c6c-5818-4030-9063-ce6aaea58cc5.fields.6e24cd37-8102-4045-baa9-f737aa947664.columnSuffix','\"vosbzgll\"'),('matrixBlockTypes.447d8c6c-5818-4030-9063-ce6aaea58cc5.fields.6e24cd37-8102-4045-baa9-f737aa947664.contentColumnType','\"string(255)\"'),('matrixBlockTypes.447d8c6c-5818-4030-9063-ce6aaea58cc5.fields.6e24cd37-8102-4045-baa9-f737aa947664.fieldGroup','null'),('matrixBlockTypes.447d8c6c-5818-4030-9063-ce6aaea58cc5.fields.6e24cd37-8102-4045-baa9-f737aa947664.handle','\"buttonurl\"'),('matrixBlockTypes.447d8c6c-5818-4030-9063-ce6aaea58cc5.fields.6e24cd37-8102-4045-baa9-f737aa947664.instructions','null'),('matrixBlockTypes.447d8c6c-5818-4030-9063-ce6aaea58cc5.fields.6e24cd37-8102-4045-baa9-f737aa947664.name','\"URL\"'),('matrixBlockTypes.447d8c6c-5818-4030-9063-ce6aaea58cc5.fields.6e24cd37-8102-4045-baa9-f737aa947664.searchable','false'),('matrixBlockTypes.447d8c6c-5818-4030-9063-ce6aaea58cc5.fields.6e24cd37-8102-4045-baa9-f737aa947664.settings.maxLength','255'),('matrixBlockTypes.447d8c6c-5818-4030-9063-ce6aaea58cc5.fields.6e24cd37-8102-4045-baa9-f737aa947664.settings.types.0','\"url\"'),('matrixBlockTypes.447d8c6c-5818-4030-9063-ce6aaea58cc5.fields.6e24cd37-8102-4045-baa9-f737aa947664.settings.types.1','\"tel\"'),('matrixBlockTypes.447d8c6c-5818-4030-9063-ce6aaea58cc5.fields.6e24cd37-8102-4045-baa9-f737aa947664.settings.types.2','\"email\"'),('matrixBlockTypes.447d8c6c-5818-4030-9063-ce6aaea58cc5.fields.6e24cd37-8102-4045-baa9-f737aa947664.translationKeyFormat','null'),('matrixBlockTypes.447d8c6c-5818-4030-9063-ce6aaea58cc5.fields.6e24cd37-8102-4045-baa9-f737aa947664.translationMethod','\"none\"'),('matrixBlockTypes.447d8c6c-5818-4030-9063-ce6aaea58cc5.fields.6e24cd37-8102-4045-baa9-f737aa947664.type','\"craft\\\\fields\\\\Url\"'),('matrixBlockTypes.447d8c6c-5818-4030-9063-ce6aaea58cc5.handle','\"button\"'),('matrixBlockTypes.447d8c6c-5818-4030-9063-ce6aaea58cc5.name','\"Button\"'),('matrixBlockTypes.447d8c6c-5818-4030-9063-ce6aaea58cc5.sortOrder','5'),('matrixBlockTypes.5b812ee9-8a7b-4a54-8a2c-a044ba9ab773.field','\"1868147e-f313-447c-8be6-69a4e7a80ccd\"'),('matrixBlockTypes.5b812ee9-8a7b-4a54-8a2c-a044ba9ab773.fieldLayouts.ba685385-c9be-486e-bd79-1983af3d2f0a.tabs.0.elementCondition','null'),('matrixBlockTypes.5b812ee9-8a7b-4a54-8a2c-a044ba9ab773.fieldLayouts.ba685385-c9be-486e-bd79-1983af3d2f0a.tabs.0.elements.0.elementCondition','null'),('matrixBlockTypes.5b812ee9-8a7b-4a54-8a2c-a044ba9ab773.fieldLayouts.ba685385-c9be-486e-bd79-1983af3d2f0a.tabs.0.elements.0.fieldUid','\"c93126a1-714c-46ba-a40a-f0fa1079aa18\"'),('matrixBlockTypes.5b812ee9-8a7b-4a54-8a2c-a044ba9ab773.fieldLayouts.ba685385-c9be-486e-bd79-1983af3d2f0a.tabs.0.elements.0.instructions','null'),('matrixBlockTypes.5b812ee9-8a7b-4a54-8a2c-a044ba9ab773.fieldLayouts.ba685385-c9be-486e-bd79-1983af3d2f0a.tabs.0.elements.0.label','null'),('matrixBlockTypes.5b812ee9-8a7b-4a54-8a2c-a044ba9ab773.fieldLayouts.ba685385-c9be-486e-bd79-1983af3d2f0a.tabs.0.elements.0.required','true'),('matrixBlockTypes.5b812ee9-8a7b-4a54-8a2c-a044ba9ab773.fieldLayouts.ba685385-c9be-486e-bd79-1983af3d2f0a.tabs.0.elements.0.tip','null'),('matrixBlockTypes.5b812ee9-8a7b-4a54-8a2c-a044ba9ab773.fieldLayouts.ba685385-c9be-486e-bd79-1983af3d2f0a.tabs.0.elements.0.type','\"craft\\\\fieldlayoutelements\\\\CustomField\"'),('matrixBlockTypes.5b812ee9-8a7b-4a54-8a2c-a044ba9ab773.fieldLayouts.ba685385-c9be-486e-bd79-1983af3d2f0a.tabs.0.elements.0.uid','\"a6b44e2f-0f86-4e33-9d04-09f849f2ee4c\"'),('matrixBlockTypes.5b812ee9-8a7b-4a54-8a2c-a044ba9ab773.fieldLayouts.ba685385-c9be-486e-bd79-1983af3d2f0a.tabs.0.elements.0.userCondition','null'),('matrixBlockTypes.5b812ee9-8a7b-4a54-8a2c-a044ba9ab773.fieldLayouts.ba685385-c9be-486e-bd79-1983af3d2f0a.tabs.0.elements.0.warning','null'),('matrixBlockTypes.5b812ee9-8a7b-4a54-8a2c-a044ba9ab773.fieldLayouts.ba685385-c9be-486e-bd79-1983af3d2f0a.tabs.0.elements.0.width','100'),('matrixBlockTypes.5b812ee9-8a7b-4a54-8a2c-a044ba9ab773.fieldLayouts.ba685385-c9be-486e-bd79-1983af3d2f0a.tabs.0.name','\"Content\"'),('matrixBlockTypes.5b812ee9-8a7b-4a54-8a2c-a044ba9ab773.fieldLayouts.ba685385-c9be-486e-bd79-1983af3d2f0a.tabs.0.uid','\"688d414a-3c33-458d-a6a5-bad2dba52296\"'),('matrixBlockTypes.5b812ee9-8a7b-4a54-8a2c-a044ba9ab773.fieldLayouts.ba685385-c9be-486e-bd79-1983af3d2f0a.tabs.0.userCondition','null'),('matrixBlockTypes.5b812ee9-8a7b-4a54-8a2c-a044ba9ab773.fields.c93126a1-714c-46ba-a40a-f0fa1079aa18.columnSuffix','\"nttidlzh\"'),('matrixBlockTypes.5b812ee9-8a7b-4a54-8a2c-a044ba9ab773.fields.c93126a1-714c-46ba-a40a-f0fa1079aa18.contentColumnType','\"text\"'),('matrixBlockTypes.5b812ee9-8a7b-4a54-8a2c-a044ba9ab773.fields.c93126a1-714c-46ba-a40a-f0fa1079aa18.fieldGroup','null'),('matrixBlockTypes.5b812ee9-8a7b-4a54-8a2c-a044ba9ab773.fields.c93126a1-714c-46ba-a40a-f0fa1079aa18.handle','\"text\"'),('matrixBlockTypes.5b812ee9-8a7b-4a54-8a2c-a044ba9ab773.fields.c93126a1-714c-46ba-a40a-f0fa1079aa18.instructions','null'),('matrixBlockTypes.5b812ee9-8a7b-4a54-8a2c-a044ba9ab773.fields.c93126a1-714c-46ba-a40a-f0fa1079aa18.name','\"Text\"'),('matrixBlockTypes.5b812ee9-8a7b-4a54-8a2c-a044ba9ab773.fields.c93126a1-714c-46ba-a40a-f0fa1079aa18.searchable','false'),('matrixBlockTypes.5b812ee9-8a7b-4a54-8a2c-a044ba9ab773.fields.c93126a1-714c-46ba-a40a-f0fa1079aa18.settings.availableTransforms','\"\"'),('matrixBlockTypes.5b812ee9-8a7b-4a54-8a2c-a044ba9ab773.fields.c93126a1-714c-46ba-a40a-f0fa1079aa18.settings.availableVolumes','\"\"'),('matrixBlockTypes.5b812ee9-8a7b-4a54-8a2c-a044ba9ab773.fields.c93126a1-714c-46ba-a40a-f0fa1079aa18.settings.columnType','\"text\"'),('matrixBlockTypes.5b812ee9-8a7b-4a54-8a2c-a044ba9ab773.fields.c93126a1-714c-46ba-a40a-f0fa1079aa18.settings.configSelectionMode','\"choose\"'),('matrixBlockTypes.5b812ee9-8a7b-4a54-8a2c-a044ba9ab773.fields.c93126a1-714c-46ba-a40a-f0fa1079aa18.settings.defaultTransform','\"\"'),('matrixBlockTypes.5b812ee9-8a7b-4a54-8a2c-a044ba9ab773.fields.c93126a1-714c-46ba-a40a-f0fa1079aa18.settings.manualConfig','\"\"'),('matrixBlockTypes.5b812ee9-8a7b-4a54-8a2c-a044ba9ab773.fields.c93126a1-714c-46ba-a40a-f0fa1079aa18.settings.purifierConfig','null'),('matrixBlockTypes.5b812ee9-8a7b-4a54-8a2c-a044ba9ab773.fields.c93126a1-714c-46ba-a40a-f0fa1079aa18.settings.purifyHtml','true'),('matrixBlockTypes.5b812ee9-8a7b-4a54-8a2c-a044ba9ab773.fields.c93126a1-714c-46ba-a40a-f0fa1079aa18.settings.redactorConfig','\"Simple.json\"'),('matrixBlockTypes.5b812ee9-8a7b-4a54-8a2c-a044ba9ab773.fields.c93126a1-714c-46ba-a40a-f0fa1079aa18.settings.removeEmptyTags','true'),('matrixBlockTypes.5b812ee9-8a7b-4a54-8a2c-a044ba9ab773.fields.c93126a1-714c-46ba-a40a-f0fa1079aa18.settings.removeInlineStyles','false'),('matrixBlockTypes.5b812ee9-8a7b-4a54-8a2c-a044ba9ab773.fields.c93126a1-714c-46ba-a40a-f0fa1079aa18.settings.removeNbsp','false'),('matrixBlockTypes.5b812ee9-8a7b-4a54-8a2c-a044ba9ab773.fields.c93126a1-714c-46ba-a40a-f0fa1079aa18.settings.showHtmlButtonForNonAdmins','false'),('matrixBlockTypes.5b812ee9-8a7b-4a54-8a2c-a044ba9ab773.fields.c93126a1-714c-46ba-a40a-f0fa1079aa18.settings.showUnpermittedFiles','false'),('matrixBlockTypes.5b812ee9-8a7b-4a54-8a2c-a044ba9ab773.fields.c93126a1-714c-46ba-a40a-f0fa1079aa18.settings.showUnpermittedVolumes','false'),('matrixBlockTypes.5b812ee9-8a7b-4a54-8a2c-a044ba9ab773.fields.c93126a1-714c-46ba-a40a-f0fa1079aa18.settings.uiMode','\"enlarged\"'),('matrixBlockTypes.5b812ee9-8a7b-4a54-8a2c-a044ba9ab773.fields.c93126a1-714c-46ba-a40a-f0fa1079aa18.translationKeyFormat','null'),('matrixBlockTypes.5b812ee9-8a7b-4a54-8a2c-a044ba9ab773.fields.c93126a1-714c-46ba-a40a-f0fa1079aa18.translationMethod','\"none\"'),('matrixBlockTypes.5b812ee9-8a7b-4a54-8a2c-a044ba9ab773.fields.c93126a1-714c-46ba-a40a-f0fa1079aa18.type','\"craft\\\\redactor\\\\Field\"'),('matrixBlockTypes.5b812ee9-8a7b-4a54-8a2c-a044ba9ab773.handle','\"text\"'),('matrixBlockTypes.5b812ee9-8a7b-4a54-8a2c-a044ba9ab773.name','\"Text\"'),('matrixBlockTypes.5b812ee9-8a7b-4a54-8a2c-a044ba9ab773.sortOrder','1'),('matrixBlockTypes.81ab74a9-3abe-4d21-a42a-198a7e5c3396.field','\"1868147e-f313-447c-8be6-69a4e7a80ccd\"'),('matrixBlockTypes.81ab74a9-3abe-4d21-a42a-198a7e5c3396.fieldLayouts.b07e47e6-95dc-40d1-82ee-a91041fa5cfd.tabs.0.elementCondition','null'),('matrixBlockTypes.81ab74a9-3abe-4d21-a42a-198a7e5c3396.fieldLayouts.b07e47e6-95dc-40d1-82ee-a91041fa5cfd.tabs.0.elements.0.elementCondition','null'),('matrixBlockTypes.81ab74a9-3abe-4d21-a42a-198a7e5c3396.fieldLayouts.b07e47e6-95dc-40d1-82ee-a91041fa5cfd.tabs.0.elements.0.fieldUid','\"997602dc-573a-4b47-97f6-52c9a6f2baee\"'),('matrixBlockTypes.81ab74a9-3abe-4d21-a42a-198a7e5c3396.fieldLayouts.b07e47e6-95dc-40d1-82ee-a91041fa5cfd.tabs.0.elements.0.instructions','null'),('matrixBlockTypes.81ab74a9-3abe-4d21-a42a-198a7e5c3396.fieldLayouts.b07e47e6-95dc-40d1-82ee-a91041fa5cfd.tabs.0.elements.0.label','null'),('matrixBlockTypes.81ab74a9-3abe-4d21-a42a-198a7e5c3396.fieldLayouts.b07e47e6-95dc-40d1-82ee-a91041fa5cfd.tabs.0.elements.0.required','true'),('matrixBlockTypes.81ab74a9-3abe-4d21-a42a-198a7e5c3396.fieldLayouts.b07e47e6-95dc-40d1-82ee-a91041fa5cfd.tabs.0.elements.0.tip','null'),('matrixBlockTypes.81ab74a9-3abe-4d21-a42a-198a7e5c3396.fieldLayouts.b07e47e6-95dc-40d1-82ee-a91041fa5cfd.tabs.0.elements.0.type','\"craft\\\\fieldlayoutelements\\\\CustomField\"'),('matrixBlockTypes.81ab74a9-3abe-4d21-a42a-198a7e5c3396.fieldLayouts.b07e47e6-95dc-40d1-82ee-a91041fa5cfd.tabs.0.elements.0.uid','\"2e64e76a-4469-4031-adaa-a553efce0776\"'),('matrixBlockTypes.81ab74a9-3abe-4d21-a42a-198a7e5c3396.fieldLayouts.b07e47e6-95dc-40d1-82ee-a91041fa5cfd.tabs.0.elements.0.userCondition','null'),('matrixBlockTypes.81ab74a9-3abe-4d21-a42a-198a7e5c3396.fieldLayouts.b07e47e6-95dc-40d1-82ee-a91041fa5cfd.tabs.0.elements.0.warning','null'),('matrixBlockTypes.81ab74a9-3abe-4d21-a42a-198a7e5c3396.fieldLayouts.b07e47e6-95dc-40d1-82ee-a91041fa5cfd.tabs.0.elements.0.width','100'),('matrixBlockTypes.81ab74a9-3abe-4d21-a42a-198a7e5c3396.fieldLayouts.b07e47e6-95dc-40d1-82ee-a91041fa5cfd.tabs.0.name','\"Content\"'),('matrixBlockTypes.81ab74a9-3abe-4d21-a42a-198a7e5c3396.fieldLayouts.b07e47e6-95dc-40d1-82ee-a91041fa5cfd.tabs.0.uid','\"c3b75f75-000a-4158-be9f-b1d06f941a85\"'),('matrixBlockTypes.81ab74a9-3abe-4d21-a42a-198a7e5c3396.fieldLayouts.b07e47e6-95dc-40d1-82ee-a91041fa5cfd.tabs.0.userCondition','null'),('matrixBlockTypes.81ab74a9-3abe-4d21-a42a-198a7e5c3396.fields.997602dc-573a-4b47-97f6-52c9a6f2baee.columnSuffix','\"quicklpb\"'),('matrixBlockTypes.81ab74a9-3abe-4d21-a42a-198a7e5c3396.fields.997602dc-573a-4b47-97f6-52c9a6f2baee.contentColumnType','\"string(4000)\"'),('matrixBlockTypes.81ab74a9-3abe-4d21-a42a-198a7e5c3396.fields.997602dc-573a-4b47-97f6-52c9a6f2baee.fieldGroup','null'),('matrixBlockTypes.81ab74a9-3abe-4d21-a42a-198a7e5c3396.fields.997602dc-573a-4b47-97f6-52c9a6f2baee.handle','\"atitle\"'),('matrixBlockTypes.81ab74a9-3abe-4d21-a42a-198a7e5c3396.fields.997602dc-573a-4b47-97f6-52c9a6f2baee.instructions','null'),('matrixBlockTypes.81ab74a9-3abe-4d21-a42a-198a7e5c3396.fields.997602dc-573a-4b47-97f6-52c9a6f2baee.name','\"Title\"'),('matrixBlockTypes.81ab74a9-3abe-4d21-a42a-198a7e5c3396.fields.997602dc-573a-4b47-97f6-52c9a6f2baee.searchable','false'),('matrixBlockTypes.81ab74a9-3abe-4d21-a42a-198a7e5c3396.fields.997602dc-573a-4b47-97f6-52c9a6f2baee.settings.byteLimit','null'),('matrixBlockTypes.81ab74a9-3abe-4d21-a42a-198a7e5c3396.fields.997602dc-573a-4b47-97f6-52c9a6f2baee.settings.charLimit','1000'),('matrixBlockTypes.81ab74a9-3abe-4d21-a42a-198a7e5c3396.fields.997602dc-573a-4b47-97f6-52c9a6f2baee.settings.code','false'),('matrixBlockTypes.81ab74a9-3abe-4d21-a42a-198a7e5c3396.fields.997602dc-573a-4b47-97f6-52c9a6f2baee.settings.columnType','null'),('matrixBlockTypes.81ab74a9-3abe-4d21-a42a-198a7e5c3396.fields.997602dc-573a-4b47-97f6-52c9a6f2baee.settings.initialRows','4'),('matrixBlockTypes.81ab74a9-3abe-4d21-a42a-198a7e5c3396.fields.997602dc-573a-4b47-97f6-52c9a6f2baee.settings.multiline','false'),('matrixBlockTypes.81ab74a9-3abe-4d21-a42a-198a7e5c3396.fields.997602dc-573a-4b47-97f6-52c9a6f2baee.settings.placeholder','null'),('matrixBlockTypes.81ab74a9-3abe-4d21-a42a-198a7e5c3396.fields.997602dc-573a-4b47-97f6-52c9a6f2baee.settings.uiMode','\"normal\"'),('matrixBlockTypes.81ab74a9-3abe-4d21-a42a-198a7e5c3396.fields.997602dc-573a-4b47-97f6-52c9a6f2baee.translationKeyFormat','null'),('matrixBlockTypes.81ab74a9-3abe-4d21-a42a-198a7e5c3396.fields.997602dc-573a-4b47-97f6-52c9a6f2baee.translationMethod','\"none\"'),('matrixBlockTypes.81ab74a9-3abe-4d21-a42a-198a7e5c3396.fields.997602dc-573a-4b47-97f6-52c9a6f2baee.type','\"craft\\\\fields\\\\PlainText\"'),('matrixBlockTypes.81ab74a9-3abe-4d21-a42a-198a7e5c3396.handle','\"atitle\"'),('matrixBlockTypes.81ab74a9-3abe-4d21-a42a-198a7e5c3396.name','\"Title\"'),('matrixBlockTypes.81ab74a9-3abe-4d21-a42a-198a7e5c3396.sortOrder','4'),('matrixBlockTypes.953eb59b-717b-4ad7-bcf7-cb6e62733736.field','\"1868147e-f313-447c-8be6-69a4e7a80ccd\"'),('matrixBlockTypes.953eb59b-717b-4ad7-bcf7-cb6e62733736.fieldLayouts.92e396f0-b348-43ea-be38-9c7f27194e67.tabs.0.elementCondition','null'),('matrixBlockTypes.953eb59b-717b-4ad7-bcf7-cb6e62733736.fieldLayouts.92e396f0-b348-43ea-be38-9c7f27194e67.tabs.0.elements.0.elementCondition','null'),('matrixBlockTypes.953eb59b-717b-4ad7-bcf7-cb6e62733736.fieldLayouts.92e396f0-b348-43ea-be38-9c7f27194e67.tabs.0.elements.0.fieldUid','\"f4eaf466-dac3-40b0-ae71-f7ea40919e9e\"'),('matrixBlockTypes.953eb59b-717b-4ad7-bcf7-cb6e62733736.fieldLayouts.92e396f0-b348-43ea-be38-9c7f27194e67.tabs.0.elements.0.instructions','null'),('matrixBlockTypes.953eb59b-717b-4ad7-bcf7-cb6e62733736.fieldLayouts.92e396f0-b348-43ea-be38-9c7f27194e67.tabs.0.elements.0.label','null'),('matrixBlockTypes.953eb59b-717b-4ad7-bcf7-cb6e62733736.fieldLayouts.92e396f0-b348-43ea-be38-9c7f27194e67.tabs.0.elements.0.required','false'),('matrixBlockTypes.953eb59b-717b-4ad7-bcf7-cb6e62733736.fieldLayouts.92e396f0-b348-43ea-be38-9c7f27194e67.tabs.0.elements.0.tip','null'),('matrixBlockTypes.953eb59b-717b-4ad7-bcf7-cb6e62733736.fieldLayouts.92e396f0-b348-43ea-be38-9c7f27194e67.tabs.0.elements.0.type','\"craft\\\\fieldlayoutelements\\\\CustomField\"'),('matrixBlockTypes.953eb59b-717b-4ad7-bcf7-cb6e62733736.fieldLayouts.92e396f0-b348-43ea-be38-9c7f27194e67.tabs.0.elements.0.uid','\"2f23d0e3-4811-49bf-81f9-820ad75b8fdf\"'),('matrixBlockTypes.953eb59b-717b-4ad7-bcf7-cb6e62733736.fieldLayouts.92e396f0-b348-43ea-be38-9c7f27194e67.tabs.0.elements.0.userCondition','null'),('matrixBlockTypes.953eb59b-717b-4ad7-bcf7-cb6e62733736.fieldLayouts.92e396f0-b348-43ea-be38-9c7f27194e67.tabs.0.elements.0.warning','null'),('matrixBlockTypes.953eb59b-717b-4ad7-bcf7-cb6e62733736.fieldLayouts.92e396f0-b348-43ea-be38-9c7f27194e67.tabs.0.elements.0.width','100'),('matrixBlockTypes.953eb59b-717b-4ad7-bcf7-cb6e62733736.fieldLayouts.92e396f0-b348-43ea-be38-9c7f27194e67.tabs.0.name','\"Content\"'),('matrixBlockTypes.953eb59b-717b-4ad7-bcf7-cb6e62733736.fieldLayouts.92e396f0-b348-43ea-be38-9c7f27194e67.tabs.0.uid','\"9d3be027-04ce-42d7-bea6-e151cc2938da\"'),('matrixBlockTypes.953eb59b-717b-4ad7-bcf7-cb6e62733736.fieldLayouts.92e396f0-b348-43ea-be38-9c7f27194e67.tabs.0.userCondition','null'),('matrixBlockTypes.953eb59b-717b-4ad7-bcf7-cb6e62733736.fields.f4eaf466-dac3-40b0-ae71-f7ea40919e9e.columnSuffix','\"qkbxjdbq\"'),('matrixBlockTypes.953eb59b-717b-4ad7-bcf7-cb6e62733736.fields.f4eaf466-dac3-40b0-ae71-f7ea40919e9e.contentColumnType','\"text\"'),('matrixBlockTypes.953eb59b-717b-4ad7-bcf7-cb6e62733736.fields.f4eaf466-dac3-40b0-ae71-f7ea40919e9e.fieldGroup','null'),('matrixBlockTypes.953eb59b-717b-4ad7-bcf7-cb6e62733736.fields.f4eaf466-dac3-40b0-ae71-f7ea40919e9e.handle','\"quote\"'),('matrixBlockTypes.953eb59b-717b-4ad7-bcf7-cb6e62733736.fields.f4eaf466-dac3-40b0-ae71-f7ea40919e9e.instructions','null'),('matrixBlockTypes.953eb59b-717b-4ad7-bcf7-cb6e62733736.fields.f4eaf466-dac3-40b0-ae71-f7ea40919e9e.name','\"Quote\"'),('matrixBlockTypes.953eb59b-717b-4ad7-bcf7-cb6e62733736.fields.f4eaf466-dac3-40b0-ae71-f7ea40919e9e.searchable','false'),('matrixBlockTypes.953eb59b-717b-4ad7-bcf7-cb6e62733736.fields.f4eaf466-dac3-40b0-ae71-f7ea40919e9e.settings.availableTransforms','\"\"'),('matrixBlockTypes.953eb59b-717b-4ad7-bcf7-cb6e62733736.fields.f4eaf466-dac3-40b0-ae71-f7ea40919e9e.settings.availableVolumes','\"\"'),('matrixBlockTypes.953eb59b-717b-4ad7-bcf7-cb6e62733736.fields.f4eaf466-dac3-40b0-ae71-f7ea40919e9e.settings.columnType','\"text\"'),('matrixBlockTypes.953eb59b-717b-4ad7-bcf7-cb6e62733736.fields.f4eaf466-dac3-40b0-ae71-f7ea40919e9e.settings.configSelectionMode','\"choose\"'),('matrixBlockTypes.953eb59b-717b-4ad7-bcf7-cb6e62733736.fields.f4eaf466-dac3-40b0-ae71-f7ea40919e9e.settings.defaultTransform','\"\"'),('matrixBlockTypes.953eb59b-717b-4ad7-bcf7-cb6e62733736.fields.f4eaf466-dac3-40b0-ae71-f7ea40919e9e.settings.manualConfig','\"\"'),('matrixBlockTypes.953eb59b-717b-4ad7-bcf7-cb6e62733736.fields.f4eaf466-dac3-40b0-ae71-f7ea40919e9e.settings.purifierConfig','null'),('matrixBlockTypes.953eb59b-717b-4ad7-bcf7-cb6e62733736.fields.f4eaf466-dac3-40b0-ae71-f7ea40919e9e.settings.purifyHtml','true'),('matrixBlockTypes.953eb59b-717b-4ad7-bcf7-cb6e62733736.fields.f4eaf466-dac3-40b0-ae71-f7ea40919e9e.settings.redactorConfig','\"Simple.json\"'),('matrixBlockTypes.953eb59b-717b-4ad7-bcf7-cb6e62733736.fields.f4eaf466-dac3-40b0-ae71-f7ea40919e9e.settings.removeEmptyTags','false'),('matrixBlockTypes.953eb59b-717b-4ad7-bcf7-cb6e62733736.fields.f4eaf466-dac3-40b0-ae71-f7ea40919e9e.settings.removeInlineStyles','false'),('matrixBlockTypes.953eb59b-717b-4ad7-bcf7-cb6e62733736.fields.f4eaf466-dac3-40b0-ae71-f7ea40919e9e.settings.removeNbsp','false'),('matrixBlockTypes.953eb59b-717b-4ad7-bcf7-cb6e62733736.fields.f4eaf466-dac3-40b0-ae71-f7ea40919e9e.settings.showHtmlButtonForNonAdmins','false'),('matrixBlockTypes.953eb59b-717b-4ad7-bcf7-cb6e62733736.fields.f4eaf466-dac3-40b0-ae71-f7ea40919e9e.settings.showUnpermittedFiles','false'),('matrixBlockTypes.953eb59b-717b-4ad7-bcf7-cb6e62733736.fields.f4eaf466-dac3-40b0-ae71-f7ea40919e9e.settings.showUnpermittedVolumes','false'),('matrixBlockTypes.953eb59b-717b-4ad7-bcf7-cb6e62733736.fields.f4eaf466-dac3-40b0-ae71-f7ea40919e9e.settings.uiMode','\"enlarged\"'),('matrixBlockTypes.953eb59b-717b-4ad7-bcf7-cb6e62733736.fields.f4eaf466-dac3-40b0-ae71-f7ea40919e9e.translationKeyFormat','null'),('matrixBlockTypes.953eb59b-717b-4ad7-bcf7-cb6e62733736.fields.f4eaf466-dac3-40b0-ae71-f7ea40919e9e.translationMethod','\"none\"'),('matrixBlockTypes.953eb59b-717b-4ad7-bcf7-cb6e62733736.fields.f4eaf466-dac3-40b0-ae71-f7ea40919e9e.type','\"craft\\\\redactor\\\\Field\"'),('matrixBlockTypes.953eb59b-717b-4ad7-bcf7-cb6e62733736.handle','\"quote\"'),('matrixBlockTypes.953eb59b-717b-4ad7-bcf7-cb6e62733736.name','\"Quote\"'),('matrixBlockTypes.953eb59b-717b-4ad7-bcf7-cb6e62733736.sortOrder','3'),('matrixBlockTypes.ad625bf4-4eff-47fc-8109-a2273e28024e.field','\"1868147e-f313-447c-8be6-69a4e7a80ccd\"'),('matrixBlockTypes.ad625bf4-4eff-47fc-8109-a2273e28024e.fieldLayouts.e6669a34-c3ef-46b6-87e9-a5d8bc5524c3.tabs.0.elementCondition','null'),('matrixBlockTypes.ad625bf4-4eff-47fc-8109-a2273e28024e.fieldLayouts.e6669a34-c3ef-46b6-87e9-a5d8bc5524c3.tabs.0.elements.0.elementCondition','null'),('matrixBlockTypes.ad625bf4-4eff-47fc-8109-a2273e28024e.fieldLayouts.e6669a34-c3ef-46b6-87e9-a5d8bc5524c3.tabs.0.elements.0.fieldUid','\"a9bdda7e-29cc-4d85-abfd-b6634cc86cb1\"'),('matrixBlockTypes.ad625bf4-4eff-47fc-8109-a2273e28024e.fieldLayouts.e6669a34-c3ef-46b6-87e9-a5d8bc5524c3.tabs.0.elements.0.instructions','null'),('matrixBlockTypes.ad625bf4-4eff-47fc-8109-a2273e28024e.fieldLayouts.e6669a34-c3ef-46b6-87e9-a5d8bc5524c3.tabs.0.elements.0.label','null'),('matrixBlockTypes.ad625bf4-4eff-47fc-8109-a2273e28024e.fieldLayouts.e6669a34-c3ef-46b6-87e9-a5d8bc5524c3.tabs.0.elements.0.required','true'),('matrixBlockTypes.ad625bf4-4eff-47fc-8109-a2273e28024e.fieldLayouts.e6669a34-c3ef-46b6-87e9-a5d8bc5524c3.tabs.0.elements.0.tip','null'),('matrixBlockTypes.ad625bf4-4eff-47fc-8109-a2273e28024e.fieldLayouts.e6669a34-c3ef-46b6-87e9-a5d8bc5524c3.tabs.0.elements.0.type','\"craft\\\\fieldlayoutelements\\\\CustomField\"'),('matrixBlockTypes.ad625bf4-4eff-47fc-8109-a2273e28024e.fieldLayouts.e6669a34-c3ef-46b6-87e9-a5d8bc5524c3.tabs.0.elements.0.uid','\"39d68be4-9ad3-4323-a4d2-444370d8f3e2\"'),('matrixBlockTypes.ad625bf4-4eff-47fc-8109-a2273e28024e.fieldLayouts.e6669a34-c3ef-46b6-87e9-a5d8bc5524c3.tabs.0.elements.0.userCondition','null'),('matrixBlockTypes.ad625bf4-4eff-47fc-8109-a2273e28024e.fieldLayouts.e6669a34-c3ef-46b6-87e9-a5d8bc5524c3.tabs.0.elements.0.warning','null'),('matrixBlockTypes.ad625bf4-4eff-47fc-8109-a2273e28024e.fieldLayouts.e6669a34-c3ef-46b6-87e9-a5d8bc5524c3.tabs.0.elements.0.width','100'),('matrixBlockTypes.ad625bf4-4eff-47fc-8109-a2273e28024e.fieldLayouts.e6669a34-c3ef-46b6-87e9-a5d8bc5524c3.tabs.0.name','\"Content\"'),('matrixBlockTypes.ad625bf4-4eff-47fc-8109-a2273e28024e.fieldLayouts.e6669a34-c3ef-46b6-87e9-a5d8bc5524c3.tabs.0.uid','\"0825865e-04f5-4231-800a-8f08dd51c31a\"'),('matrixBlockTypes.ad625bf4-4eff-47fc-8109-a2273e28024e.fieldLayouts.e6669a34-c3ef-46b6-87e9-a5d8bc5524c3.tabs.0.userCondition','null'),('matrixBlockTypes.ad625bf4-4eff-47fc-8109-a2273e28024e.fields.a9bdda7e-29cc-4d85-abfd-b6634cc86cb1.columnSuffix','\"pidpvhgc\"'),('matrixBlockTypes.ad625bf4-4eff-47fc-8109-a2273e28024e.fields.a9bdda7e-29cc-4d85-abfd-b6634cc86cb1.contentColumnType','\"string(4000)\"'),('matrixBlockTypes.ad625bf4-4eff-47fc-8109-a2273e28024e.fields.a9bdda7e-29cc-4d85-abfd-b6634cc86cb1.fieldGroup','null'),('matrixBlockTypes.ad625bf4-4eff-47fc-8109-a2273e28024e.fields.a9bdda7e-29cc-4d85-abfd-b6634cc86cb1.handle','\"html\"'),('matrixBlockTypes.ad625bf4-4eff-47fc-8109-a2273e28024e.fields.a9bdda7e-29cc-4d85-abfd-b6634cc86cb1.instructions','null'),('matrixBlockTypes.ad625bf4-4eff-47fc-8109-a2273e28024e.fields.a9bdda7e-29cc-4d85-abfd-b6634cc86cb1.name','\"html\"'),('matrixBlockTypes.ad625bf4-4eff-47fc-8109-a2273e28024e.fields.a9bdda7e-29cc-4d85-abfd-b6634cc86cb1.searchable','false'),('matrixBlockTypes.ad625bf4-4eff-47fc-8109-a2273e28024e.fields.a9bdda7e-29cc-4d85-abfd-b6634cc86cb1.settings.byteLimit','null'),('matrixBlockTypes.ad625bf4-4eff-47fc-8109-a2273e28024e.fields.a9bdda7e-29cc-4d85-abfd-b6634cc86cb1.settings.charLimit','1000'),('matrixBlockTypes.ad625bf4-4eff-47fc-8109-a2273e28024e.fields.a9bdda7e-29cc-4d85-abfd-b6634cc86cb1.settings.code','false'),('matrixBlockTypes.ad625bf4-4eff-47fc-8109-a2273e28024e.fields.a9bdda7e-29cc-4d85-abfd-b6634cc86cb1.settings.columnType','null'),('matrixBlockTypes.ad625bf4-4eff-47fc-8109-a2273e28024e.fields.a9bdda7e-29cc-4d85-abfd-b6634cc86cb1.settings.initialRows','4'),('matrixBlockTypes.ad625bf4-4eff-47fc-8109-a2273e28024e.fields.a9bdda7e-29cc-4d85-abfd-b6634cc86cb1.settings.multiline','false'),('matrixBlockTypes.ad625bf4-4eff-47fc-8109-a2273e28024e.fields.a9bdda7e-29cc-4d85-abfd-b6634cc86cb1.settings.placeholder','null'),('matrixBlockTypes.ad625bf4-4eff-47fc-8109-a2273e28024e.fields.a9bdda7e-29cc-4d85-abfd-b6634cc86cb1.settings.uiMode','\"normal\"'),('matrixBlockTypes.ad625bf4-4eff-47fc-8109-a2273e28024e.fields.a9bdda7e-29cc-4d85-abfd-b6634cc86cb1.translationKeyFormat','null'),('matrixBlockTypes.ad625bf4-4eff-47fc-8109-a2273e28024e.fields.a9bdda7e-29cc-4d85-abfd-b6634cc86cb1.translationMethod','\"none\"'),('matrixBlockTypes.ad625bf4-4eff-47fc-8109-a2273e28024e.fields.a9bdda7e-29cc-4d85-abfd-b6634cc86cb1.type','\"craft\\\\fields\\\\PlainText\"'),('matrixBlockTypes.ad625bf4-4eff-47fc-8109-a2273e28024e.handle','\"embed\"'),('matrixBlockTypes.ad625bf4-4eff-47fc-8109-a2273e28024e.name','\"Embed\"'),('matrixBlockTypes.ad625bf4-4eff-47fc-8109-a2273e28024e.sortOrder','7'),('matrixBlockTypes.c2d0d2bc-1513-4fc7-baa0-63a91166154a.field','\"1868147e-f313-447c-8be6-69a4e7a80ccd\"'),('matrixBlockTypes.c2d0d2bc-1513-4fc7-baa0-63a91166154a.fieldLayouts.a1d7193b-27c5-4c93-9d0a-eed26fa82bfd.tabs.0.elementCondition','null'),('matrixBlockTypes.c2d0d2bc-1513-4fc7-baa0-63a91166154a.fieldLayouts.a1d7193b-27c5-4c93-9d0a-eed26fa82bfd.tabs.0.elements.0.elementCondition','null'),('matrixBlockTypes.c2d0d2bc-1513-4fc7-baa0-63a91166154a.fieldLayouts.a1d7193b-27c5-4c93-9d0a-eed26fa82bfd.tabs.0.elements.0.fieldUid','\"e7d05152-fb94-4684-9c81-12d15bb47634\"'),('matrixBlockTypes.c2d0d2bc-1513-4fc7-baa0-63a91166154a.fieldLayouts.a1d7193b-27c5-4c93-9d0a-eed26fa82bfd.tabs.0.elements.0.instructions','null'),('matrixBlockTypes.c2d0d2bc-1513-4fc7-baa0-63a91166154a.fieldLayouts.a1d7193b-27c5-4c93-9d0a-eed26fa82bfd.tabs.0.elements.0.label','null'),('matrixBlockTypes.c2d0d2bc-1513-4fc7-baa0-63a91166154a.fieldLayouts.a1d7193b-27c5-4c93-9d0a-eed26fa82bfd.tabs.0.elements.0.required','false'),('matrixBlockTypes.c2d0d2bc-1513-4fc7-baa0-63a91166154a.fieldLayouts.a1d7193b-27c5-4c93-9d0a-eed26fa82bfd.tabs.0.elements.0.tip','null'),('matrixBlockTypes.c2d0d2bc-1513-4fc7-baa0-63a91166154a.fieldLayouts.a1d7193b-27c5-4c93-9d0a-eed26fa82bfd.tabs.0.elements.0.type','\"craft\\\\fieldlayoutelements\\\\CustomField\"'),('matrixBlockTypes.c2d0d2bc-1513-4fc7-baa0-63a91166154a.fieldLayouts.a1d7193b-27c5-4c93-9d0a-eed26fa82bfd.tabs.0.elements.0.uid','\"7256f43d-b3f7-4225-aadf-88ec7c1ecbd0\"'),('matrixBlockTypes.c2d0d2bc-1513-4fc7-baa0-63a91166154a.fieldLayouts.a1d7193b-27c5-4c93-9d0a-eed26fa82bfd.tabs.0.elements.0.userCondition','null'),('matrixBlockTypes.c2d0d2bc-1513-4fc7-baa0-63a91166154a.fieldLayouts.a1d7193b-27c5-4c93-9d0a-eed26fa82bfd.tabs.0.elements.0.warning','null'),('matrixBlockTypes.c2d0d2bc-1513-4fc7-baa0-63a91166154a.fieldLayouts.a1d7193b-27c5-4c93-9d0a-eed26fa82bfd.tabs.0.elements.0.width','100'),('matrixBlockTypes.c2d0d2bc-1513-4fc7-baa0-63a91166154a.fieldLayouts.a1d7193b-27c5-4c93-9d0a-eed26fa82bfd.tabs.0.name','\"Content\"'),('matrixBlockTypes.c2d0d2bc-1513-4fc7-baa0-63a91166154a.fieldLayouts.a1d7193b-27c5-4c93-9d0a-eed26fa82bfd.tabs.0.uid','\"8943b25a-4d9c-4593-a991-0f87ebc99de6\"'),('matrixBlockTypes.c2d0d2bc-1513-4fc7-baa0-63a91166154a.fieldLayouts.a1d7193b-27c5-4c93-9d0a-eed26fa82bfd.tabs.0.userCondition','null'),('matrixBlockTypes.c2d0d2bc-1513-4fc7-baa0-63a91166154a.fields.e7d05152-fb94-4684-9c81-12d15bb47634.columnSuffix','\"wlmasuqo\"'),('matrixBlockTypes.c2d0d2bc-1513-4fc7-baa0-63a91166154a.fields.e7d05152-fb94-4684-9c81-12d15bb47634.contentColumnType','\"string\"'),('matrixBlockTypes.c2d0d2bc-1513-4fc7-baa0-63a91166154a.fields.e7d05152-fb94-4684-9c81-12d15bb47634.fieldGroup','null'),('matrixBlockTypes.c2d0d2bc-1513-4fc7-baa0-63a91166154a.fields.e7d05152-fb94-4684-9c81-12d15bb47634.handle','\"size\"'),('matrixBlockTypes.c2d0d2bc-1513-4fc7-baa0-63a91166154a.fields.e7d05152-fb94-4684-9c81-12d15bb47634.instructions','null'),('matrixBlockTypes.c2d0d2bc-1513-4fc7-baa0-63a91166154a.fields.e7d05152-fb94-4684-9c81-12d15bb47634.name','\"Size\"'),('matrixBlockTypes.c2d0d2bc-1513-4fc7-baa0-63a91166154a.fields.e7d05152-fb94-4684-9c81-12d15bb47634.searchable','false'),('matrixBlockTypes.c2d0d2bc-1513-4fc7-baa0-63a91166154a.fields.e7d05152-fb94-4684-9c81-12d15bb47634.settings.options.0.__assoc__.0.0','\"optgroup\"'),('matrixBlockTypes.c2d0d2bc-1513-4fc7-baa0-63a91166154a.fields.e7d05152-fb94-4684-9c81-12d15bb47634.settings.options.0.__assoc__.0.1','\"s\"'),('matrixBlockTypes.c2d0d2bc-1513-4fc7-baa0-63a91166154a.fields.e7d05152-fb94-4684-9c81-12d15bb47634.settings.options.1.__assoc__.0.0','\"label\"'),('matrixBlockTypes.c2d0d2bc-1513-4fc7-baa0-63a91166154a.fields.e7d05152-fb94-4684-9c81-12d15bb47634.settings.options.1.__assoc__.0.1','\"m\"'),('matrixBlockTypes.c2d0d2bc-1513-4fc7-baa0-63a91166154a.fields.e7d05152-fb94-4684-9c81-12d15bb47634.settings.options.1.__assoc__.1.0','\"value\"'),('matrixBlockTypes.c2d0d2bc-1513-4fc7-baa0-63a91166154a.fields.e7d05152-fb94-4684-9c81-12d15bb47634.settings.options.1.__assoc__.1.1','\"m\"'),('matrixBlockTypes.c2d0d2bc-1513-4fc7-baa0-63a91166154a.fields.e7d05152-fb94-4684-9c81-12d15bb47634.settings.options.1.__assoc__.2.0','\"default\"'),('matrixBlockTypes.c2d0d2bc-1513-4fc7-baa0-63a91166154a.fields.e7d05152-fb94-4684-9c81-12d15bb47634.settings.options.1.__assoc__.2.1','\"\"'),('matrixBlockTypes.c2d0d2bc-1513-4fc7-baa0-63a91166154a.fields.e7d05152-fb94-4684-9c81-12d15bb47634.settings.options.2.__assoc__.0.0','\"label\"'),('matrixBlockTypes.c2d0d2bc-1513-4fc7-baa0-63a91166154a.fields.e7d05152-fb94-4684-9c81-12d15bb47634.settings.options.2.__assoc__.0.1','\"l\"'),('matrixBlockTypes.c2d0d2bc-1513-4fc7-baa0-63a91166154a.fields.e7d05152-fb94-4684-9c81-12d15bb47634.settings.options.2.__assoc__.1.0','\"value\"'),('matrixBlockTypes.c2d0d2bc-1513-4fc7-baa0-63a91166154a.fields.e7d05152-fb94-4684-9c81-12d15bb47634.settings.options.2.__assoc__.1.1','\"l\"'),('matrixBlockTypes.c2d0d2bc-1513-4fc7-baa0-63a91166154a.fields.e7d05152-fb94-4684-9c81-12d15bb47634.settings.options.2.__assoc__.2.0','\"default\"'),('matrixBlockTypes.c2d0d2bc-1513-4fc7-baa0-63a91166154a.fields.e7d05152-fb94-4684-9c81-12d15bb47634.settings.options.2.__assoc__.2.1','\"\"'),('matrixBlockTypes.c2d0d2bc-1513-4fc7-baa0-63a91166154a.fields.e7d05152-fb94-4684-9c81-12d15bb47634.translationKeyFormat','null'),('matrixBlockTypes.c2d0d2bc-1513-4fc7-baa0-63a91166154a.fields.e7d05152-fb94-4684-9c81-12d15bb47634.translationMethod','\"none\"'),('matrixBlockTypes.c2d0d2bc-1513-4fc7-baa0-63a91166154a.fields.e7d05152-fb94-4684-9c81-12d15bb47634.type','\"craft\\\\fields\\\\Dropdown\"'),('matrixBlockTypes.c2d0d2bc-1513-4fc7-baa0-63a91166154a.handle','\"space\"'),('matrixBlockTypes.c2d0d2bc-1513-4fc7-baa0-63a91166154a.name','\"Space\"'),('matrixBlockTypes.c2d0d2bc-1513-4fc7-baa0-63a91166154a.sortOrder','6'),('matrixBlockTypes.fad79abe-8331-4f6b-bc9f-db61863a614a.field','\"1868147e-f313-447c-8be6-69a4e7a80ccd\"'),('matrixBlockTypes.fad79abe-8331-4f6b-bc9f-db61863a614a.fieldLayouts.add7d258-d89e-4468-9b2a-b7aa91aeac0a.tabs.0.elementCondition','null'),('matrixBlockTypes.fad79abe-8331-4f6b-bc9f-db61863a614a.fieldLayouts.add7d258-d89e-4468-9b2a-b7aa91aeac0a.tabs.0.elements.0.elementCondition','null'),('matrixBlockTypes.fad79abe-8331-4f6b-bc9f-db61863a614a.fieldLayouts.add7d258-d89e-4468-9b2a-b7aa91aeac0a.tabs.0.elements.0.fieldUid','\"8d05e9c2-d014-47a3-94a2-5779092a32a5\"'),('matrixBlockTypes.fad79abe-8331-4f6b-bc9f-db61863a614a.fieldLayouts.add7d258-d89e-4468-9b2a-b7aa91aeac0a.tabs.0.elements.0.instructions','null'),('matrixBlockTypes.fad79abe-8331-4f6b-bc9f-db61863a614a.fieldLayouts.add7d258-d89e-4468-9b2a-b7aa91aeac0a.tabs.0.elements.0.label','null'),('matrixBlockTypes.fad79abe-8331-4f6b-bc9f-db61863a614a.fieldLayouts.add7d258-d89e-4468-9b2a-b7aa91aeac0a.tabs.0.elements.0.required','true'),('matrixBlockTypes.fad79abe-8331-4f6b-bc9f-db61863a614a.fieldLayouts.add7d258-d89e-4468-9b2a-b7aa91aeac0a.tabs.0.elements.0.tip','null'),('matrixBlockTypes.fad79abe-8331-4f6b-bc9f-db61863a614a.fieldLayouts.add7d258-d89e-4468-9b2a-b7aa91aeac0a.tabs.0.elements.0.type','\"craft\\\\fieldlayoutelements\\\\CustomField\"'),('matrixBlockTypes.fad79abe-8331-4f6b-bc9f-db61863a614a.fieldLayouts.add7d258-d89e-4468-9b2a-b7aa91aeac0a.tabs.0.elements.0.uid','\"dfadddcb-4c01-445c-9ea5-606b802f71c6\"'),('matrixBlockTypes.fad79abe-8331-4f6b-bc9f-db61863a614a.fieldLayouts.add7d258-d89e-4468-9b2a-b7aa91aeac0a.tabs.0.elements.0.userCondition','null'),('matrixBlockTypes.fad79abe-8331-4f6b-bc9f-db61863a614a.fieldLayouts.add7d258-d89e-4468-9b2a-b7aa91aeac0a.tabs.0.elements.0.warning','null'),('matrixBlockTypes.fad79abe-8331-4f6b-bc9f-db61863a614a.fieldLayouts.add7d258-d89e-4468-9b2a-b7aa91aeac0a.tabs.0.elements.0.width','100'),('matrixBlockTypes.fad79abe-8331-4f6b-bc9f-db61863a614a.fieldLayouts.add7d258-d89e-4468-9b2a-b7aa91aeac0a.tabs.0.name','\"Content\"'),('matrixBlockTypes.fad79abe-8331-4f6b-bc9f-db61863a614a.fieldLayouts.add7d258-d89e-4468-9b2a-b7aa91aeac0a.tabs.0.uid','\"15ff9e55-e420-4231-9a11-ac64b87313ec\"'),('matrixBlockTypes.fad79abe-8331-4f6b-bc9f-db61863a614a.fieldLayouts.add7d258-d89e-4468-9b2a-b7aa91aeac0a.tabs.0.userCondition','null'),('matrixBlockTypes.fad79abe-8331-4f6b-bc9f-db61863a614a.fields.8d05e9c2-d014-47a3-94a2-5779092a32a5.columnSuffix','null'),('matrixBlockTypes.fad79abe-8331-4f6b-bc9f-db61863a614a.fields.8d05e9c2-d014-47a3-94a2-5779092a32a5.contentColumnType','\"string\"'),('matrixBlockTypes.fad79abe-8331-4f6b-bc9f-db61863a614a.fields.8d05e9c2-d014-47a3-94a2-5779092a32a5.fieldGroup','null'),('matrixBlockTypes.fad79abe-8331-4f6b-bc9f-db61863a614a.fields.8d05e9c2-d014-47a3-94a2-5779092a32a5.handle','\"visual\"'),('matrixBlockTypes.fad79abe-8331-4f6b-bc9f-db61863a614a.fields.8d05e9c2-d014-47a3-94a2-5779092a32a5.instructions','null'),('matrixBlockTypes.fad79abe-8331-4f6b-bc9f-db61863a614a.fields.8d05e9c2-d014-47a3-94a2-5779092a32a5.name','\"Visual\"'),('matrixBlockTypes.fad79abe-8331-4f6b-bc9f-db61863a614a.fields.8d05e9c2-d014-47a3-94a2-5779092a32a5.searchable','false'),('matrixBlockTypes.fad79abe-8331-4f6b-bc9f-db61863a614a.fields.8d05e9c2-d014-47a3-94a2-5779092a32a5.settings.allowedKinds.0','\"image\"'),('matrixBlockTypes.fad79abe-8331-4f6b-bc9f-db61863a614a.fields.8d05e9c2-d014-47a3-94a2-5779092a32a5.settings.allowedKinds.1','\"video\"'),('matrixBlockTypes.fad79abe-8331-4f6b-bc9f-db61863a614a.fields.8d05e9c2-d014-47a3-94a2-5779092a32a5.settings.allowSelfRelations','false'),('matrixBlockTypes.fad79abe-8331-4f6b-bc9f-db61863a614a.fields.8d05e9c2-d014-47a3-94a2-5779092a32a5.settings.allowSubfolders','false'),('matrixBlockTypes.fad79abe-8331-4f6b-bc9f-db61863a614a.fields.8d05e9c2-d014-47a3-94a2-5779092a32a5.settings.allowUploads','true'),('matrixBlockTypes.fad79abe-8331-4f6b-bc9f-db61863a614a.fields.8d05e9c2-d014-47a3-94a2-5779092a32a5.settings.branchLimit','null'),('matrixBlockTypes.fad79abe-8331-4f6b-bc9f-db61863a614a.fields.8d05e9c2-d014-47a3-94a2-5779092a32a5.settings.defaultUploadLocationSource','\"volume:95519e50-db71-4371-a271-5a9d9b117816\"'),('matrixBlockTypes.fad79abe-8331-4f6b-bc9f-db61863a614a.fields.8d05e9c2-d014-47a3-94a2-5779092a32a5.settings.defaultUploadLocationSubpath','null'),('matrixBlockTypes.fad79abe-8331-4f6b-bc9f-db61863a614a.fields.8d05e9c2-d014-47a3-94a2-5779092a32a5.settings.localizeRelations','false'),('matrixBlockTypes.fad79abe-8331-4f6b-bc9f-db61863a614a.fields.8d05e9c2-d014-47a3-94a2-5779092a32a5.settings.maintainHierarchy','false'),('matrixBlockTypes.fad79abe-8331-4f6b-bc9f-db61863a614a.fields.8d05e9c2-d014-47a3-94a2-5779092a32a5.settings.maxRelations','3'),('matrixBlockTypes.fad79abe-8331-4f6b-bc9f-db61863a614a.fields.8d05e9c2-d014-47a3-94a2-5779092a32a5.settings.minRelations','1'),('matrixBlockTypes.fad79abe-8331-4f6b-bc9f-db61863a614a.fields.8d05e9c2-d014-47a3-94a2-5779092a32a5.settings.previewMode','\"full\"'),('matrixBlockTypes.fad79abe-8331-4f6b-bc9f-db61863a614a.fields.8d05e9c2-d014-47a3-94a2-5779092a32a5.settings.restrictedDefaultUploadSubpath','null'),('matrixBlockTypes.fad79abe-8331-4f6b-bc9f-db61863a614a.fields.8d05e9c2-d014-47a3-94a2-5779092a32a5.settings.restrictedLocationSource','\"volume:95519e50-db71-4371-a271-5a9d9b117816\"'),('matrixBlockTypes.fad79abe-8331-4f6b-bc9f-db61863a614a.fields.8d05e9c2-d014-47a3-94a2-5779092a32a5.settings.restrictedLocationSubpath','null'),('matrixBlockTypes.fad79abe-8331-4f6b-bc9f-db61863a614a.fields.8d05e9c2-d014-47a3-94a2-5779092a32a5.settings.restrictFiles','true'),('matrixBlockTypes.fad79abe-8331-4f6b-bc9f-db61863a614a.fields.8d05e9c2-d014-47a3-94a2-5779092a32a5.settings.restrictLocation','false'),('matrixBlockTypes.fad79abe-8331-4f6b-bc9f-db61863a614a.fields.8d05e9c2-d014-47a3-94a2-5779092a32a5.settings.selectionCondition.__assoc__.0.0','\"elementType\"'),('matrixBlockTypes.fad79abe-8331-4f6b-bc9f-db61863a614a.fields.8d05e9c2-d014-47a3-94a2-5779092a32a5.settings.selectionCondition.__assoc__.0.1','\"craft\\\\elements\\\\Asset\"'),('matrixBlockTypes.fad79abe-8331-4f6b-bc9f-db61863a614a.fields.8d05e9c2-d014-47a3-94a2-5779092a32a5.settings.selectionCondition.__assoc__.1.0','\"fieldContext\"'),('matrixBlockTypes.fad79abe-8331-4f6b-bc9f-db61863a614a.fields.8d05e9c2-d014-47a3-94a2-5779092a32a5.settings.selectionCondition.__assoc__.1.1','\"global\"'),('matrixBlockTypes.fad79abe-8331-4f6b-bc9f-db61863a614a.fields.8d05e9c2-d014-47a3-94a2-5779092a32a5.settings.selectionCondition.__assoc__.2.0','\"class\"'),('matrixBlockTypes.fad79abe-8331-4f6b-bc9f-db61863a614a.fields.8d05e9c2-d014-47a3-94a2-5779092a32a5.settings.selectionCondition.__assoc__.2.1','\"craft\\\\elements\\\\conditions\\\\assets\\\\AssetCondition\"'),('matrixBlockTypes.fad79abe-8331-4f6b-bc9f-db61863a614a.fields.8d05e9c2-d014-47a3-94a2-5779092a32a5.settings.selectionLabel','null'),('matrixBlockTypes.fad79abe-8331-4f6b-bc9f-db61863a614a.fields.8d05e9c2-d014-47a3-94a2-5779092a32a5.settings.showSiteMenu','true'),('matrixBlockTypes.fad79abe-8331-4f6b-bc9f-db61863a614a.fields.8d05e9c2-d014-47a3-94a2-5779092a32a5.settings.showUnpermittedFiles','false'),('matrixBlockTypes.fad79abe-8331-4f6b-bc9f-db61863a614a.fields.8d05e9c2-d014-47a3-94a2-5779092a32a5.settings.showUnpermittedVolumes','false'),('matrixBlockTypes.fad79abe-8331-4f6b-bc9f-db61863a614a.fields.8d05e9c2-d014-47a3-94a2-5779092a32a5.settings.sources','\"*\"'),('matrixBlockTypes.fad79abe-8331-4f6b-bc9f-db61863a614a.fields.8d05e9c2-d014-47a3-94a2-5779092a32a5.settings.targetSiteId','null'),('matrixBlockTypes.fad79abe-8331-4f6b-bc9f-db61863a614a.fields.8d05e9c2-d014-47a3-94a2-5779092a32a5.settings.validateRelatedElements','true'),('matrixBlockTypes.fad79abe-8331-4f6b-bc9f-db61863a614a.fields.8d05e9c2-d014-47a3-94a2-5779092a32a5.settings.viewMode','\"large\"'),('matrixBlockTypes.fad79abe-8331-4f6b-bc9f-db61863a614a.fields.8d05e9c2-d014-47a3-94a2-5779092a32a5.translationKeyFormat','null'),('matrixBlockTypes.fad79abe-8331-4f6b-bc9f-db61863a614a.fields.8d05e9c2-d014-47a3-94a2-5779092a32a5.translationMethod','\"site\"'),('matrixBlockTypes.fad79abe-8331-4f6b-bc9f-db61863a614a.fields.8d05e9c2-d014-47a3-94a2-5779092a32a5.type','\"craft\\\\fields\\\\Assets\"'),('matrixBlockTypes.fad79abe-8331-4f6b-bc9f-db61863a614a.handle','\"visual\"'),('matrixBlockTypes.fad79abe-8331-4f6b-bc9f-db61863a614a.name','\"Visual\"'),('matrixBlockTypes.fad79abe-8331-4f6b-bc9f-db61863a614a.sortOrder','2'),('meta.__names__.0bb8760c-e21a-4e62-bf3a-45396771d2b8','\"Public Schema\"'),('meta.__names__.14b41792-c7a9-4fcc-b070-d20d17d95c48','\"Author\"'),('meta.__names__.14fdd4f9-8efa-480c-9490-91c9b6aea1e9','\"Articles\"'),('meta.__names__.1868147e-f313-447c-8be6-69a4e7a80ccd','\"Story\"'),('meta.__names__.1bd6f4bb-8564-420c-9ef9-dff1adeab299','\"Nav\"'),('meta.__names__.239a5d0c-da80-43d4-9033-9ceda27b99b0','\"All Articles\"'),('meta.__names__.2ec436ce-93e2-405d-80c2-0f104496c1d9','\"Small\"'),('meta.__names__.306ea57d-2dee-4a08-919d-be18633dd592','\"Tagline\"'),('meta.__names__.349cf4c5-cc10-453e-a91a-a757683ab93b','\"Large\"'),('meta.__names__.447d8c6c-5818-4030-9063-ce6aaea58cc5','\"Button\"'),('meta.__names__.46330ceb-0db7-4317-8393-41dcb032ef9d','\"Info\"'),('meta.__names__.48393cf9-22b5-4bfc-b259-819898c33869','\"Description\"'),('meta.__names__.49d2ed2c-2cb6-4943-a958-e0d01091ddad','\"Authors\"'),('meta.__names__.49d5453f-c9a2-40d6-a1f4-3f5cabd9ab6b','\"Art without limits\"'),('meta.__names__.5316a301-aa5b-40e9-8de9-8c3d231588f5','\"Default\"'),('meta.__names__.57024b53-1884-466d-bcc3-a03585a8fa2a','\"Art without limits\"'),('meta.__names__.5b812ee9-8a7b-4a54-8a2c-a044ba9ab773','\"Text\"'),('meta.__names__.5bce0251-fac3-4898-b5d1-6edc82fe6cbe','\"Caption\"'),('meta.__names__.62d34a92-b55e-4808-96af-4c3b079435b4','\"Label\"'),('meta.__names__.6e24cd37-8102-4045-baa9-f737aa947664','\"URL\"'),('meta.__names__.6eedab0e-b28e-4d40-89a4-d6448cf48d36','\"pfp\"'),('meta.__names__.776b60c4-472c-493e-9de6-7d1caa32f1f3','\"All Articles\"'),('meta.__names__.81ab74a9-3abe-4d21-a42a-198a7e5c3396','\"Title\"'),('meta.__names__.86ce2c00-1019-4f85-a1d3-f8b4e861af74','\"Bio\"'),('meta.__names__.86f728c2-3b60-4a00-83c8-9d6b71be157a','\"Art\"'),('meta.__names__.8b231235-90bc-4b16-90b1-2a0dd8356a07','\"Link URL\"'),('meta.__names__.8c24f15c-5660-4abe-aaba-7db600c93439','\"Pages\"'),('meta.__names__.8d05e9c2-d014-47a3-94a2-5779092a32a5','\"Visual\"'),('meta.__names__.94e17ac6-cf84-42d6-8248-21554c38f659','\"Default\"'),('meta.__names__.953eb59b-717b-4ad7-bcf7-cb6e62733736','\"Quote\"'),('meta.__names__.95519e50-db71-4371-a271-5a9d9b117816','\"Assets\"'),('meta.__names__.997602dc-573a-4b47-97f6-52c9a6f2baee','\"Title\"'),('meta.__names__.9e750a1d-7f6d-43ef-afcb-027ca0ba99a3','\"Default\"'),('meta.__names__.a8ed1ea3-a10f-48f8-ad3f-937f55b53828','\"Pages and Links\"'),('meta.__names__.a9bdda7e-29cc-4d85-abfd-b6634cc86cb1','\"html\"'),('meta.__names__.ad625bf4-4eff-47fc-8109-a2273e28024e','\"Embed\"'),('meta.__names__.b0fbbaeb-9c73-4c44-a6e4-45d391aa667b','\"Medium\"'),('meta.__names__.bb9bbfd9-b5e6-4fa7-b701-d5fc62eaf6b8','\"Links\"'),('meta.__names__.c2d0d2bc-1513-4fc7-baa0-63a91166154a','\"Space\"'),('meta.__names__.c858b8c0-ecdb-4728-b143-07da244e0621','\"Common\"'),('meta.__names__.c93126a1-714c-46ba-a40a-f0fa1079aa18','\"Text\"'),('meta.__names__.cf9ace41-012b-433e-a521-ff5c363aae61','\"Default\"'),('meta.__names__.d7b29b25-9640-47a6-89e2-b74f05b31cb8','\"awl\"'),('meta.__names__.d80019d6-f95e-4a0f-91d4-82c372422e00','\"awl\"'),('meta.__names__.e7d05152-fb94-4684-9c81-12d15bb47634','\"Size\"'),('meta.__names__.f4eaf466-dac3-40b0-ae71-f7ea40919e9e','\"Quote\"'),('meta.__names__.fad79abe-8331-4f6b-bc9f-db61863a614a','\"Visual\"'),('plugins.redactor.edition','\"standard\"'),('plugins.redactor.enabled','true'),('plugins.redactor.schemaVersion','\"2.3.0\"'),('sections.14fdd4f9-8efa-480c-9490-91c9b6aea1e9.defaultPlacement','\"end\"'),('sections.14fdd4f9-8efa-480c-9490-91c9b6aea1e9.enableVersioning','false'),('sections.14fdd4f9-8efa-480c-9490-91c9b6aea1e9.handle','\"articles\"'),('sections.14fdd4f9-8efa-480c-9490-91c9b6aea1e9.name','\"Articles\"'),('sections.14fdd4f9-8efa-480c-9490-91c9b6aea1e9.propagationMethod','\"all\"'),('sections.14fdd4f9-8efa-480c-9490-91c9b6aea1e9.siteSettings.d7b29b25-9640-47a6-89e2-b74f05b31cb8.enabledByDefault','true'),('sections.14fdd4f9-8efa-480c-9490-91c9b6aea1e9.siteSettings.d7b29b25-9640-47a6-89e2-b74f05b31cb8.hasUrls','true'),('sections.14fdd4f9-8efa-480c-9490-91c9b6aea1e9.siteSettings.d7b29b25-9640-47a6-89e2-b74f05b31cb8.template','\"articles/_entry\"'),('sections.14fdd4f9-8efa-480c-9490-91c9b6aea1e9.siteSettings.d7b29b25-9640-47a6-89e2-b74f05b31cb8.uriFormat','\"{slug}\"'),('sections.14fdd4f9-8efa-480c-9490-91c9b6aea1e9.type','\"channel\"'),('sections.49d2ed2c-2cb6-4943-a958-e0d01091ddad.defaultPlacement','\"end\"'),('sections.49d2ed2c-2cb6-4943-a958-e0d01091ddad.enableVersioning','false'),('sections.49d2ed2c-2cb6-4943-a958-e0d01091ddad.handle','\"authors\"'),('sections.49d2ed2c-2cb6-4943-a958-e0d01091ddad.name','\"Authors\"'),('sections.49d2ed2c-2cb6-4943-a958-e0d01091ddad.propagationMethod','\"all\"'),('sections.49d2ed2c-2cb6-4943-a958-e0d01091ddad.siteSettings.d7b29b25-9640-47a6-89e2-b74f05b31cb8.enabledByDefault','true'),('sections.49d2ed2c-2cb6-4943-a958-e0d01091ddad.siteSettings.d7b29b25-9640-47a6-89e2-b74f05b31cb8.hasUrls','false'),('sections.49d2ed2c-2cb6-4943-a958-e0d01091ddad.siteSettings.d7b29b25-9640-47a6-89e2-b74f05b31cb8.template','null'),('sections.49d2ed2c-2cb6-4943-a958-e0d01091ddad.siteSettings.d7b29b25-9640-47a6-89e2-b74f05b31cb8.uriFormat','null'),('sections.49d2ed2c-2cb6-4943-a958-e0d01091ddad.type','\"channel\"'),('sections.49d5453f-c9a2-40d6-a1f4-3f5cabd9ab6b.defaultPlacement','\"end\"'),('sections.49d5453f-c9a2-40d6-a1f4-3f5cabd9ab6b.enableVersioning','false'),('sections.49d5453f-c9a2-40d6-a1f4-3f5cabd9ab6b.handle','\"awl\"'),('sections.49d5453f-c9a2-40d6-a1f4-3f5cabd9ab6b.name','\"Art without limits\"'),('sections.49d5453f-c9a2-40d6-a1f4-3f5cabd9ab6b.propagationMethod','\"all\"'),('sections.49d5453f-c9a2-40d6-a1f4-3f5cabd9ab6b.siteSettings.d7b29b25-9640-47a6-89e2-b74f05b31cb8.enabledByDefault','true'),('sections.49d5453f-c9a2-40d6-a1f4-3f5cabd9ab6b.siteSettings.d7b29b25-9640-47a6-89e2-b74f05b31cb8.hasUrls','true'),('sections.49d5453f-c9a2-40d6-a1f4-3f5cabd9ab6b.siteSettings.d7b29b25-9640-47a6-89e2-b74f05b31cb8.template','\"_home.html\"'),('sections.49d5453f-c9a2-40d6-a1f4-3f5cabd9ab6b.siteSettings.d7b29b25-9640-47a6-89e2-b74f05b31cb8.uriFormat','\"__home__\"'),('sections.49d5453f-c9a2-40d6-a1f4-3f5cabd9ab6b.type','\"single\"'),('sections.776b60c4-472c-493e-9de6-7d1caa32f1f3.defaultPlacement','\"end\"'),('sections.776b60c4-472c-493e-9de6-7d1caa32f1f3.enableVersioning','false'),('sections.776b60c4-472c-493e-9de6-7d1caa32f1f3.handle','\"index\"'),('sections.776b60c4-472c-493e-9de6-7d1caa32f1f3.name','\"All Articles\"'),('sections.776b60c4-472c-493e-9de6-7d1caa32f1f3.propagationMethod','\"all\"'),('sections.776b60c4-472c-493e-9de6-7d1caa32f1f3.siteSettings.d7b29b25-9640-47a6-89e2-b74f05b31cb8.enabledByDefault','true'),('sections.776b60c4-472c-493e-9de6-7d1caa32f1f3.siteSettings.d7b29b25-9640-47a6-89e2-b74f05b31cb8.hasUrls','true'),('sections.776b60c4-472c-493e-9de6-7d1caa32f1f3.siteSettings.d7b29b25-9640-47a6-89e2-b74f05b31cb8.template','\"articles/_entry\"'),('sections.776b60c4-472c-493e-9de6-7d1caa32f1f3.siteSettings.d7b29b25-9640-47a6-89e2-b74f05b31cb8.uriFormat','\"articles\"'),('sections.776b60c4-472c-493e-9de6-7d1caa32f1f3.type','\"single\"'),('sections.8c24f15c-5660-4abe-aaba-7db600c93439.defaultPlacement','\"end\"'),('sections.8c24f15c-5660-4abe-aaba-7db600c93439.enableVersioning','false'),('sections.8c24f15c-5660-4abe-aaba-7db600c93439.handle','\"pages\"'),('sections.8c24f15c-5660-4abe-aaba-7db600c93439.name','\"Pages\"'),('sections.8c24f15c-5660-4abe-aaba-7db600c93439.propagationMethod','\"all\"'),('sections.8c24f15c-5660-4abe-aaba-7db600c93439.siteSettings.d7b29b25-9640-47a6-89e2-b74f05b31cb8.enabledByDefault','true'),('sections.8c24f15c-5660-4abe-aaba-7db600c93439.siteSettings.d7b29b25-9640-47a6-89e2-b74f05b31cb8.hasUrls','true'),('sections.8c24f15c-5660-4abe-aaba-7db600c93439.siteSettings.d7b29b25-9640-47a6-89e2-b74f05b31cb8.template','\"pages/_entry.html\"'),('sections.8c24f15c-5660-4abe-aaba-7db600c93439.siteSettings.d7b29b25-9640-47a6-89e2-b74f05b31cb8.uriFormat','\"{slug}\"'),('sections.8c24f15c-5660-4abe-aaba-7db600c93439.type','\"channel\"'),('sections.bb9bbfd9-b5e6-4fa7-b701-d5fc62eaf6b8.defaultPlacement','\"end\"'),('sections.bb9bbfd9-b5e6-4fa7-b701-d5fc62eaf6b8.enableVersioning','false'),('sections.bb9bbfd9-b5e6-4fa7-b701-d5fc62eaf6b8.handle','\"links\"'),('sections.bb9bbfd9-b5e6-4fa7-b701-d5fc62eaf6b8.name','\"Links\"'),('sections.bb9bbfd9-b5e6-4fa7-b701-d5fc62eaf6b8.propagationMethod','\"all\"'),('sections.bb9bbfd9-b5e6-4fa7-b701-d5fc62eaf6b8.siteSettings.d7b29b25-9640-47a6-89e2-b74f05b31cb8.enabledByDefault','true'),('sections.bb9bbfd9-b5e6-4fa7-b701-d5fc62eaf6b8.siteSettings.d7b29b25-9640-47a6-89e2-b74f05b31cb8.hasUrls','false'),('sections.bb9bbfd9-b5e6-4fa7-b701-d5fc62eaf6b8.siteSettings.d7b29b25-9640-47a6-89e2-b74f05b31cb8.template','null'),('sections.bb9bbfd9-b5e6-4fa7-b701-d5fc62eaf6b8.siteSettings.d7b29b25-9640-47a6-89e2-b74f05b31cb8.uriFormat','null'),('sections.bb9bbfd9-b5e6-4fa7-b701-d5fc62eaf6b8.type','\"channel\"'),('siteGroups.d80019d6-f95e-4a0f-91d4-82c372422e00.name','\"awl\"'),('sites.d7b29b25-9640-47a6-89e2-b74f05b31cb8.baseUrl','\"$PRIMARY_SITE_URL\"'),('sites.d7b29b25-9640-47a6-89e2-b74f05b31cb8.enabled','true'),('sites.d7b29b25-9640-47a6-89e2-b74f05b31cb8.handle','\"default\"'),('sites.d7b29b25-9640-47a6-89e2-b74f05b31cb8.hasUrls','true'),('sites.d7b29b25-9640-47a6-89e2-b74f05b31cb8.language','\"en-US\"'),('sites.d7b29b25-9640-47a6-89e2-b74f05b31cb8.name','\"awl\"'),('sites.d7b29b25-9640-47a6-89e2-b74f05b31cb8.primary','true'),('sites.d7b29b25-9640-47a6-89e2-b74f05b31cb8.siteGroup','\"d80019d6-f95e-4a0f-91d4-82c372422e00\"'),('sites.d7b29b25-9640-47a6-89e2-b74f05b31cb8.sortOrder','1'),('system.edition','\"solo\"'),('system.live','true'),('system.name','\"Art Without Limits\"'),('system.retryDuration','null'),('system.schemaVersion','\"4.4.0.4\"'),('system.timeZone','\"Asia/Riyadh\"'),('users.allowPublicRegistration','false'),('users.defaultGroup','null'),('users.photoSubpath','null'),('users.photoVolumeUid','null'),('users.requireEmailVerification','true'),('volumes.95519e50-db71-4371-a271-5a9d9b117816.fieldLayouts.ef9f1e46-4b0c-4ffb-9bf9-7f7e161d3f1d.tabs.0.elementCondition','null'),('volumes.95519e50-db71-4371-a271-5a9d9b117816.fieldLayouts.ef9f1e46-4b0c-4ffb-9bf9-7f7e161d3f1d.tabs.0.elements.0.autocapitalize','true'),('volumes.95519e50-db71-4371-a271-5a9d9b117816.fieldLayouts.ef9f1e46-4b0c-4ffb-9bf9-7f7e161d3f1d.tabs.0.elements.0.autocomplete','false'),('volumes.95519e50-db71-4371-a271-5a9d9b117816.fieldLayouts.ef9f1e46-4b0c-4ffb-9bf9-7f7e161d3f1d.tabs.0.elements.0.autocorrect','true'),('volumes.95519e50-db71-4371-a271-5a9d9b117816.fieldLayouts.ef9f1e46-4b0c-4ffb-9bf9-7f7e161d3f1d.tabs.0.elements.0.class','null'),('volumes.95519e50-db71-4371-a271-5a9d9b117816.fieldLayouts.ef9f1e46-4b0c-4ffb-9bf9-7f7e161d3f1d.tabs.0.elements.0.disabled','false'),('volumes.95519e50-db71-4371-a271-5a9d9b117816.fieldLayouts.ef9f1e46-4b0c-4ffb-9bf9-7f7e161d3f1d.tabs.0.elements.0.elementCondition','null'),('volumes.95519e50-db71-4371-a271-5a9d9b117816.fieldLayouts.ef9f1e46-4b0c-4ffb-9bf9-7f7e161d3f1d.tabs.0.elements.0.id','null'),('volumes.95519e50-db71-4371-a271-5a9d9b117816.fieldLayouts.ef9f1e46-4b0c-4ffb-9bf9-7f7e161d3f1d.tabs.0.elements.0.instructions','null'),('volumes.95519e50-db71-4371-a271-5a9d9b117816.fieldLayouts.ef9f1e46-4b0c-4ffb-9bf9-7f7e161d3f1d.tabs.0.elements.0.label','null'),('volumes.95519e50-db71-4371-a271-5a9d9b117816.fieldLayouts.ef9f1e46-4b0c-4ffb-9bf9-7f7e161d3f1d.tabs.0.elements.0.max','null'),('volumes.95519e50-db71-4371-a271-5a9d9b117816.fieldLayouts.ef9f1e46-4b0c-4ffb-9bf9-7f7e161d3f1d.tabs.0.elements.0.min','null'),('volumes.95519e50-db71-4371-a271-5a9d9b117816.fieldLayouts.ef9f1e46-4b0c-4ffb-9bf9-7f7e161d3f1d.tabs.0.elements.0.name','null'),('volumes.95519e50-db71-4371-a271-5a9d9b117816.fieldLayouts.ef9f1e46-4b0c-4ffb-9bf9-7f7e161d3f1d.tabs.0.elements.0.orientation','null'),('volumes.95519e50-db71-4371-a271-5a9d9b117816.fieldLayouts.ef9f1e46-4b0c-4ffb-9bf9-7f7e161d3f1d.tabs.0.elements.0.placeholder','null'),('volumes.95519e50-db71-4371-a271-5a9d9b117816.fieldLayouts.ef9f1e46-4b0c-4ffb-9bf9-7f7e161d3f1d.tabs.0.elements.0.readonly','false'),('volumes.95519e50-db71-4371-a271-5a9d9b117816.fieldLayouts.ef9f1e46-4b0c-4ffb-9bf9-7f7e161d3f1d.tabs.0.elements.0.requirable','false'),('volumes.95519e50-db71-4371-a271-5a9d9b117816.fieldLayouts.ef9f1e46-4b0c-4ffb-9bf9-7f7e161d3f1d.tabs.0.elements.0.size','null'),('volumes.95519e50-db71-4371-a271-5a9d9b117816.fieldLayouts.ef9f1e46-4b0c-4ffb-9bf9-7f7e161d3f1d.tabs.0.elements.0.step','null'),('volumes.95519e50-db71-4371-a271-5a9d9b117816.fieldLayouts.ef9f1e46-4b0c-4ffb-9bf9-7f7e161d3f1d.tabs.0.elements.0.tip','null'),('volumes.95519e50-db71-4371-a271-5a9d9b117816.fieldLayouts.ef9f1e46-4b0c-4ffb-9bf9-7f7e161d3f1d.tabs.0.elements.0.title','null'),('volumes.95519e50-db71-4371-a271-5a9d9b117816.fieldLayouts.ef9f1e46-4b0c-4ffb-9bf9-7f7e161d3f1d.tabs.0.elements.0.type','\"craft\\\\fieldlayoutelements\\\\assets\\\\AssetTitleField\"'),('volumes.95519e50-db71-4371-a271-5a9d9b117816.fieldLayouts.ef9f1e46-4b0c-4ffb-9bf9-7f7e161d3f1d.tabs.0.elements.0.uid','\"7f663b80-454c-41cd-b1d2-3dbc804a11eb\"'),('volumes.95519e50-db71-4371-a271-5a9d9b117816.fieldLayouts.ef9f1e46-4b0c-4ffb-9bf9-7f7e161d3f1d.tabs.0.elements.0.userCondition','null'),('volumes.95519e50-db71-4371-a271-5a9d9b117816.fieldLayouts.ef9f1e46-4b0c-4ffb-9bf9-7f7e161d3f1d.tabs.0.elements.0.warning','null'),('volumes.95519e50-db71-4371-a271-5a9d9b117816.fieldLayouts.ef9f1e46-4b0c-4ffb-9bf9-7f7e161d3f1d.tabs.0.elements.0.width','100'),('volumes.95519e50-db71-4371-a271-5a9d9b117816.fieldLayouts.ef9f1e46-4b0c-4ffb-9bf9-7f7e161d3f1d.tabs.0.elements.1.elementCondition','null'),('volumes.95519e50-db71-4371-a271-5a9d9b117816.fieldLayouts.ef9f1e46-4b0c-4ffb-9bf9-7f7e161d3f1d.tabs.0.elements.1.fieldUid','\"5bce0251-fac3-4898-b5d1-6edc82fe6cbe\"'),('volumes.95519e50-db71-4371-a271-5a9d9b117816.fieldLayouts.ef9f1e46-4b0c-4ffb-9bf9-7f7e161d3f1d.tabs.0.elements.1.instructions','null'),('volumes.95519e50-db71-4371-a271-5a9d9b117816.fieldLayouts.ef9f1e46-4b0c-4ffb-9bf9-7f7e161d3f1d.tabs.0.elements.1.label','null'),('volumes.95519e50-db71-4371-a271-5a9d9b117816.fieldLayouts.ef9f1e46-4b0c-4ffb-9bf9-7f7e161d3f1d.tabs.0.elements.1.required','false'),('volumes.95519e50-db71-4371-a271-5a9d9b117816.fieldLayouts.ef9f1e46-4b0c-4ffb-9bf9-7f7e161d3f1d.tabs.0.elements.1.tip','null'),('volumes.95519e50-db71-4371-a271-5a9d9b117816.fieldLayouts.ef9f1e46-4b0c-4ffb-9bf9-7f7e161d3f1d.tabs.0.elements.1.type','\"craft\\\\fieldlayoutelements\\\\CustomField\"'),('volumes.95519e50-db71-4371-a271-5a9d9b117816.fieldLayouts.ef9f1e46-4b0c-4ffb-9bf9-7f7e161d3f1d.tabs.0.elements.1.uid','\"881b8652-ab71-4f45-8bac-630e4f9c24a6\"'),('volumes.95519e50-db71-4371-a271-5a9d9b117816.fieldLayouts.ef9f1e46-4b0c-4ffb-9bf9-7f7e161d3f1d.tabs.0.elements.1.userCondition','null'),('volumes.95519e50-db71-4371-a271-5a9d9b117816.fieldLayouts.ef9f1e46-4b0c-4ffb-9bf9-7f7e161d3f1d.tabs.0.elements.1.warning','null'),('volumes.95519e50-db71-4371-a271-5a9d9b117816.fieldLayouts.ef9f1e46-4b0c-4ffb-9bf9-7f7e161d3f1d.tabs.0.elements.1.width','100'),('volumes.95519e50-db71-4371-a271-5a9d9b117816.fieldLayouts.ef9f1e46-4b0c-4ffb-9bf9-7f7e161d3f1d.tabs.0.name','\"Content\"'),('volumes.95519e50-db71-4371-a271-5a9d9b117816.fieldLayouts.ef9f1e46-4b0c-4ffb-9bf9-7f7e161d3f1d.tabs.0.uid','\"b634f568-6e14-44cb-836d-d2649be9c686\"'),('volumes.95519e50-db71-4371-a271-5a9d9b117816.fieldLayouts.ef9f1e46-4b0c-4ffb-9bf9-7f7e161d3f1d.tabs.0.userCondition','null'),('volumes.95519e50-db71-4371-a271-5a9d9b117816.fs','\"assets\"'),('volumes.95519e50-db71-4371-a271-5a9d9b117816.handle','\"assets\"'),('volumes.95519e50-db71-4371-a271-5a9d9b117816.name','\"Assets\"'),('volumes.95519e50-db71-4371-a271-5a9d9b117816.sortOrder','1'),('volumes.95519e50-db71-4371-a271-5a9d9b117816.titleTranslationKeyFormat','null'),('volumes.95519e50-db71-4371-a271-5a9d9b117816.titleTranslationMethod','\"site\"'),('volumes.95519e50-db71-4371-a271-5a9d9b117816.transformFs','\"\"'),('volumes.95519e50-db71-4371-a271-5a9d9b117816.transformSubpath','\"\"');
commit;

--
-- Dumping data for table `queue`
--

set autocommit=0;
INSERT INTO `queue` VALUES (22210,'queue',_binary '[BLOB]','t9n:[\"app\",\"Updating search indexes\"]',1686177649,300,0,2048,NULL,NULL,0,NULL,NULL,0,NULL,NULL),(22211,'queue',_binary '[BLOB]','t9n:[\"app\",\"Updating search indexes\"]',1686177649,300,0,2048,NULL,NULL,0,NULL,NULL,0,NULL,NULL),(22212,'queue',_binary '[BLOB]','t9n:[\"app\",\"Updating search indexes\"]',1686177651,300,0,2048,NULL,NULL,0,NULL,NULL,0,NULL,NULL),(22213,'queue',_binary '[BLOB]','t9n:[\"app\",\"Updating search indexes\"]',1686177651,300,0,2048,NULL,NULL,0,NULL,NULL,0,NULL,NULL),(22214,'queue',_binary '[BLOB]','t9n:[\"app\",\"Updating search indexes\"]',1686177657,300,0,2048,NULL,NULL,0,NULL,NULL,0,NULL,NULL),(22215,'queue',_binary '[BLOB]','t9n:[\"app\",\"Updating search indexes\"]',1686177657,300,0,2048,NULL,NULL,0,NULL,NULL,0,NULL,NULL),(22216,'queue',_binary '[BLOB]','t9n:[\"app\",\"Updating search indexes\"]',1686177660,300,0,2048,NULL,NULL,0,NULL,NULL,0,NULL,NULL),(22217,'queue',_binary '[BLOB]','t9n:[\"app\",\"Updating search indexes\"]',1686177660,300,0,2048,NULL,NULL,0,NULL,NULL,0,NULL,NULL),(22218,'queue',_binary '[BLOB]','t9n:[\"app\",\"Updating search indexes\"]',1686177672,300,0,2048,NULL,NULL,0,NULL,NULL,0,NULL,NULL),(22219,'queue',_binary '[BLOB]','t9n:[\"app\",\"Updating search indexes\"]',1686177672,300,0,2048,NULL,NULL,0,NULL,NULL,0,NULL,NULL),(22220,'queue',_binary '[BLOB]','t9n:[\"app\",\"Updating search indexes\"]',1686177690,300,0,2048,NULL,NULL,0,NULL,NULL,0,NULL,NULL),(22221,'queue',_binary '[BLOB]','t9n:[\"app\",\"Updating search indexes\"]',1686177690,300,0,2048,NULL,NULL,0,NULL,NULL,0,NULL,NULL);
commit;

--
-- Dumping data for table `relations`
--

set autocommit=0;
INSERT INTO `relations` VALUES (1,6,16,NULL,17,3,'2022-11-16 17:09:32','2023-02-19 03:37:03','4fb3d850-1e3f-4e9a-9ebf-7ca1559debf6'),(27,3,101,NULL,115,1,'2023-02-07 22:13:19','2023-02-07 22:13:19','8da4dbee-d7d4-4b62-a1ad-8ce6032c40b6'),(30,3,123,NULL,121,1,'2023-02-07 22:19:51','2023-02-07 22:19:51','1bcb218a-c23d-49cc-8a7d-9d2632e61399'),(31,3,123,NULL,120,2,'2023-02-07 22:19:51','2023-02-07 22:19:51','2dcddfaf-c51d-4494-a406-98aefcaef51b'),(46,3,169,NULL,168,1,'2023-02-08 03:30:21','2023-02-08 03:30:21','cc47cd1d-4915-49f4-8aa7-91313eb68afb'),(94,3,271,NULL,269,1,'2023-02-09 19:36:51','2023-02-09 19:36:51','e092f594-ea86-43d2-b899-08e0d2b6794c'),(103,18,185,NULL,192,1,'2023-02-09 19:56:07','2023-02-09 19:56:07','7db3a234-0faf-415c-8e32-7ceafa7308ab'),(104,17,197,NULL,185,1,'2023-02-09 19:56:31','2023-02-09 19:56:31','6c01809f-824a-482b-9c70-f516b79ad127'),(377,3,990,NULL,215,1,'2023-02-09 20:36:29','2023-02-09 20:36:29','1ca759d8-1178-4377-9a80-437118d5ae99'),(378,3,992,NULL,309,1,'2023-02-09 20:36:29','2023-02-09 20:36:29','041cc81f-9f75-4754-a7af-2bb7697692c3'),(379,3,994,NULL,439,1,'2023-02-09 20:36:29','2023-02-09 20:36:29','174df300-c916-463f-bbb9-b1e8b58bae1c'),(384,3,1054,NULL,1048,1,'2023-02-09 22:29:02','2023-02-09 22:29:02','e396beb0-5862-41f4-a9ba-3e607473e21d'),(418,3,1163,NULL,1031,1,'2023-02-09 22:53:36','2023-02-09 22:53:36','2418a840-3bd2-4475-a509-c476a2d11a09'),(419,3,1165,NULL,1064,1,'2023-02-09 22:53:36','2023-02-09 22:53:36','bd5cf762-5742-47a5-bf94-16d0175eeabe'),(420,3,1168,NULL,1086,1,'2023-02-09 22:53:36','2023-02-09 22:53:36','2914557e-edfb-4256-83c1-73987dffb967'),(424,3,212,NULL,1172,1,'2023-02-09 22:59:47','2023-02-09 22:59:47','81b6e278-e22b-4de6-9d1f-c6a58c9a9bbc'),(425,17,1173,NULL,185,1,'2023-02-10 14:04:18','2023-02-10 14:04:18','cf34e6a6-c251-4b07-98e7-b2a868271991'),(426,17,1345,NULL,185,1,'2023-02-10 14:22:22','2023-02-10 14:22:22','97b0db43-9f91-4653-a5de-44b34639f6e9'),(449,3,1402,NULL,1410,1,'2023-02-10 14:37:49','2023-02-10 14:37:49','f0aed801-4845-48a6-8755-70fb5fe84213'),(450,3,1404,NULL,1411,1,'2023-02-10 14:38:12','2023-02-10 14:38:12','4ff5e25e-7e11-47ca-b204-6b2503f54d17'),(451,3,1406,NULL,1412,1,'2023-02-10 14:38:35','2023-02-10 14:38:35','bde3bfe0-62aa-4d60-aa08-18dbda3447b5'),(452,3,1408,NULL,1413,1,'2023-02-10 14:39:01','2023-02-10 14:39:01','9856462d-0422-4205-8b2b-6a89c0c3bcda'),(456,3,1428,NULL,1418,1,'2023-02-10 14:40:40','2023-02-10 14:40:40','5b095781-9963-4939-8708-4ddfb2723b6a'),(457,3,1430,NULL,1433,1,'2023-02-10 19:58:18','2023-02-10 19:58:18','0a089ec4-ccdf-45de-a0b1-de89c56d4f42'),(466,3,1575,NULL,1509,1,'2023-02-10 20:25:43','2023-02-10 20:25:43','93be45ed-5d26-49d0-85ba-9e65eb130e5c'),(472,6,16,NULL,1625,1,'2023-02-11 23:19:56','2023-02-11 23:19:56','6cb73c94-c415-4e1d-9b13-917e1c9ebdae'),(488,6,16,NULL,1684,2,'2023-02-17 05:10:04','2023-02-19 03:37:03','cbefdb59-f947-4ab5-ba82-82e5139e6a54'),(489,23,74,NULL,439,1,'2023-02-19 04:01:31','2023-02-19 04:01:31','ecc12136-c97c-49f4-b5f1-b1a137e55744'),(491,17,1704,NULL,185,1,'2023-02-19 09:58:30','2023-02-19 09:58:30','a0c5244f-293c-4ddc-b1cf-08fd74c79a49'),(1956,3,5474,NULL,1706,1,'2023-02-19 10:44:57','2023-02-19 10:44:57','b04e6c48-7b83-420d-81c1-4532f0a21ec0'),(1957,3,5477,NULL,2217,1,'2023-02-19 10:44:57','2023-02-19 10:44:57','193a89ca-6db8-41a6-9a6f-048bb178d646'),(1958,3,5480,NULL,2708,1,'2023-02-19 10:44:57','2023-02-19 10:44:57','484ff9e3-abe1-4e0b-98f7-ce89e27b366a'),(1965,3,5491,NULL,5489,1,'2023-02-19 11:01:03','2023-02-19 11:01:03','f8bca0b2-baf8-4b22-9407-327737760aa9'),(1969,17,5502,NULL,185,1,'2023-02-19 11:41:54','2023-02-19 11:41:54','5d1fead4-0abd-400e-9a52-0099370eff8d'),(1970,17,5503,NULL,185,1,'2023-02-20 01:47:03','2023-02-20 01:47:03','d6e63f49-07cd-4135-adbb-756e6cc731b3'),(2076,3,5756,NULL,5509,1,'2023-02-20 01:58:48','2023-02-20 01:58:48','b4c6b9cc-7991-4204-b349-ecf2ac28e7c7'),(2125,3,6039,NULL,5833,1,'2023-02-20 02:16:49','2023-02-20 02:16:49','ac52c513-7c81-4bdf-8e97-a1938901aec2'),(2126,3,6042,NULL,6023,1,'2023-02-20 02:16:49','2023-02-20 02:16:49','78995da8-0ac4-45bf-96fd-fcc6aa2c0f12'),(2427,3,7712,NULL,6346,1,'2023-02-20 02:50:32','2023-02-20 02:50:32','c8c40089-ed41-46b2-908b-fd584ca108b2'),(2436,3,8378,NULL,8375,1,'2023-02-20 03:35:55','2023-02-20 03:35:55','8c97c930-0069-4dce-8789-4d52ce128d68'),(2446,3,5495,NULL,8416,1,'2023-02-22 04:07:31','2023-02-22 04:07:31','d528072c-a3ad-4622-bf30-4b66fb83b558'),(2447,17,8417,NULL,185,1,'2023-02-22 12:22:06','2023-02-22 12:22:06','9d199f29-f5ed-47e5-a895-257ad3f717a3'),(2503,3,8593,NULL,8419,1,'2023-02-22 12:41:37','2023-02-22 12:41:37','f320a2c0-96d6-4384-96ec-537d4796990f'),(2504,3,8596,NULL,8455,1,'2023-02-22 12:41:37','2023-02-22 12:41:37','6d3e27e0-7930-4557-ad92-0c3fdee165fb'),(2505,3,8599,NULL,8592,1,'2023-02-22 12:41:37','2023-02-22 12:41:37','e324bbf3-86ac-4fa2-8dc9-06a0483bc49d'),(2510,17,8610,NULL,185,1,'2023-03-14 09:28:43','2023-03-14 09:28:43','dcfabe76-6be9-4b2a-abbe-2b07748b9f2b'),(2556,3,8877,NULL,8612,1,'2023-03-14 09:45:47','2023-03-14 09:45:47','8596da15-e5ee-4b4f-ac1a-7c43785f8c7d'),(2558,17,8898,NULL,185,1,'2023-03-23 04:21:15','2023-03-23 04:21:15','e6996eb1-64fb-45ac-9fd0-c120f4dc0c6e'),(5122,3,15560,NULL,10338,1,'2023-03-23 05:36:38','2023-03-23 05:36:38','11b7441b-4489-4757-9e67-415f0d8e8b41'),(5123,3,15562,NULL,9225,1,'2023-03-23 05:36:38','2023-03-23 05:36:38','30157aeb-c7e9-4d1b-91e7-5ccb6ea28253'),(5124,3,15565,NULL,10350,1,'2023-03-23 05:36:38','2023-03-23 05:36:38','0bd08808-8219-45b1-ada6-1a9fd28e3c5b'),(5125,3,15567,NULL,12626,1,'2023-03-23 05:36:38','2023-03-23 05:36:38','65c60c24-d0c0-41df-9021-e4624c2811fe'),(5129,17,15574,NULL,185,1,'2023-06-07 22:37:37','2023-06-07 22:37:37','1dd7b27f-6696-4282-b4c9-84bb7b5416c2');
commit;

--
-- Dumping data for table `revisions`
--

set autocommit=0;
commit;

--
-- Dumping data for table `searchindex`
--

set autocommit=0;
INSERT INTO `searchindex` VALUES (1,'email',0,1,' info leanderherzog ch '),(1,'firstname',0,1,' arc4g '),(1,'fullname',0,1,' arc4g '),(1,'lastname',0,1,''),(1,'slug',0,1,''),(1,'username',0,1,' arc '),(16,'slug',0,1,''),(17,'slug',0,1,' about '),(17,'title',0,1,' about '),(20,'slug',0,1,' example '),(20,'title',0,1,' example '),(21,'slug',0,1,' styleguide '),(21,'title',0,1,' the styleguide '),(44,'extension',0,1,' jpg '),(44,'filename',0,1,' ddddd jpg '),(44,'kind',0,1,' image '),(44,'slug',0,1,''),(44,'title',0,1,' ddddd '),(53,'extension',0,1,' png '),(53,'filename',0,1,' screenshot 2022 10 21 at 23 35 13 png '),(53,'kind',0,1,' image '),(53,'slug',0,1,''),(53,'title',0,1,' screenshot 2022 10 21 at 23 35 13 '),(60,'extension',0,1,' png '),(60,'filename',0,1,' nightsquiggle dark png '),(60,'kind',0,1,' image '),(60,'slug',0,1,''),(60,'title',0,1,' nightsquiggle dark '),(61,'extension',0,1,' jpg '),(61,'filename',0,1,' returns 33 jpg '),(61,'kind',0,1,' image '),(61,'slug',0,1,''),(61,'title',0,1,' returns 33 '),(65,'extension',0,1,' png '),(65,'filename',0,1,' index png '),(65,'kind',0,1,' image '),(65,'slug',0,1,''),(65,'title',0,1,' index '),(70,'extension',0,1,' png '),(70,'filename',0,1,' leanderherzog 2015 04 28 at 21 29 12 png '),(70,'kind',0,1,' image '),(70,'slug',0,1,''),(70,'title',0,1,' leanderherzog 2015 04 28 at 21 29 12 '),(74,'slug',0,1,''),(78,'slug',0,1,''),(100,'slug',0,1,''),(101,'slug',0,1,''),(106,'slug',0,1,''),(114,'slug',0,1,''),(115,'extension',0,1,' jpg '),(115,'filename',0,1,' arkhip kuindzhi forest jpg '),(115,'kind',0,1,' image '),(115,'slug',0,1,''),(115,'title',0,1,' arkhip kuindzhi forest '),(120,'extension',0,1,' jpg '),(120,'filename',0,1,' dscf5347 jpg '),(120,'kind',0,1,' image '),(120,'slug',0,1,''),(120,'title',0,1,' dscf5347 '),(121,'extension',0,1,' jpg '),(121,'filename',0,1,' dscf5351 jpg '),(121,'kind',0,1,' image '),(121,'slug',0,1,''),(121,'title',0,1,' dscf5351 '),(123,'slug',0,1,''),(127,'slug',0,1,''),(146,'extension',0,1,' jpg '),(146,'filename',0,1,' 4pm chaise lounge massproductions dezeen 2364 col 0 1704x1132 jpg '),(146,'kind',0,1,' image '),(146,'slug',0,1,''),(146,'title',0,1,' 4pm chaise lounge massproductions dezeen 2364 col 0 1704x1132 '),(151,'extension',0,1,' jpg '),(151,'filename',0,1,' 43 casa fl federico cairoli jpg '),(151,'kind',0,1,' image '),(151,'slug',0,1,''),(151,'title',0,1,' 43 casa fl federico cairoli '),(152,'extension',0,1,' jpg '),(152,'filename',0,1,' 57 casa fl federico cairoli jpg '),(152,'kind',0,1,' image '),(152,'slug',0,1,''),(152,'title',0,1,' 57 casa fl federico cairoli '),(157,'extension',0,1,' jpg '),(157,'filename',0,1,' pyramid house df dc architecture residential switzerland dezeen 1704 col 7 jpg '),(157,'kind',0,1,' image '),(157,'slug',0,1,''),(157,'title',0,1,' pyramid house df dc architecture residential switzerland dezeen 1704 col 7 '),(158,'extension',0,1,' jpg '),(158,'filename',0,1,' pyramid house df dc architecture residential switzerland dezeen 1704 col 11 jpg '),(158,'kind',0,1,' image '),(158,'slug',0,1,''),(158,'title',0,1,' pyramid house df dc architecture residential switzerland dezeen 1704 col 11 '),(168,'extension',0,1,' mp4 '),(168,'filename',0,1,' ffmpeg3 mp4 '),(168,'kind',0,1,' video '),(168,'slug',0,1,''),(168,'title',0,1,' ffmpeg3 '),(169,'slug',0,1,''),(185,'slug',0,1,' arc '),(185,'title',0,1,' arc '),(186,'slug',0,1,' guest '),(186,'title',0,1,' guest '),(192,'extension',0,1,' jpg '),(192,'filename',0,1,' ipgrjlle 400x400 jpg '),(192,'kind',0,1,' image '),(192,'slug',0,1,''),(192,'title',0,1,' img '),(197,'slug',0,1,' how i use blender with a disability '),(197,'title',0,1,' how i use blender with a disability '),(199,'extension',0,1,' mp4 '),(199,'filename',0,1,' thoughts mp4 '),(199,'kind',0,1,' video '),(199,'slug',0,1,''),(199,'title',0,1,' thoughts '),(207,'extension',0,1,' mp4 '),(207,'filename',0,1,' insanity2160x2160 0001 0240 mp4 '),(207,'kind',0,1,' video '),(207,'slug',0,1,''),(207,'title',0,1,' insanity2160x2160 0001 0240 '),(212,'slug',0,1,''),(213,'slug',0,1,''),(215,'extension',0,1,' mp4 '),(215,'filename',0,1,' balance0001 0550 mp4 '),(215,'kind',0,1,' video '),(215,'slug',0,1,''),(215,'title',0,1,' balance0001 0550 '),(248,'extension',0,1,' png '),(248,'filename',0,1,' the layout in the app png '),(248,'kind',0,1,' image '),(248,'slug',0,1,''),(248,'title',0,1,' the layout in the app '),(252,'extension',0,1,' png '),(252,'filename',0,1,' the layout in the ap1p png '),(252,'kind',0,1,' image '),(252,'slug',0,1,''),(252,'title',0,1,' the layout in the ap1p '),(262,'extension',0,1,' png '),(262,'filename',0,1,' the layout in the app 2023 02 09 191609 cpkq png '),(262,'kind',0,1,' image '),(262,'slug',0,1,''),(262,'title',0,1,' the layout in the app '),(269,'extension',0,1,' jpg '),(269,'filename',0,1,' 13 saatelier c norbert tukaj 1252 jpg '),(269,'kind',0,1,' image '),(269,'slug',0,1,''),(269,'title',0,1,' heloo '),(271,'slug',0,1,''),(302,'extension',0,1,' png '),(302,'filename',0,1,' app png '),(302,'kind',0,1,' image '),(302,'slug',0,1,''),(302,'title',0,1,' app '),(309,'extension',0,1,' png '),(309,'filename',0,1,' the layout in the app 2023 02 09 200616 jxix png '),(309,'kind',0,1,' image '),(309,'slug',0,1,''),(309,'title',0,1,' the layout in the app '),(439,'extension',0,1,' png '),(439,'filename',0,1,' cover1 png '),(439,'kind',0,1,' image '),(439,'slug',0,1,''),(439,'title',0,1,' trackpad '),(990,'slug',0,1,''),(991,'slug',0,1,''),(992,'slug',0,1,''),(993,'slug',0,1,''),(994,'slug',0,1,''),(995,'slug',0,1,''),(997,'slug',0,1,''),(1031,'extension',0,1,' gif '),(1031,'filename',0,1,' ccccc6 gif '),(1031,'kind',0,1,' image '),(1031,'slug',0,1,''),(1031,'title',0,1,' is working '),(1048,'extension',0,1,' gif '),(1048,'filename',0,1,' agglo 361tx gif '),(1048,'kind',0,1,' image '),(1048,'slug',0,1,''),(1048,'title',0,1,' agglo 361tx '),(1053,'slug',0,1,''),(1054,'slug',0,1,''),(1064,'extension',0,1,' gif '),(1064,'filename',0,1,' ccc134 gif '),(1064,'kind',0,1,' image '),(1064,'slug',0,1,''),(1064,'title',0,1,' ccc134 '),(1086,'extension',0,1,' mp4 '),(1086,'filename',0,1,' pack0002 0240 mp4 '),(1086,'kind',0,1,' video '),(1086,'slug',0,1,''),(1086,'title',0,1,' pack0002 0240 '),(1161,'slug',0,1,''),(1162,'slug',0,1,''),(1163,'slug',0,1,''),(1164,'slug',0,1,''),(1165,'slug',0,1,''),(1166,'slug',0,1,''),(1167,'slug',0,1,''),(1168,'slug',0,1,''),(1169,'slug',0,1,''),(1172,'extension',0,1,' mp4 '),(1172,'filename',0,1,' m mp4 '),(1172,'kind',0,1,' video '),(1172,'slug',0,1,''),(1172,'title',0,1,' m '),(1173,'slug',0,1,' my talk at nft in america presented by najd '),(1173,'title',0,1,' my talk at nft in america presented by najd '),(1174,'slug',0,1,' najd '),(1174,'title',0,1,' najd '),(1344,'slug',0,1,''),(1345,'slug',0,1,' 800x80 '),(1345,'title',0,1,' the history of 800x80 '),(1351,'extension',0,1,' mp4 '),(1351,'filename',0,1,' e gcqoywuaeh9yw mp4 '),(1351,'kind',0,1,' video '),(1351,'slug',0,1,''),(1351,'title',0,1,' e gcq oywua eh9 yw '),(1364,'extension',0,1,' gif '),(1364,'filename',0,1,' ezgif com gif maker 2022 12 12t143001 359 gif '),(1364,'kind',0,1,' image '),(1364,'slug',0,1,''),(1364,'title',0,1,' ezgif com gif maker 2022 12 12 t143001 359 '),(1380,'extension',0,1,' gif '),(1380,'filename',0,1,' ezgif com gif maker 2022 12 12t142427 175 gif '),(1380,'kind',0,1,' image '),(1380,'slug',0,1,''),(1380,'title',0,1,' ezgif com gif maker 2022 12 12 t142427 175 '),(1401,'slug',0,1,''),(1402,'slug',0,1,''),(1403,'slug',0,1,''),(1404,'slug',0,1,''),(1405,'slug',0,1,''),(1406,'slug',0,1,''),(1407,'slug',0,1,''),(1408,'slug',0,1,''),(1409,'extension',0,1,' gif '),(1409,'filename',0,1,' ezgif com gif maker 2022 12 12t142100 951 gif '),(1409,'kind',0,1,' image '),(1409,'slug',0,1,''),(1409,'title',0,1,' ezgif com gif maker 2022 12 12 t142100 951 '),(1410,'extension',0,1,' mp4 '),(1410,'filename',0,1,' e gcqoywuaeh9yw 2023 02 10 143748 evic mp4 '),(1410,'kind',0,1,' video '),(1410,'slug',0,1,''),(1410,'title',0,1,' e gcq oywua eh9 yw '),(1411,'extension',0,1,' mp4 '),(1411,'filename',0,1,' fdgvwedxoaujn i mp4 '),(1411,'kind',0,1,' video '),(1411,'slug',0,1,''),(1411,'title',0,1,' f dgvw ed xo aujn i '),(1412,'extension',0,1,' mp4 '),(1412,'filename',0,1,' e jv1shx0ae8z4g mp4 '),(1412,'kind',0,1,' video '),(1412,'slug',0,1,''),(1412,'title',0,1,' e jv1 shx0 ae8 z4g '),(1413,'extension',0,1,' mp4 '),(1413,'filename',0,1,' fjd9gk0xoaaoi4t mp4 '),(1413,'kind',0,1,' video '),(1413,'slug',0,1,''),(1413,'title',0,1,' 00 '),(1418,'extension',0,1,' mp4 '),(1418,'filename',0,1,' e bx4qfxsauihb0 1 mp4 '),(1418,'kind',0,1,' video '),(1418,'slug',0,1,''),(1418,'title',0,1,' e bx4 qf xs au ih b0 1 '),(1427,'slug',0,1,''),(1428,'slug',0,1,''),(1429,'slug',0,1,''),(1430,'slug',0,1,''),(1433,'extension',0,1,' mp4 '),(1433,'filename',0,1,' ezgif com gif to mp4 mp4 '),(1433,'kind',0,1,' video '),(1433,'slug',0,1,''),(1433,'title',0,1,' ezgif com gif to mp4 '),(1509,'extension',0,1,' mp4 '),(1509,'filename',0,1,' e lgleixsayvl m mp4 '),(1509,'kind',0,1,' video '),(1509,'slug',0,1,''),(1509,'title',0,1,' e lgle i xs a yvl m '),(1570,'slug',0,1,''),(1572,'slug',0,1,''),(1574,'slug',0,1,''),(1575,'slug',0,1,''),(1576,'slug',0,1,''),(1577,'slug',0,1,''),(1585,'slug',0,1,''),(1599,'slug',0,1,''),(1600,'slug',0,1,''),(1625,'slug',0,1,' home '),(1625,'title',0,1,' art without limits '),(1631,'slug',0,1,''),(1635,'extension',0,1,' mp4 '),(1635,'filename',0,1,' 1080p optimized file size version mp4 '),(1635,'kind',0,1,' video '),(1635,'slug',0,1,''),(1635,'title',0,1,' 1080p optimized file size version '),(1647,'slug',0,1,''),(1677,'extension',0,1,' mp4 '),(1677,'filename',0,1,' warm mp4 '),(1677,'kind',0,1,' video '),(1677,'slug',0,1,''),(1677,'title',0,1,' warm '),(1678,'extension',0,1,' mp4 '),(1678,'filename',0,1,' noodle0001 0100 mp4 '),(1678,'kind',0,1,' video '),(1678,'slug',0,1,''),(1678,'title',0,1,' noodle0001 0100 '),(1679,'slug',0,1,' all articles '),(1679,'title',0,1,' all articles '),(1680,'extension',0,1,' mp4 '),(1680,'filename',0,1,' the wheelchair symbol0001 0300 mp4 '),(1680,'kind',0,1,' video '),(1680,'slug',0,1,''),(1680,'title',0,1,' the wheelchair symbol0001 0300 '),(1681,'extension',0,1,' mp4 '),(1681,'filename',0,1,' wide version wheelchair symbol0001 0300 mp4 '),(1681,'kind',0,1,' video '),(1681,'slug',0,1,''),(1681,'title',0,1,' wide version wheelchair symbol0001 0300 '),(1682,'extension',0,1,' mp4 '),(1682,'filename',0,1,' wide version wheelchair symbol0001 0300 2023 02 16 092935 dcal mp4 '),(1682,'kind',0,1,' video '),(1682,'slug',0,1,''),(1682,'title',0,1,' wide version wheelchair symbol0001 0300 '),(1683,'extension',0,1,' mp4 '),(1683,'filename',0,1,' the wheelchair symbol0001 0300 2023 02 16 093043 szng mp4 '),(1683,'kind',0,1,' video '),(1683,'slug',0,1,''),(1683,'title',0,1,' the wheelchair symbol0001 0300 '),(1684,'slug',0,1,' articles '),(1684,'title',0,1,' articles '),(1697,'slug',0,1,''),(1704,'slug',0,1,' the wheelchair project '),(1704,'title',0,1,' the wheelchair art project '),(1706,'extension',0,1,' mp4 '),(1706,'filename',0,1,' wqqqq0001 0101 mp4 '),(1706,'kind',0,1,' video '),(1706,'slug',0,1,''),(1706,'title',0,1,' wqqqq0001 0101 '),(2217,'extension',0,1,' mp4 '),(2217,'filename',0,1,' wqqq0001 0101 mp4 '),(2217,'kind',0,1,' video '),(2217,'slug',0,1,''),(2217,'title',0,1,' wqqq0001 0101 '),(2708,'extension',0,1,' mp4 '),(2708,'filename',0,1,' sm 1 mp4 '),(2708,'kind',0,1,' video '),(2708,'slug',0,1,''),(2708,'title',0,1,' sm 1 '),(5439,'extension',0,1,' png '),(5439,'filename',0,1,' 61gyfgb0jxl ac sl1500 removebg preview png '),(5439,'kind',0,1,' image '),(5439,'slug',0,1,''),(5439,'title',0,1,' 61 gyf gb0j xl ac sl1500 removebg preview '),(5474,'slug',0,1,''),(5475,'slug',0,1,''),(5476,'slug',0,1,''),(5477,'slug',0,1,''),(5478,'slug',0,1,''),(5479,'slug',0,1,''),(5480,'slug',0,1,''),(5481,'slug',0,1,''),(5489,'extension',0,1,' mp4 '),(5489,'filename',0,1,' sm 2 mp4 '),(5489,'kind',0,1,' video '),(5489,'slug',0,1,''),(5489,'title',0,1,' sm 2 '),(5491,'slug',0,1,''),(5495,'slug',0,1,''),(5502,'slug',0,1,' the wheelchair project '),(5502,'title',0,1,' the wheelchair art project '),(5503,'slug',0,1,' preserving energy while creating art '),(5503,'title',0,1,' preserving energy while creating art '),(5509,'extension',0,1,' mp4 '),(5509,'filename',0,1,' s0000 0099 mp4 '),(5509,'kind',0,1,' video '),(5509,'slug',0,1,''),(5509,'title',0,1,' s0000 0099 '),(5756,'slug',0,1,''),(5757,'slug',0,1,''),(5833,'extension',0,1,' png '),(5833,'filename',0,1,' 67566577009 png '),(5833,'kind',0,1,' image '),(5833,'slug',0,1,''),(5833,'title',0,1,' 67566577009 '),(6023,'extension',0,1,' mp4 '),(6023,'filename',0,1,' knobs on a screen0001 0059 mp4 '),(6023,'kind',0,1,' video '),(6023,'slug',0,1,''),(6023,'title',0,1,' knobs on a screen0001 0059 '),(6038,'slug',0,1,''),(6039,'slug',0,1,''),(6040,'slug',0,1,''),(6042,'slug',0,1,''),(6346,'extension',0,1,' mp4 '),(6346,'filename',0,1,' knob wave 2160x2160 0001 0080 mp4 '),(6346,'kind',0,1,' video '),(6346,'slug',0,1,''),(6346,'title',0,1,' knob wave 2160x2160 0001 0080 '),(7711,'slug',0,1,''),(7712,'slug',0,1,''),(7713,'slug',0,1,''),(8350,'slug',0,1,''),(8375,'extension',0,1,' mp4 '),(8375,'filename',0,1,' cylinder b0001 0326 mp4 '),(8375,'kind',0,1,' video '),(8375,'slug',0,1,''),(8375,'title',0,1,' cylinder b0001 0326 '),(8378,'slug',0,1,''),(8379,'slug',0,1,''),(8385,'slug',0,1,''),(8399,'slug',0,1,''),(8400,'slug',0,1,''),(8416,'extension',0,1,' mp4 '),(8416,'filename',0,1,' awl about mp4 '),(8416,'kind',0,1,' video '),(8416,'slug',0,1,''),(8416,'title',0,1,' awl about '),(8417,'slug',0,1,' it doesnt have to be ugly '),(8417,'title',0,1,' it doest have to be ugly the aesthetics of everything made for disabled people '),(8419,'extension',0,1,' mp4 '),(8419,'filename',0,1,' angry cute0001 0120 mp4 '),(8419,'kind',0,1,' video '),(8419,'slug',0,1,''),(8419,'title',0,1,' angry cute0001 0120 '),(8455,'extension',0,1,' mp4 '),(8455,'filename',0,1,' color list v20001 0200 mp4 '),(8455,'kind',0,1,' video '),(8455,'slug',0,1,''),(8455,'title',0,1,' color list v20001 0200 '),(8592,'extension',0,1,' mp4 '),(8592,'filename',0,1,' 0100 0199 mp4 '),(8592,'kind',0,1,' video '),(8592,'slug',0,1,''),(8592,'title',0,1,' 0100 0199 '),(8593,'slug',0,1,''),(8594,'slug',0,1,''),(8595,'slug',0,1,''),(8596,'slug',0,1,''),(8597,'slug',0,1,''),(8598,'slug',0,1,''),(8599,'slug',0,1,''),(8600,'slug',0,1,''),(8610,'slug',0,1,' arc asks leander herzog a few questions '),(8610,'title',0,1,' arc asks leander herzog a few questions '),(8612,'alt',0,1,''),(8612,'extension',0,1,' mp4 '),(8612,'filename',0,1,' ezgif 1 155327e982 mp4 '),(8612,'kind',0,1,' video '),(8612,'slug',0,1,''),(8612,'title',0,1,' ezgif 1 155327e982 '),(8877,'slug',0,1,''),(8878,'slug',0,1,''),(8879,'slug',0,1,''),(8880,'slug',0,1,''),(8881,'slug',0,1,''),(8882,'slug',0,1,''),(8883,'slug',0,1,''),(8884,'slug',0,1,''),(8885,'slug',0,1,''),(8886,'slug',0,1,''),(8887,'slug',0,1,''),(8898,'slug',0,1,' ai '),(8898,'title',0,1,' using ai to create your own accessibility tools '),(9225,'alt',0,1,''),(9225,'extension',0,1,' mp4 '),(9225,'filename',0,1,' ezgif com crop 13 mp4 '),(9225,'kind',0,1,' video '),(9225,'slug',0,1,''),(9225,'title',0,1,' ezgif com crop 13 '),(10338,'alt',0,1,''),(10338,'extension',0,1,' mp4 '),(10338,'filename',0,1,' bd00360000 0096 mp4 '),(10338,'kind',0,1,' video '),(10338,'slug',0,1,''),(10338,'title',0,1,' bd00360000 0096 '),(10350,'alt',0,1,''),(10350,'extension',0,1,' mp4 '),(10350,'filename',0,1,' ev0001 0150 mp4 '),(10350,'kind',0,1,' video '),(10350,'slug',0,1,''),(10350,'title',0,1,' ev0001 0150 '),(12626,'alt',0,1,''),(12626,'extension',0,1,' mp4 '),(12626,'filename',0,1,' fuvyfyf0001 0059 mp4 '),(12626,'kind',0,1,' video '),(12626,'slug',0,1,''),(12626,'title',0,1,' fuvyfyf0001 0059 '),(15560,'slug',0,1,''),(15561,'slug',0,1,''),(15562,'slug',0,1,''),(15563,'slug',0,1,''),(15564,'slug',0,1,''),(15565,'slug',0,1,''),(15566,'slug',0,1,''),(15567,'slug',0,1,''),(15568,'slug',0,1,''),(15569,'slug',0,1,''),(15574,'slug',0,1,' html embed test '),(15574,'title',0,1,' html embed test ');
commit;

--
-- Dumping data for table `sections`
--

set autocommit=0;
INSERT INTO `sections` VALUES (1,NULL,'Articles','articles','channel',0,'all','end',NULL,'2022-11-16 03:16:19','2022-11-16 03:16:19',NULL,'14fdd4f9-8efa-480c-9490-91c9b6aea1e9'),(2,NULL,'Pages','pages','channel',0,'all','end',NULL,'2022-11-16 16:49:05','2022-11-16 16:49:05',NULL,'8c24f15c-5660-4abe-aaba-7db600c93439'),(3,NULL,'Links','links','channel',0,'all','end',NULL,'2022-11-16 16:54:46','2022-11-16 16:54:46',NULL,'bb9bbfd9-b5e6-4fa7-b701-d5fc62eaf6b8'),(4,NULL,'Authors','authors','channel',0,'all','end',NULL,'2023-02-08 13:58:27','2023-02-09 19:54:37',NULL,'49d2ed2c-2cb6-4943-a958-e0d01091ddad'),(5,NULL,'Art without limits','awl','single',0,'all','end',NULL,'2023-02-11 23:07:53','2023-02-11 23:18:30',NULL,'49d5453f-c9a2-40d6-a1f4-3f5cabd9ab6b'),(6,NULL,'All Articles','index','single',0,'all','end',NULL,'2023-02-13 00:40:14','2023-02-13 00:40:14',NULL,'776b60c4-472c-493e-9de6-7d1caa32f1f3');
commit;

--
-- Dumping data for table `sections_sites`
--

set autocommit=0;
INSERT INTO `sections_sites` VALUES (1,1,1,1,'{slug}','articles/_entry',1,'2022-11-16 03:16:19','2022-11-16 03:16:19','b6706164-5d26-4582-bc36-4652ce646fda'),(2,2,1,1,'{slug}','pages/_entry.html',1,'2022-11-16 16:49:05','2023-02-11 23:15:00','83956d17-3181-452a-946d-7b17b6e89b41'),(3,3,1,0,NULL,NULL,1,'2022-11-16 16:54:46','2022-11-16 16:54:46','435495bd-fd52-4abc-acfa-b38f1386bf9d'),(4,4,1,0,NULL,NULL,1,'2023-02-08 13:58:27','2023-02-08 13:58:27','c8c1d9b4-ecaa-46db-a219-a574bdcc8d5a'),(5,5,1,1,'__home__','_home.html',1,'2023-02-11 23:07:53','2023-02-11 23:23:06','5c3b5744-4961-4194-8df8-a059f742871c'),(6,6,1,1,'articles','articles/_entry',1,'2023-02-13 00:40:14','2023-02-13 00:40:14','1bfe9d8d-d9fe-4844-8f5e-1fc82333afe9');
commit;

--
-- Dumping data for table `sequences`
--

set autocommit=0;
commit;

--
-- Dumping data for table `shunnedmessages`
--

set autocommit=0;
commit;

--
-- Dumping data for table `sitegroups`
--

set autocommit=0;
INSERT INTO `sitegroups` VALUES (1,'awl','2022-11-16 03:15:01','2022-11-16 03:15:01',NULL,'d80019d6-f95e-4a0f-91d4-82c372422e00');
commit;

--
-- Dumping data for table `sites`
--

set autocommit=0;
INSERT INTO `sites` VALUES (1,1,1,'1','awl','default','en-US',1,'$PRIMARY_SITE_URL',1,'2022-11-16 03:15:01','2023-02-09 19:54:41',NULL,'d7b29b25-9640-47a6-89e2-b74f05b31cb8');
commit;

--
-- Dumping data for table `structureelements`
--

set autocommit=0;
commit;

--
-- Dumping data for table `structures`
--

set autocommit=0;
commit;
set autocommit=0;
commit;

--
-- Dumping data for table `taggroups`
--

set autocommit=0;
commit;

--
-- Dumping data for table `tags`
--

set autocommit=0;
commit;
set autocommit=0;
commit;

--
-- Dumping data for table `usergroups`
--

set autocommit=0;
commit;

--
-- Dumping data for table `usergroups_users`
--

set autocommit=0;
commit;

--
-- Dumping data for table `userpermissions`
--

set autocommit=0;
commit;

--
-- Dumping data for table `userpermissions_usergroups`
--

set autocommit=0;
commit;

--
-- Dumping data for table `userpermissions_users`
--

set autocommit=0;
commit;

--
-- Dumping data for table `userpreferences`
--

set autocommit=0;
INSERT INTO `userpreferences` VALUES (1,'{\"language\":\"en-US\",\"locale\":null,\"weekStartDay\":\"1\",\"alwaysShowFocusRings\":false,\"useShapes\":false,\"underlineLinks\":false,\"notificationDuration\":\"5000\",\"showFieldHandles\":false,\"enableDebugToolbarForSite\":false,\"enableDebugToolbarForCp\":false,\"showExceptionView\":false,\"profileTemplates\":false}');
commit;
set autocommit=0;
commit;

--
-- Dumping data for table `volumefolders`
--

set autocommit=0;
INSERT INTO `volumefolders` VALUES (1,NULL,1,'Assets',NULL,'2022-11-16 19:14:31','2023-02-09 19:54:37','7a668c6c-97a2-4ff0-b4ea-0939a406fdf8'),(2,NULL,NULL,'Temporary filesystem',NULL,'2022-11-16 20:54:02','2022-11-16 20:54:02','7781e3f8-99a0-40e4-b6cd-622a644a2ca8');
commit;

--
-- Dumping data for table `volumes`
--

set autocommit=0;
INSERT INTO `volumes` VALUES (1,9,'Assets','assets','assets','','','site',NULL,1,'2022-11-16 19:14:31','2022-11-16 19:14:31',NULL,'95519e50-db71-4371-a271-5a9d9b117816');
commit;

--
-- Dumping data for table `widgets`
--

set autocommit=0;
INSERT INTO `widgets` VALUES (1,1,'craft\\widgets\\RecentEntries',1,2,'{\"siteId\":1,\"section\":\"*\",\"limit\":10}',1,'2022-11-16 03:15:07','2023-02-05 13:57:48','fdb4b945-e258-45ee-8bd8-c94cc46e9888');
commit;

--
-- Dumping routines for database 'awl'
--


